66.249.72.1 - - [01/Nov/2025:01:46:32 -0700] "GET /?info=18491968 HTTP/1.1" 200 30545 "-" "Mozilla/5.0 (Linux; Android 6.0.1; Nexus 5X Build/MMB29P) AppleWebKit/537.36 (KHTML, like Gecko) Chrome/141.0.7390.122 Mobile Safari/537.36 (compatible; GoogleOther)"
13.61.179.78 - - [01/Nov/2025:01:46:32 -0700] "POST / HTTP/1.1" 200 7846 "-" "Mozilla/5.0"
13.61.179.78 - - [01/Nov/2025:01:46:33 -0700] "GET /.env HTTP/1.1" 403 58740 "-" "python-httpx/0.28.1"
13.61.179.78 - - [01/Nov/2025:01:46:34 -0700] "GET /.vscode/.env HTTP/1.1" 200 7846 "-" "python-httpx/0.28.1"
13.61.179.78 - - [01/Nov/2025:01:46:35 -0700] "GET /public/.env HTTP/1.1" 200 7846 "-" "python-httpx/0.28.1"
66.249.72.8 - - [01/Nov/2025:01:46:34 -0700] "GET /?info=77726496 HTTP/1.1" 200 32310 "-" "Mozilla/5.0 (Linux; Android 6.0.1; Nexus 5X Build/MMB29P) AppleWebKit/537.36 (KHTML, like Gecko) Chrome/141.0.7390.122 Mobile Safari/537.36 (compatible; Googlebot/2.1; +http://www.google.com/bot.html)"
66.249.72.1 - - [01/Nov/2025:01:46:36 -0700] "GET /?info=53236088 HTTP/1.1" 200 31185 "-" "Mozilla/5.0 (Linux; Android 6.0.1; Nexus 5X Build/MMB29P) AppleWebKit/537.36 (KHTML, like Gecko) Chrome/141.0.7390.122 Mobile Safari/537.36 (compatible; Googlebot/2.1; +http://www.google.com/bot.html)"
13.61.179.78 - - [01/Nov/2025:01:46:36 -0700] "GET /market/.env.production HTTP/1.1" 200 7846 "-" "python-httpx/0.28.1"
13.61.179.78 - - [01/Nov/2025:01:46:37 -0700] "GET /cron/.env.staging HTTP/1.1" 200 7846 "-" "python-httpx/0.28.1"
13.61.179.78 - - [01/Nov/2025:01:46:38 -0700] "GET /website/.env HTTP/1.1" 200 7846 "-" "python-httpx/0.28.1"
13.61.179.78 - - [01/Nov/2025:01:46:39 -0700] "GET /production/.env.production HTTP/1.1" 200 7846 "-" "python-httpx/0.28.1"
13.61.179.78 - - [01/Nov/2025:01:46:40 -0700] "GET /live/.env HTTP/1.1" 200 7846 "-" "python-httpx/0.28.1"
66.249.72.2 - - [01/Nov/2025:01:46:40 -0700] "GET /?info=681990212 HTTP/1.1" 200 32876 "-" "Mozilla/5.0 (Linux; Android 6.0.1; Nexus 5X Build/MMB29P) AppleWebKit/537.36 (KHTML, like Gecko) Chrome/141.0.7390.122 Mobile Safari/537.36 (compatible; Googlebot/2.1; +http://www.google.com/bot.html)"
66.249.72.8 - - [01/Nov/2025:01:46:41 -0700] "GET /?info=667013656 HTTP/1.1" 200 33933 "-" "Mozilla/5.0 (Linux; Android 6.0.1; Nexus 5X Build/MMB29P) AppleWebKit/537.36 (KHTML, like Gecko) Chrome/141.0.7390.122 Mobile Safari/537.36 (compatible; GoogleOther)"
13.61.179.78 - - [01/Nov/2025:01:46:40 -0700] "GET /kyc/.env.local HTTP/1.1" 200 7846 "-" "python-httpx/0.28.1"
13.61.179.78 - - [01/Nov/2025:01:46:43 -0700] "GET /server/.env.production HTTP/1.1" 200 7846 "-" "python-httpx/0.28.1"
114.119.140.166 - - [01/Nov/2025:01:46:43 -0700] "GET /?info=316490656 HTTP/1.1" 200 7794 "https://www.conductingmovements.com/sitemap.xml" "Mozilla/5.0 (Linux; Android 7.0;) AppleWebKit/537.36 (KHTML, like Gecko) Mobile Safari/537.36 (compatible; PetalBot;+https://webmaster.petalsearch.com/site/petalbot)"
13.61.179.78 - - [01/Nov/2025:01:46:43 -0700] "GET /staging/.env HTTP/1.1" 200 7846 "-" "python-httpx/0.28.1"
13.61.179.78 - - [01/Nov/2025:01:46:44 -0700] "GET /mailer/.env HTTP/1.1" 200 7846 "-" "python-httpx/0.28.1"
66.249.72.8 - - [01/Nov/2025:01:46:45 -0700] "GET /?info=77744268 HTTP/1.1" 200 31930 "-" "Mozilla/5.0 (Linux; Android 6.0.1; Nexus 5X Build/MMB29P) AppleWebKit/537.36 (KHTML, like Gecko) Chrome/141.0.7390.122 Mobile Safari/537.36 (compatible; Googlebot/2.1; +http://www.google.com/bot.html)"
13.61.179.78 - - [01/Nov/2025:01:46:45 -0700] "GET /backend/.env HTTP/1.1" 200 7846 "-" "python-httpx/0.28.1"
13.61.179.78 - - [01/Nov/2025:01:46:46 -0700] "GET /admin/.env.staging HTTP/1.1" 200 7846 "-" "python-httpx/0.28.1"
13.61.179.78 - - [01/Nov/2025:01:46:47 -0700] "GET /app/.env.production HTTP/1.1" 200 7846 "-" "python-httpx/0.28.1"
13.61.179.78 - - [01/Nov/2025:01:46:47 -0700] "GET /stg/.env.staging HTTP/1.1" 200 7846 "-" "python-httpx/0.28.1"
13.61.179.78 - - [01/Nov/2025:01:46:48 -0700] "GET /shop/.env.local HTTP/1.1" 200 7846 "-" "python-httpx/0.28.1"
13.61.179.78 - - [01/Nov/2025:01:46:49 -0700] "GET /public/.env.staging HTTP/1.1" 200 7846 "-" "python-httpx/0.28.1"
66.249.72.1 - - [01/Nov/2025:01:46:49 -0700] "GET /?info=77760984 HTTP/1.1" 200 32133 "-" "Mozilla/5.0 (Linux; Android 6.0.1; Nexus 5X Build/MMB29P) AppleWebKit/537.36 (KHTML, like Gecko) Chrome/141.0.7390.122 Mobile Safari/537.36 (compatible; Googlebot/2.1; +http://www.google.com/bot.html)"
13.61.179.78 - - [01/Nov/2025:01:46:49 -0700] "GET /nodeweb/.env HTTP/1.1" 200 7846 "-" "python-httpx/0.28.1"
13.61.179.78 - - [01/Nov/2025:01:46:50 -0700] "GET /prod/.env.staging HTTP/1.1" 200 7846 "-" "python-httpx/0.28.1"
66.249.72.2 - - [01/Nov/2025:01:46:50 -0700] "GET /?info=674179872 HTTP/1.1" 200 31389 "-" "Mozilla/5.0 (Linux; Android 6.0.1; Nexus 5X Build/MMB29P) AppleWebKit/537.36 (KHTML, like Gecko) Chrome/141.0.7390.122 Mobile Safari/537.36 (compatible; GoogleOther)"
13.61.179.78 - - [01/Nov/2025:01:46:51 -0700] "GET /.env.sample.php HTTP/1.1" 403 58740 "-" "python-httpx/0.28.1"
13.61.179.78 - - [01/Nov/2025:01:46:52 -0700] "GET /api/.env HTTP/1.1" 200 7846 "-" "python-httpx/0.28.1"
13.61.179.78 - - [01/Nov/2025:01:46:53 -0700] "GET /backend/.env.staging HTTP/1.1" 200 7846 "-" "python-httpx/0.28.1"
66.249.72.8 - - [01/Nov/2025:01:46:53 -0700] "GET /?info=77754808 HTTP/1.1" 200 31399 "-" "Mozilla/5.0 (Linux; Android 6.0.1; Nexus 5X Build/MMB29P) AppleWebKit/537.36 (KHTML, like Gecko) Chrome/141.0.7390.122 Mobile Safari/537.36 (compatible; Googlebot/2.1; +http://www.google.com/bot.html)"
13.61.179.78 - - [01/Nov/2025:01:46:53 -0700] "GET /web/.env HTTP/1.1" 200 7846 "-" "python-httpx/0.28.1"
13.61.179.78 - - [01/Nov/2025:01:46:54 -0700] "GET /shop/.env.production HTTP/1.1" 200 7846 "-" "python-httpx/0.28.1"
13.61.179.78 - - [01/Nov/2025:01:46:55 -0700] "GET /BACK/.env HTTP/1.1" 200 7846 "-" "python-httpx/0.28.1"
13.61.179.78 - - [01/Nov/2025:01:46:56 -0700] "GET /demo/.env.production HTTP/1.1" 200 7846 "-" "python-httpx/0.28.1"
13.61.179.78 - - [01/Nov/2025:01:46:57 -0700] "GET /.env.test.local HTTP/1.1" 403 58740 "-" "python-httpx/0.28.1"
66.249.72.1 - - [01/Nov/2025:01:46:57 -0700] "GET /210_.jpg HTTP/1.1" 200 7831 "-" "Googlebot-Image/1.0"
13.61.179.78 - - [01/Nov/2025:01:46:58 -0700] "GET /app/.env.local HTTP/1.1" 200 7846 "-" "python-httpx/0.28.1"
66.249.72.1 - - [01/Nov/2025:01:46:58 -0700] "GET /?info=77765884 HTTP/1.1" 200 31133 "-" "Mozilla/5.0 (Linux; Android 6.0.1; Nexus 5X Build/MMB29P) AppleWebKit/537.36 (KHTML, like Gecko) Chrome/141.0.7390.122 Mobile Safari/537.36 (compatible; Googlebot/2.1; +http://www.google.com/bot.html)"
13.61.179.78 - - [01/Nov/2025:01:46:58 -0700] "GET /market/.env HTTP/1.1" 200 7846 "-" "python-httpx/0.28.1"
13.61.179.78 - - [01/Nov/2025:01:46:59 -0700] "GET /crm/.env HTTP/1.1" 200 7846 "-" "python-httpx/0.28.1"
13.61.179.78 - - [01/Nov/2025:01:47:00 -0700] "GET /cron/.env.local HTTP/1.1" 200 7846 "-" "python-httpx/0.28.1"
66.249.72.2 - - [01/Nov/2025:01:47:00 -0700] "GET /?info=121298444 HTTP/1.1" 200 33675 "-" "Mozilla/5.0 (Linux; Android 6.0.1; Nexus 5X Build/MMB29P) AppleWebKit/537.36 (KHTML, like Gecko) Chrome/141.0.7390.122 Mobile Safari/537.36 (compatible; GoogleOther)"
13.61.179.78 - - [01/Nov/2025:01:47:01 -0700] "GET /live/.env.staging HTTP/1.1" 200 7846 "-" "python-httpx/0.28.1"
13.61.179.78 - - [01/Nov/2025:01:47:02 -0700] "GET /current/.env.local HTTP/1.1" 200 7846 "-" "python-httpx/0.28.1"
66.249.72.1 - - [01/Nov/2025:01:47:02 -0700] "GET /?info=90431828 HTTP/1.1" 200 29273 "-" "Mozilla/5.0 (Linux; Android 6.0.1; Nexus 5X Build/MMB29P) AppleWebKit/537.36 (KHTML, like Gecko) Chrome/141.0.7390.122 Mobile Safari/537.36 (compatible; Googlebot/2.1; +http://www.google.com/bot.html)"
13.61.179.78 - - [01/Nov/2025:01:47:02 -0700] "GET /.envs HTTP/1.1" 403 58740 "-" "python-httpx/0.28.1"
66.249.72.8 - - [01/Nov/2025:01:47:03 -0700] "GET /?info=77762276 HTTP/1.1" 200 31360 "-" "Mozilla/5.0 (Linux; Android 6.0.1; Nexus 5X Build/MMB29P) AppleWebKit/537.36 (KHTML, like Gecko) Chrome/141.0.7390.122 Mobile Safari/537.36 (compatible; Googlebot/2.1; +http://www.google.com/bot.html)"
13.61.179.78 - - [01/Nov/2025:01:47:03 -0700] "GET /portal/.env.local HTTP/1.1" 200 7846 "-" "python-httpx/0.28.1"
66.249.72.8 - - [01/Nov/2025:01:47:03 -0700] "GET /?info=685290504 HTTP/1.1" 200 32042 "-" "Mozilla/5.0 (Linux; Android 6.0.1; Nexus 5X Build/MMB29P) AppleWebKit/537.36 (KHTML, like Gecko) Chrome/141.0.7390.122 Mobile Safari/537.36 (compatible; GoogleOther)"
13.61.179.78 - - [01/Nov/2025:01:47:04 -0700] "GET /APP/.env HTTP/1.1" 200 7846 "-" "python-httpx/0.28.1"
13.61.179.78 - - [01/Nov/2025:01:47:05 -0700] "GET /backup/.env.staging HTTP/1.1" 200 7846 "-" "python-httpx/0.28.1"
13.61.179.78 - - [01/Nov/2025:01:47:06 -0700] "GET /beta/.env.local HTTP/1.1" 200 7846 "-" "python-httpx/0.28.1"
13.61.179.78 - - [01/Nov/2025:01:47:06 -0700] "GET /development/.env.production HTTP/1.1" 200 7846 "-" "python-httpx/0.28.1"
13.61.179.78 - - [01/Nov/2025:01:47:07 -0700] "GET /test/.env.staging HTTP/1.1" 200 7846 "-" "python-httpx/0.28.1"
13.61.179.78 - - [01/Nov/2025:01:47:08 -0700] "GET /service/.env.local HTTP/1.1" 200 7846 "-" "python-httpx/0.28.1"
13.61.179.78 - - [01/Nov/2025:01:47:08 -0700] "GET /laravel/.env.production HTTP/1.1" 200 7846 "-" "python-httpx/0.28.1"
13.61.179.78 - - [01/Nov/2025:01:47:09 -0700] "GET /test/.env.local HTTP/1.1" 200 7846 "-" "python-httpx/0.28.1"
13.61.179.78 - - [01/Nov/2025:01:47:10 -0700] "GET /develop/.env HTTP/1.1" 200 7846 "-" "python-httpx/0.28.1"
13.61.179.78 - - [01/Nov/2025:01:47:11 -0700] "GET /laravel/core/.env.production HTTP/1.1" 200 7846 "-" "python-httpx/0.28.1"
13.61.179.78 - - [01/Nov/2025:01:47:11 -0700] "GET /laravel/core/.env HTTP/1.1" 200 7846 "-" "python-httpx/0.28.1"
13.61.179.78 - - [01/Nov/2025:01:47:12 -0700] "GET /current/.env.production HTTP/1.1" 200 7846 "-" "python-httpx/0.28.1"
13.61.179.78 - - [01/Nov/2025:01:47:13 -0700] "GET /qa/.env.production HTTP/1.1" 200 7846 "-" "python-httpx/0.28.1"
13.61.179.78 - - [01/Nov/2025:01:47:13 -0700] "GET /api/.env.local HTTP/1.1" 200 7846 "-" "python-httpx/0.28.1"
13.61.179.78 - - [01/Nov/2025:01:47:15 -0700] "GET /web/.env.staging HTTP/1.1" 200 7846 "-" "python-httpx/0.28.1"
13.61.179.78 - - [01/Nov/2025:01:47:15 -0700] "GET /cron/.env HTTP/1.1" 200 7846 "-" "python-httpx/0.28.1"
13.61.179.78 - - [01/Nov/2025:01:47:16 -0700] "GET /server/.env.staging HTTP/1.1" 200 7846 "-" "python-httpx/0.28.1"
13.61.179.78 - - [01/Nov/2025:01:47:17 -0700] "GET /qa/.env.local HTTP/1.1" 200 7846 "-" "python-httpx/0.28.1"
13.61.179.78 - - [01/Nov/2025:01:47:17 -0700] "GET /market/.env.local HTTP/1.1" 200 7846 "-" "python-httpx/0.28.1"
13.61.179.78 - - [01/Nov/2025:01:47:18 -0700] "GET /.docker/.env HTTP/1.1" 200 7846 "-" "python-httpx/0.28.1"
13.61.179.78 - - [01/Nov/2025:01:47:19 -0700] "GET /new/.env.local HTTP/1.1" 200 7846 "-" "python-httpx/0.28.1"
66.249.72.8 - - [01/Nov/2025:01:47:19 -0700] "GET /?info=65139296 HTTP/1.1" 200 30812 "-" "Mozilla/5.0 (Linux; Android 6.0.1; Nexus 5X Build/MMB29P) AppleWebKit/537.36 (KHTML, like Gecko) Chrome/141.0.7390.122 Mobile Safari/537.36 (compatible; GoogleOther)"
13.61.179.78 - - [01/Nov/2025:01:47:20 -0700] "GET /marketing/.env HTTP/1.1" 200 7846 "-" "python-httpx/0.28.1"
13.61.179.78 - - [01/Nov/2025:01:47:20 -0700] "GET /project/.env.production HTTP/1.1" 200 7846 "-" "python-httpx/0.28.1"
13.61.179.78 - - [01/Nov/2025:01:47:21 -0700] "GET /app/.env HTTP/1.1" 200 7846 "-" "python-httpx/0.28.1"
13.61.179.78 - - [01/Nov/2025:01:47:22 -0700] "GET /.env.test HTTP/1.1" 403 58740 "-" "python-httpx/0.28.1"
13.61.179.78 - - [01/Nov/2025:01:47:23 -0700] "GET /.envrc HTTP/1.1" 403 58740 "-" "python-httpx/0.28.1"
66.249.72.8 - - [01/Nov/2025:01:47:23 -0700] "GET /?info=712877924 HTTP/1.1" 200 29155 "-" "Mozilla/5.0 (Linux; Android 6.0.1; Nexus 5X Build/MMB29P) AppleWebKit/537.36 (KHTML, like Gecko) Chrome/141.0.7390.122 Mobile Safari/537.36 (compatible; GoogleOther)"
13.61.179.78 - - [01/Nov/2025:01:47:24 -0700] "GET /laravel/.env HTTP/1.1" 200 7846 "-" "python-httpx/0.28.1"
13.61.179.78 - - [01/Nov/2025:01:47:25 -0700] "GET /crm/.env.production HTTP/1.1" 200 7846 "-" "python-httpx/0.28.1"
13.61.179.78 - - [01/Nov/2025:01:47:25 -0700] "GET /beta/.env.production HTTP/1.1" 200 7846 "-" "python-httpx/0.28.1"
13.61.179.78 - - [01/Nov/2025:01:47:26 -0700] "GET /crm/.env.local HTTP/1.1" 200 7846 "-" "python-httpx/0.28.1"
13.61.179.78 - - [01/Nov/2025:01:47:27 -0700] "GET /.environment HTTP/1.1" 403 58740 "-" "python-httpx/0.28.1"
13.61.179.78 - - [01/Nov/2025:01:47:28 -0700] "GET /.env.backup HTTP/1.1" 403 58740 "-" "python-httpx/0.28.1"
13.61.179.78 - - [01/Nov/2025:01:47:29 -0700] "GET /website/.env.staging HTTP/1.1" 200 7846 "-" "python-httpx/0.28.1"
66.249.72.8 - - [01/Nov/2025:01:47:29 -0700] "GET /?info=712802788 HTTP/1.1" 200 34485 "-" "Mozilla/5.0 (Linux; Android 6.0.1; Nexus 5X Build/MMB29P) AppleWebKit/537.36 (KHTML, like Gecko) Chrome/141.0.7390.122 Mobile Safari/537.36 (compatible; GoogleOther)"
13.61.179.78 - - [01/Nov/2025:01:47:30 -0700] "GET /web/.env.local HTTP/1.1" 200 7846 "-" "python-httpx/0.28.1"
13.61.179.78 - - [01/Nov/2025:01:47:30 -0700] "GET /api/.env.production HTTP/1.1" 200 7846 "-" "python-httpx/0.28.1"
13.61.179.78 - - [01/Nov/2025:01:47:31 -0700] "GET /current/.env.staging HTTP/1.1" 200 7846 "-" "python-httpx/0.28.1"
13.61.179.78 - - [01/Nov/2025:01:47:32 -0700] "GET /old/.env HTTP/1.1" 200 7846 "-" "python-httpx/0.28.1"
13.61.179.78 - - [01/Nov/2025:01:47:32 -0700] "GET /apps/.env HTTP/1.1" 200 7846 "-" "python-httpx/0.28.1"
13.61.179.78 - - [01/Nov/2025:01:47:33 -0700] "GET /FRONT/.env HTTP/1.1" 200 7846 "-" "python-httpx/0.28.1"
13.61.179.78 - - [01/Nov/2025:01:47:34 -0700] "GET /backup/.env.local HTTP/1.1" 200 7846 "-" "python-httpx/0.28.1"
66.249.72.8 - - [01/Nov/2025:01:47:34 -0700] "GET /?info=712822080 HTTP/1.1" 200 30540 "-" "Mozilla/5.0 (Linux; Android 6.0.1; Nexus 5X Build/MMB29P) AppleWebKit/537.36 (KHTML, like Gecko) Chrome/141.0.7390.122 Mobile Safari/537.36 (compatible; GoogleOther)"
13.61.179.78 - - [01/Nov/2025:01:47:35 -0700] "GET /.env.production HTTP/1.1" 403 58740 "-" "python-httpx/0.28.1"
13.61.179.78 - - [01/Nov/2025:01:47:36 -0700] "GET /node/.env HTTP/1.1" 200 7846 "-" "python-httpx/0.28.1"
13.61.179.78 - - [01/Nov/2025:01:47:36 -0700] "GET /.env.production.local HTTP/1.1" 403 58740 "-" "python-httpx/0.28.1"
13.61.179.78 - - [01/Nov/2025:01:47:37 -0700] "GET /kyc/.env HTTP/1.1" 200 7846 "-" "python-httpx/0.28.1"
66.249.72.8 - - [01/Nov/2025:01:47:37 -0700] "GET /?info=111648964 HTTP/1.1" 200 30632 "-" "Mozilla/5.0 (Linux; Android 6.0.1; Nexus 5X Build/MMB29P) AppleWebKit/537.36 (KHTML, like Gecko) Chrome/141.0.7390.122 Mobile Safari/537.36 (compatible; GoogleOther)"
13.61.179.78 - - [01/Nov/2025:01:47:38 -0700] "GET /dev/.env HTTP/1.1" 200 7846 "-" "python-httpx/0.28.1"
13.61.179.78 - - [01/Nov/2025:01:47:39 -0700] "GET /marketing/.env.staging HTTP/1.1" 200 7846 "-" "python-httpx/0.28.1"
13.61.179.78 - - [01/Nov/2025:01:47:39 -0700] "GET /storage/.env HTTP/1.1" 200 7846 "-" "python-httpx/0.28.1"
13.61.179.78 - - [01/Nov/2025:01:47:40 -0700] "GET /laravel/.env.staging HTTP/1.1" 200 7846 "-" "python-httpx/0.28.1"
13.61.179.78 - - [01/Nov/2025:01:47:41 -0700] "GET /production/.env.staging HTTP/1.1" 200 7846 "-" "python-httpx/0.28.1"
13.61.179.78 - - [01/Nov/2025:01:47:42 -0700] "GET /demo/.env.local HTTP/1.1" 200 7846 "-" "python-httpx/0.28.1"
13.61.179.78 - - [01/Nov/2025:01:47:43 -0700] "GET /old/.env.staging HTTP/1.1" 200 7846 "-" "python-httpx/0.28.1"
13.61.179.78 - - [01/Nov/2025:01:47:43 -0700] "GET /website/.env.production HTTP/1.1" 200 7846 "-" "python-httpx/0.28.1"
13.61.179.78 - - [01/Nov/2025:01:47:44 -0700] "GET /develop/.env.production HTTP/1.1" 200 7846 "-" "python-httpx/0.28.1"
13.61.179.78 - - [01/Nov/2025:01:47:45 -0700] "GET /API/.env HTTP/1.1" 200 7846 "-" "python-httpx/0.28.1"
13.61.179.78 - - [01/Nov/2025:01:47:45 -0700] "GET /storage/.env.production HTTP/1.1" 200 7846 "-" "python-httpx/0.28.1"
66.249.72.1 - - [01/Nov/2025:01:47:45 -0700] "GET /?info=112803356 HTTP/1.1" 200 32682 "-" "Mozilla/5.0 (Linux; Android 6.0.1; Nexus 5X Build/MMB29P) AppleWebKit/537.36 (KHTML, like Gecko) Chrome/141.0.7390.122 Mobile Safari/537.36 (compatible; GoogleOther)"
13.61.179.78 - - [01/Nov/2025:01:47:46 -0700] "GET /public_html/.env.production HTTP/1.1" 200 7846 "-" "python-httpx/0.28.1"
13.61.179.78 - - [01/Nov/2025:01:47:47 -0700] "GET /develop/.env.local HTTP/1.1" 200 7846 "-" "python-httpx/0.28.1"
13.61.179.78 - - [01/Nov/2025:01:47:48 -0700] "GET /services/.env.production HTTP/1.1" 200 7846 "-" "python-httpx/0.28.1"
13.61.179.78 - - [01/Nov/2025:01:47:49 -0700] "GET /services/.env.local HTTP/1.1" 200 7846 "-" "python-httpx/0.28.1"
13.61.179.78 - - [01/Nov/2025:01:47:49 -0700] "GET /back/.env HTTP/1.1" 200 7846 "-" "python-httpx/0.28.1"
13.61.179.78 - - [01/Nov/2025:01:47:50 -0700] "GET /qa/.env HTTP/1.1" 200 7846 "-" "python-httpx/0.28.1"
13.61.179.78 - - [01/Nov/2025:01:47:51 -0700] "GET /frontend/.env HTTP/1.1" 200 7846 "-" "python-httpx/0.28.1"
13.61.179.78 - - [01/Nov/2025:01:47:51 -0700] "GET /dev/.env.staging HTTP/1.1" 200 7846 "-" "python-httpx/0.28.1"
13.61.179.78 - - [01/Nov/2025:01:47:52 -0700] "GET /demo/.env.staging HTTP/1.1" 200 7846 "-" "python-httpx/0.28.1"
66.249.72.8 - - [01/Nov/2025:01:47:52 -0700] "GET /?info=65139296 HTTP/1.1" 200 30812 "-" "Mozilla/5.0 (Linux; Android 6.0.1; Nexus 5X Build/MMB29P) AppleWebKit/537.36 (KHTML, like Gecko) Chrome/141.0.7390.122 Mobile Safari/537.36 (compatible; Googlebot/2.1; +http://www.google.com/bot.html)"
13.61.179.78 - - [01/Nov/2025:01:47:53 -0700] "GET /website/.env.local HTTP/1.1" 200 7846 "-" "python-httpx/0.28.1"
13.61.179.78 - - [01/Nov/2025:01:47:54 -0700] "GET /stg/.env.production HTTP/1.1" 200 7846 "-" "python-httpx/0.28.1"
13.61.179.78 - - [01/Nov/2025:01:47:55 -0700] "GET /web/.env.production HTTP/1.1" 200 7846 "-" "python-httpx/0.28.1"
66.249.72.8 - - [01/Nov/2025:01:47:55 -0700] "GET /?info=712900060 HTTP/1.1" 200 28016 "-" "Mozilla/5.0 (Linux; Android 6.0.1; Nexus 5X Build/MMB29P) AppleWebKit/537.36 (KHTML, like Gecko) Chrome/141.0.7390.122 Mobile Safari/537.36 (compatible; GoogleOther)"
13.61.179.78 - - [01/Nov/2025:01:47:55 -0700] "GET /.env.docker.dev HTTP/1.1" 403 58740 "-" "python-httpx/0.28.1"
54.204.12.115 - - [01/Nov/2025:01:47:56 -0700] "GET /choreographs/?path=//media HTTP/1.1" 200 6004 "-" "Mozilla/5.0 AppleWebKit/537.36 (KHTML, like Gecko; compatible; Amazonbot/0.1; +https://developer.amazon.com/support/amazonbot) Chrome/119.0.6045.214 Safari/537.36"
13.61.179.78 - - [01/Nov/2025:01:47:56 -0700] "GET /storage/.env.staging HTTP/1.1" 200 7846 "-" "python-httpx/0.28.1"
13.61.179.78 - - [01/Nov/2025:01:47:57 -0700] "GET /product/.env.production HTTP/1.1" 200 7846 "-" "python-httpx/0.28.1"
13.61.179.78 - - [01/Nov/2025:01:47:58 -0700] "GET /shop/.env HTTP/1.1" 200 7846 "-" "python-httpx/0.28.1"
66.249.72.8 - - [01/Nov/2025:01:47:58 -0700] "GET /?info=42306892 HTTP/1.1" 200 29015 "-" "Mozilla/5.0 (Linux; Android 6.0.1; Nexus 5X Build/MMB29P) AppleWebKit/537.36 (KHTML, like Gecko) Chrome/141.0.7390.122 Mobile Safari/537.36 (compatible; GoogleOther)"
13.61.179.78 - - [01/Nov/2025:01:47:58 -0700] "GET /user/.env.local HTTP/1.1" 200 7846 "-" "python-httpx/0.28.1"
13.61.179.78 - - [01/Nov/2025:01:47:59 -0700] "GET /old/.env.production HTTP/1.1" 200 7846 "-" "python-httpx/0.28.1"
13.61.179.78 - - [01/Nov/2025:01:48:00 -0700] "GET /marketing/.env.production HTTP/1.1" 200 7846 "-" "python-httpx/0.28.1"
13.61.179.78 - - [01/Nov/2025:01:48:01 -0700] "GET /settings.py HTTP/1.1" 403 58740 "-" "python-httpx/0.28.1"
13.61.179.78 - - [01/Nov/2025:01:48:02 -0700] "GET /production/.env.local HTTP/1.1" 200 7846 "-" "python-httpx/0.28.1"
13.61.179.78 - - [01/Nov/2025:01:48:03 -0700] "GET /apis/.env.production HTTP/1.1" 200 7846 "-" "python-httpx/0.28.1"
114.119.145.8 - - [01/Nov/2025:01:48:03 -0700] "GET /?info=316489900 HTTP/1.1" 200 7794 "https://www.conductingmovements.com/sitemap.xml" "Mozilla/5.0 (Linux; Android 7.0;) AppleWebKit/537.36 (KHTML, like Gecko) Mobile Safari/537.36 (compatible; PetalBot;+https://webmaster.petalsearch.com/site/petalbot)"
13.61.179.78 - - [01/Nov/2025:01:48:03 -0700] "GET /staging/.env.local HTTP/1.1" 200 7846 "-" "python-httpx/0.28.1"
66.249.72.1 - - [01/Nov/2025:01:48:04 -0700] "GET /?info=104437696 HTTP/1.1" 200 31891 "-" "Mozilla/5.0 (Linux; Android 6.0.1; Nexus 5X Build/MMB29P) AppleWebKit/537.36 (KHTML, like Gecko) Chrome/141.0.7390.122 Mobile Safari/537.36 (compatible; GoogleOther)"
54.90.244.132 - - [01/Nov/2025:01:48:05 -0700] "GET /contact/?path=//sys HTTP/1.1" 200 6555 "-" "Mozilla/5.0 AppleWebKit/537.36 (KHTML, like Gecko; compatible; Amazonbot/0.1; +https://developer.amazon.com/support/amazonbot) Chrome/119.0.6045.214 Safari/537.36"
13.61.179.78 - - [01/Nov/2025:01:48:04 -0700] "GET /dev/.env.local HTTP/1.1" 200 7846 "-" "python-httpx/0.28.1"
13.61.179.78 - - [01/Nov/2025:01:48:06 -0700] "GET /laravel/core/.env.local HTTP/1.1" 200 7846 "-" "python-httpx/0.28.1"
13.61.179.78 - - [01/Nov/2025:01:48:06 -0700] "GET /user/.env.staging HTTP/1.1" 200 7846 "-" "python-httpx/0.28.1"
13.61.179.78 - - [01/Nov/2025:01:48:07 -0700] "GET /application/.env HTTP/1.1" 200 7846 "-" "python-httpx/0.28.1"
98.83.10.183 - - [01/Nov/2025:01:47:59 -0700] "GET /?path=//tmp HTTP/1.1" 200 4610030 "-" "Mozilla/5.0 AppleWebKit/537.36 (KHTML, like Gecko; compatible; Amazonbot/0.1; +https://developer.amazon.com/support/amazonbot) Chrome/119.0.6045.214 Safari/537.36"
13.61.179.78 - - [01/Nov/2025:01:48:08 -0700] "GET /new/.env.production HTTP/1.1" 200 7846 "-" "python-httpx/0.28.1"
34.199.252.22 - - [01/Nov/2025:01:48:08 -0700] "GET /expert-knowledge/?path=//bin HTTP/1.1" 200 100916 "-" "Mozilla/5.0 AppleWebKit/537.36 (KHTML, like Gecko; compatible; Amazonbot/0.1; +https://developer.amazon.com/support/amazonbot) Chrome/119.0.6045.214 Safari/537.36"
13.61.179.78 - - [01/Nov/2025:01:48:08 -0700] "GET /project/.env.staging HTTP/1.1" 200 7846 "-" "python-httpx/0.28.1"
13.61.179.78 - - [01/Nov/2025:01:48:09 -0700] "GET /xampp/.env.local HTTP/1.1" 200 7846 "-" "python-httpx/0.28.1"
13.61.179.78 - - [01/Nov/2025:01:48:10 -0700] "GET /product/.env HTTP/1.1" 200 7846 "-" "python-httpx/0.28.1"
54.225.181.161 - - [01/Nov/2025:01:48:11 -0700] "GET /?path=/home/burgaska/biketrain.us_DISABLED_BY_DREAMHOST-JN HTTP/1.1" 200 6955 "-" "Mozilla/5.0 AppleWebKit/537.36 (KHTML, like Gecko; compatible; Amazonbot/0.1; +https://developer.amazon.com/support/amazonbot) Chrome/119.0.6045.214 Safari/537.36"
13.61.179.78 - - [01/Nov/2025:01:48:11 -0700] "GET /FRONTEND/.env HTTP/1.1" 200 7846 "-" "python-httpx/0.28.1"
13.61.179.78 - - [01/Nov/2025:01:48:12 -0700] "GET /twitter/.env HTTP/1.1" 200 7846 "-" "python-httpx/0.28.1"
13.61.179.78 - - [01/Nov/2025:01:48:12 -0700] "GET /prod/.env.production HTTP/1.1" 200 7846 "-" "python-httpx/0.28.1"
66.249.72.1 - - [01/Nov/2025:01:48:13 -0700] "GET /?info=29781696 HTTP/1.1" 200 31417 "-" "Mozilla/5.0 (Linux; Android 6.0.1; Nexus 5X Build/MMB29P) AppleWebKit/537.36 (KHTML, like Gecko) Chrome/141.0.7390.122 Mobile Safari/537.36 (compatible; GoogleOther)"
13.61.179.78 - - [01/Nov/2025:01:48:13 -0700] "GET /.env.php HTTP/1.1" 403 58740 "-" "python-httpx/0.28.1"
13.61.179.78 - - [01/Nov/2025:01:48:14 -0700] "GET /develop/.env.staging HTTP/1.1" 200 7846 "-" "python-httpx/0.28.1"
13.61.179.78 - - [01/Nov/2025:01:48:15 -0700] "GET /.env.stage HTTP/1.1" 403 58740 "-" "python-httpx/0.28.1"
13.61.179.78 - - [01/Nov/2025:01:48:16 -0700] "GET /beta/.env HTTP/1.1" 200 7846 "-" "python-httpx/0.28.1"
98.84.70.201 - - [01/Nov/2025:01:48:16 -0700] "GET /contact/?path=/home/burgaska/.analytic HTTP/1.1" 200 6291 "-" "Mozilla/5.0 AppleWebKit/537.36 (KHTML, like Gecko; compatible; Amazonbot/0.1; +https://developer.amazon.com/support/amazonbot) Chrome/119.0.6045.214 Safari/537.36"
13.61.179.78 - - [01/Nov/2025:01:48:16 -0700] "GET /backup/.env HTTP/1.1" 200 7846 "-" "python-httpx/0.28.1"
13.61.179.78 - - [01/Nov/2025:01:48:17 -0700] "GET /project/.env.local HTTP/1.1" 200 7846 "-" "python-httpx/0.28.1"
13.61.179.78 - - [01/Nov/2025:01:48:18 -0700] "GET /shop/.env.staging HTTP/1.1" 200 7846 "-" "python-httpx/0.28.1"
13.61.179.78 - - [01/Nov/2025:01:48:18 -0700] "GET /.env.dev HTTP/1.1" 403 58740 "-" "python-httpx/0.28.1"
13.61.179.78 - - [01/Nov/2025:01:48:19 -0700] "GET /staging/.env.staging HTTP/1.1" 200 7846 "-" "python-httpx/0.28.1"
13.61.179.78 - - [01/Nov/2025:01:48:21 -0700] "GET /storage/.env.local HTTP/1.1" 200 7846 "-" "python-httpx/0.28.1"
13.61.179.78 - - [01/Nov/2025:01:48:21 -0700] "GET /stg/.env.local HTTP/1.1" 200 7846 "-" "python-httpx/0.28.1"
54.144.185.255 - - [01/Nov/2025:01:48:22 -0700] "GET /background/?path=/home/burgaska/conductingmovements.com HTTP/1.1" 200 7596 "-" "Mozilla/5.0 AppleWebKit/537.36 (KHTML, like Gecko; compatible; Amazonbot/0.1; +https://developer.amazon.com/support/amazonbot) Chrome/119.0.6045.214 Safari/537.36"
66.249.72.8 - - [01/Nov/2025:01:48:22 -0700] "GET /?info=704400072 HTTP/1.1" 200 31395 "-" "Mozilla/5.0 (Linux; Android 6.0.1; Nexus 5X Build/MMB29P) AppleWebKit/537.36 (KHTML, like Gecko) Chrome/141.0.7390.122 Mobile Safari/537.36 (compatible; GoogleOther)"
13.61.179.78 - - [01/Nov/2025:01:48:22 -0700] "GET /.env.prod HTTP/1.1" 403 58740 "-" "python-httpx/0.28.1"
13.61.179.78 - - [01/Nov/2025:01:48:23 -0700] "GET /.env.staging HTTP/1.1" 403 58740 "-" "python-httpx/0.28.1"
13.61.179.78 - - [01/Nov/2025:01:48:24 -0700] "GET /development/.env HTTP/1.1" 200 7846 "-" "python-httpx/0.28.1"
98.82.59.253 - - [01/Nov/2025:01:48:24 -0700] "GET /choreographs/?path=/home/burgaska/conductingmovements.com/wp-content/uploads HTTP/1.1" 200 6899 "-" "Mozilla/5.0 AppleWebKit/537.36 (KHTML, like Gecko; compatible; Amazonbot/0.1; +https://developer.amazon.com/support/amazonbot) Chrome/119.0.6045.214 Safari/537.36"
13.61.179.78 - - [01/Nov/2025:01:48:25 -0700] "GET /.docker/laravel/app/.env HTTP/1.1" 200 7846 "-" "python-httpx/0.28.1"
13.61.179.78 - - [01/Nov/2025:01:48:26 -0700] "GET /test/.env.production HTTP/1.1" 200 7846 "-" "python-httpx/0.28.1"
13.61.179.78 - - [01/Nov/2025:01:48:26 -0700] "GET /client/.env HTTP/1.1" 200 7846 "-" "python-httpx/0.28.1"
13.61.179.78 - - [01/Nov/2025:01:48:27 -0700] "GET /qa/.env.staging HTTP/1.1" 200 7846 "-" "python-httpx/0.28.1"
13.61.179.78 - - [01/Nov/2025:01:48:28 -0700] "GET /properties.ini HTTP/1.1" 200 7846 "-" "python-httpx/0.28.1"
13.61.179.78 - - [01/Nov/2025:01:48:28 -0700] "GET /public_html/.env.staging HTTP/1.1" 200 7846 "-" "python-httpx/0.28.1"
13.61.179.78 - - [01/Nov/2025:01:48:29 -0700] "GET /portal/.env.staging HTTP/1.1" 200 7846 "-" "python-httpx/0.28.1"
13.61.179.78 - - [01/Nov/2025:01:48:30 -0700] "GET /prod/.env.local HTTP/1.1" 200 7846 "-" "python-httpx/0.28.1"
18.211.39.188 - - [01/Nov/2025:01:48:30 -0700] "GET /?path=/home/burgaska/rousery.com_DISABLED_BY_DREAMHOST-JN HTTP/1.1" 200 7900 "-" "Mozilla/5.0 AppleWebKit/537.36 (KHTML, like Gecko; compatible; Amazonbot/0.1; +https://developer.amazon.com/support/amazonbot) Chrome/119.0.6045.214 Safari/537.36"
13.61.179.78 - - [01/Nov/2025:01:48:31 -0700] "GET /stg/.env HTTP/1.1" 200 7846 "-" "python-httpx/0.28.1"
66.249.72.8 - - [01/Nov/2025:01:48:31 -0700] "GET /?info=684743408 HTTP/1.1" 200 33705 "-" "Mozilla/5.0 (Linux; Android 6.0.1; Nexus 5X Build/MMB29P) AppleWebKit/537.36 (KHTML, like Gecko) Chrome/141.0.7390.122 Mobile Safari/537.36 (compatible; GoogleOther)"
13.61.179.78 - - [01/Nov/2025:01:48:31 -0700] "GET /server/.env.local HTTP/1.1" 200 7846 "-" "python-httpx/0.28.1"
13.61.179.78 - - [01/Nov/2025:01:48:32 -0700] "GET /new/.env.staging HTTP/1.1" 200 7846 "-" "python-httpx/0.28.1"
34.233.219.155 - - [01/Nov/2025:01:48:32 -0700] "GET /expert-knowledge/?fileloc=//error.log&path=/ HTTP/1.1" 200 5956 "-" "Mozilla/5.0 AppleWebKit/537.36 (KHTML, like Gecko; compatible; Amazonbot/0.1; +https://developer.amazon.com/support/amazonbot) Chrome/119.0.6045.214 Safari/537.36"
13.61.179.78 - - [01/Nov/2025:01:48:33 -0700] "GET /crm/.env.staging HTTP/1.1" 200 7846 "-" "python-httpx/0.28.1"
13.61.179.78 - - [01/Nov/2025:01:48:34 -0700] "GET /.env.dist HTTP/1.1" 403 58740 "-" "python-httpx/0.28.1"
13.61.179.78 - - [01/Nov/2025:01:48:35 -0700] "GET /admin/.env.production HTTP/1.1" 200 7846 "-" "python-httpx/0.28.1"
13.61.179.78 - - [01/Nov/2025:01:48:35 -0700] "GET /client/.env.local HTTP/1.1" 200 7846 "-" "python-httpx/0.28.1"
13.61.179.78 - - [01/Nov/2025:01:48:36 -0700] "GET /apis/.env.staging HTTP/1.1" 200 7846 "-" "python-httpx/0.28.1"
13.61.179.78 - - [01/Nov/2025:01:48:37 -0700] "GET /public_html/.env HTTP/1.1" 200 7846 "-" "python-httpx/0.28.1"
34.234.197.175 - - [01/Nov/2025:01:48:37 -0700] "GET /contact/?path=/home/burgaska/conductingmovements.com/wp-admin/includes HTTP/1.1" 200 10806 "-" "Mozilla/5.0 AppleWebKit/537.36 (KHTML, like Gecko; compatible; Amazonbot/0.1; +https://developer.amazon.com/support/amazonbot) Chrome/119.0.6045.214 Safari/537.36"
13.61.179.78 - - [01/Nov/2025:01:48:38 -0700] "GET /production/.env HTTP/1.1" 200 7846 "-" "python-httpx/0.28.1"
13.61.179.78 - - [01/Nov/2025:01:48:38 -0700] "GET /user/.env HTTP/1.1" 200 7846 "-" "python-httpx/0.28.1"
13.61.179.78 - - [01/Nov/2025:01:48:39 -0700] "GET /.env~ HTTP/1.1" 403 58740 "-" "python-httpx/0.28.1"
13.61.179.78 - - [01/Nov/2025:01:48:40 -0700] "GET /live/.env.local HTTP/1.1" 200 7846 "-" "python-httpx/0.28.1"
66.249.72.8 - - [01/Nov/2025:01:48:40 -0700] "GET /?info=689528776 HTTP/1.1" 200 31387 "-" "Mozilla/5.0 (Linux; Android 6.0.1; Nexus 5X Build/MMB29P) AppleWebKit/537.36 (KHTML, like Gecko) Chrome/141.0.7390.122 Mobile Safari/537.36 (compatible; GoogleOther)"
44.214.19.8 - - [01/Nov/2025:01:48:41 -0700] "GET /contact/?path=/home/burgaska/conductingmovements.com/wp-includes/images HTTP/1.1" 200 7593 "-" "Mozilla/5.0 AppleWebKit/537.36 (KHTML, like Gecko; compatible; Amazonbot/0.1; +https://developer.amazon.com/support/amazonbot) Chrome/119.0.6045.214 Safari/537.36"
13.61.179.78 - - [01/Nov/2025:01:48:41 -0700] "GET /apis/.env HTTP/1.1" 200 7846 "-" "python-httpx/0.28.1"
13.61.179.78 - - [01/Nov/2025:01:48:42 -0700] "GET /config.env HTTP/1.1" 200 7846 "-" "python-httpx/0.28.1"
13.61.179.78 - - [01/Nov/2025:01:48:43 -0700] "GET /env.backup HTTP/1.1" 200 7846 "-" "python-httpx/0.28.1"
13.61.179.78 - - [01/Nov/2025:01:48:43 -0700] "GET /usr/.env HTTP/1.1" 200 7846 "-" "python-httpx/0.28.1"
52.205.222.214 - - [01/Nov/2025:01:48:44 -0700] "GET /secrets-to-winning-togel-online-2025/?path=/home/burgaska/.php HTTP/1.1" 200 6662 "-" "Mozilla/5.0 AppleWebKit/537.36 (KHTML, like Gecko; compatible; Amazonbot/0.1; +https://developer.amazon.com/support/amazonbot) Chrome/119.0.6045.214 Safari/537.36"
13.61.179.78 - - [01/Nov/2025:01:48:44 -0700] "GET /public/.env.production HTTP/1.1" 200 7846 "-" "python-httpx/0.28.1"
13.61.179.78 - - [01/Nov/2025:01:48:45 -0700] "GET /backend/.env.local HTTP/1.1" 200 7846 "-" "python-httpx/0.28.1"
13.61.179.78 - - [01/Nov/2025:01:48:45 -0700] "GET /product/.env.staging HTTP/1.1" 200 7846 "-" "python-httpx/0.28.1"
13.61.179.78 - - [01/Nov/2025:01:48:46 -0700] "GET /apis/.env.local HTTP/1.1" 200 7846 "-" "python-httpx/0.28.1"
13.61.179.78 - - [01/Nov/2025:01:48:47 -0700] "GET /public/.env.local HTTP/1.1" 200 7846 "-" "python-httpx/0.28.1"
13.61.179.78 - - [01/Nov/2025:01:48:48 -0700] "GET /nodeapi/.env HTTP/1.1" 200 7846 "-" "python-httpx/0.28.1"
13.61.179.78 - - [01/Nov/2025:01:48:48 -0700] "GET /app/.env.staging HTTP/1.1" 200 7846 "-" "python-httpx/0.28.1"
66.249.72.8 - - [01/Nov/2025:01:48:49 -0700] "GET /?info=712782968 HTTP/1.1" 200 35710 "-" "Mozilla/5.0 (Linux; Android 6.0.1; Nexus 5X Build/MMB29P) AppleWebKit/537.36 (KHTML, like Gecko) Chrome/141.0.7390.122 Mobile Safari/537.36 (compatible; GoogleOther)"
13.61.179.78 - - [01/Nov/2025:01:48:49 -0700] "GET /portal/.env.production HTTP/1.1" 200 7846 "-" "python-httpx/0.28.1"
184.73.68.20 - - [01/Nov/2025:01:48:50 -0700] "GET /expert-knowledge/?path=/home/burgaska/conductingmovements.com/wp-includes/php-compat HTTP/1.1" 200 6399 "-" "Mozilla/5.0 AppleWebKit/537.36 (KHTML, like Gecko; compatible; Amazonbot/0.1; +https://developer.amazon.com/support/amazonbot) Chrome/119.0.6045.214 Safari/537.36"
13.61.179.78 - - [01/Nov/2025:01:48:50 -0700] "GET /development/.env.local HTTP/1.1" 200 7846 "-" "python-httpx/0.28.1"
13.61.179.78 - - [01/Nov/2025:01:48:51 -0700] "GET /public_html/.env.local HTTP/1.1" 200 7846 "-" "python-httpx/0.28.1"
13.61.179.78 - - [01/Nov/2025:01:48:52 -0700] "GET /config/.env HTTP/1.1" 200 7846 "-" "python-httpx/0.28.1"
23.23.212.212 - - [01/Nov/2025:01:48:52 -0700] "GET /choreographs/?path=/home/burgaska/conductingmovements.com/wp-includes/block-supports HTTP/1.1" 200 7037 "-" "Mozilla/5.0 AppleWebKit/537.36 (KHTML, like Gecko; compatible; Amazonbot/0.1; +https://developer.amazon.com/support/amazonbot) Chrome/119.0.6045.214 Safari/537.36"
66.249.72.8 - - [01/Nov/2025:01:48:52 -0700] "GET /?info=104129164 HTTP/1.1" 200 28110 "-" "Mozilla/5.0 (Linux; Android 6.0.1; Nexus 5X Build/MMB29P) AppleWebKit/537.36 (KHTML, like Gecko) Chrome/141.0.7390.122 Mobile Safari/537.36 (compatible; GoogleOther)"
13.61.179.78 - - [01/Nov/2025:01:48:52 -0700] "GET /.env.bak HTTP/1.1" 403 58740 "-" "python-httpx/0.28.1"
13.61.179.78 - - [01/Nov/2025:01:48:53 -0700] "GET /old/.env.local HTTP/1.1" 200 7846 "-" "python-httpx/0.28.1"
13.61.179.78 - - [01/Nov/2025:01:48:54 -0700] "GET /front/.env HTTP/1.1" 200 7846 "-" "python-httpx/0.28.1"
13.61.179.78 - - [01/Nov/2025:01:48:55 -0700] "GET /test/.env HTTP/1.1" 200 7846 "-" "python-httpx/0.28.1"
13.61.179.78 - - [01/Nov/2025:01:48:55 -0700] "GET /cron/.env.production HTTP/1.1" 200 7846 "-" "python-httpx/0.28.1"
184.72.84.154 - - [01/Nov/2025:01:48:56 -0700] "GET /choreographs/?fileloc=/home/burgaska/conductingmovements.com/wp-includes/class-wp-text-diff-renderer-inline.php&path=/home/burgaska/conductingmovements.com/wp-includes HTTP/1.1" 200 6463 "-" "Mozilla/5.0 AppleWebKit/537.36 (KHTML, like Gecko; compatible; Amazonbot/0.1; +https://developer.amazon.com/support/amazonbot) Chrome/119.0.6045.214 Safari/537.36"
13.61.179.78 - - [01/Nov/2025:01:48:56 -0700] "GET /.env.development.local HTTP/1.1" 403 58740 "-" "python-httpx/0.28.1"
13.61.179.78 - - [01/Nov/2025:01:48:57 -0700] "GET /demo/.env HTTP/1.1" 200 7846 "-" "python-httpx/0.28.1"
13.61.179.78 - - [01/Nov/2025:01:48:58 -0700] "GET /services/.env HTTP/1.1" 200 7846 "-" "python-httpx/0.28.1"
66.249.72.8 - - [01/Nov/2025:01:48:58 -0700] "GET /?info=692320336 HTTP/1.1" 200 31455 "-" "Mozilla/5.0 (Linux; Android 6.0.1; Nexus 5X Build/MMB29P) AppleWebKit/537.36 (KHTML, like Gecko) Chrome/141.0.7390.122 Mobile Safari/537.36 (compatible; GoogleOther)"
13.61.179.78 - - [01/Nov/2025:01:48:59 -0700] "GET /BACKEND/.env HTTP/1.1" 200 7846 "-" "python-httpx/0.28.1"
13.61.179.78 - - [01/Nov/2025:01:48:59 -0700] "GET /product/.env.local HTTP/1.1" 200 7846 "-" "python-httpx/0.28.1"
13.61.179.78 - - [01/Nov/2025:01:49:00 -0700] "GET /beta/.env.staging HTTP/1.1" 200 7846 "-" "python-httpx/0.28.1"
13.61.179.78 - - [01/Nov/2025:01:49:01 -0700] "GET /admin/.env HTTP/1.1" 200 7846 "-" "python-httpx/0.28.1"
13.61.179.78 - - [01/Nov/2025:01:49:01 -0700] "GET /market/.env.staging HTTP/1.1" 200 7846 "-" "python-httpx/0.28.1"
52.0.218.219 - - [01/Nov/2025:01:49:02 -0700] "GET /expert-knowledge/?fileloc=//hs_err_pid970222.log&path=/ HTTP/1.1" 200 13851 "-" "Mozilla/5.0 AppleWebKit/537.36 (KHTML, like Gecko; compatible; Amazonbot/0.1; +https://developer.amazon.com/support/amazonbot) Chrome/119.0.6045.214 Safari/537.36"
13.61.179.78 - - [01/Nov/2025:01:49:03 -0700] "GET /media/.env HTTP/1.1" 200 7846 "-" "python-httpx/0.28.1"
13.61.179.78 - - [01/Nov/2025:01:49:03 -0700] "GET /laravel/core/.env.staging HTTP/1.1" 200 7846 "-" "python-httpx/0.28.1"
100.28.44.58 - - [01/Nov/2025:01:49:04 -0700] "GET /secrets-to-winning-togel-online-2025/?path=/home/burgaska/ketchupwithkim.com_DISABLED_BY_DREAMHOST-JN HTTP/1.1" 200 7512 "-" "Mozilla/5.0 AppleWebKit/537.36 (KHTML, like Gecko; compatible; Amazonbot/0.1; +https://developer.amazon.com/support/amazonbot) Chrome/119.0.6045.214 Safari/537.36"
13.61.179.78 - - [01/Nov/2025:01:49:04 -0700] "GET /api/.env.staging HTTP/1.1" 200 7846 "-" "python-httpx/0.28.1"
13.61.179.78 - - [01/Nov/2025:01:49:05 -0700] "GET /service/.env.production HTTP/1.1" 200 7846 "-" "python-httpx/0.28.1"
13.61.179.78 - - [01/Nov/2025:01:49:05 -0700] "GET /server/.env HTTP/1.1" 200 7846 "-" "python-httpx/0.28.1"
13.61.179.78 - - [01/Nov/2025:01:49:06 -0700] "GET /portal/.env HTTP/1.1" 200 7846 "-" "python-httpx/0.28.1"
13.61.179.78 - - [01/Nov/2025:01:49:07 -0700] "GET /admin/.env.local HTTP/1.1" 200 7846 "-" "python-httpx/0.28.1"
13.61.179.78 - - [01/Nov/2025:01:49:07 -0700] "GET /xampp/.env.staging HTTP/1.1" 200 7846 "-" "python-httpx/0.28.1"
66.249.72.2 - - [01/Nov/2025:01:49:07 -0700] "GET /?info=101903228 HTTP/1.1" 200 32405 "-" "Mozilla/5.0 (Linux; Android 6.0.1; Nexus 5X Build/MMB29P) AppleWebKit/537.36 (KHTML, like Gecko) Chrome/141.0.7390.122 Mobile Safari/537.36 (compatible; GoogleOther)"
13.61.179.78 - - [01/Nov/2025:01:49:08 -0700] "GET /lms/.env HTTP/1.1" 200 7846 "-" "python-httpx/0.28.1"
184.73.35.182 - - [01/Nov/2025:01:49:09 -0700] "GET /choreographs/?path=/home/burgaska/conductingmovements.com/wp-content/upgrade-temp-backup HTTP/1.1" 200 6332 "-" "Mozilla/5.0 AppleWebKit/537.36 (KHTML, like Gecko; compatible; Amazonbot/0.1; +https://developer.amazon.com/support/amazonbot) Chrome/119.0.6045.214 Safari/537.36"
13.61.179.78 - - [01/Nov/2025:01:49:09 -0700] "GET /backend/.env.production HTTP/1.1" 200 7846 "-" "python-httpx/0.28.1"
13.61.179.78 - - [01/Nov/2025:01:49:10 -0700] "GET /kyc/.env.staging HTTP/1.1" 200 7846 "-" "python-httpx/0.28.1"
13.61.179.78 - - [01/Nov/2025:01:49:10 -0700] "GET /marketing/.env.local HTTP/1.1" 200 7846 "-" "python-httpx/0.28.1"
13.61.179.78 - - [01/Nov/2025:01:49:11 -0700] "GET /development/.env.staging HTTP/1.1" 200 7846 "-" "python-httpx/0.28.1"
13.61.179.78 - - [01/Nov/2025:01:49:12 -0700] "GET /new/.env HTTP/1.1" 200 7846 "-" "python-httpx/0.28.1"
13.61.179.78 - - [01/Nov/2025:01:49:12 -0700] "GET /xampp/.env HTTP/1.1" 200 7846 "-" "python-httpx/0.28.1"
13.61.179.78 - - [01/Nov/2025:01:49:13 -0700] "GET /kyc/.env.production HTTP/1.1" 200 7846 "-" "python-httpx/0.28.1"
18.213.70.100 - - [01/Nov/2025:01:49:12 -0700] "GET /choreographs/?fileloc=/home/burgaska/conductingmovements.com/wp-includes/theme-previews.php&path=/home/burgaska/conductingmovements.com/wp-includes HTTP/1.1" 200 7129 "-" "Mozilla/5.0 AppleWebKit/537.36 (KHTML, like Gecko; compatible; Amazonbot/0.1; +https://developer.amazon.com/support/amazonbot) Chrome/119.0.6045.214 Safari/537.36"
13.61.179.78 - - [01/Nov/2025:01:49:14 -0700] "GET /services/.env.staging HTTP/1.1" 200 7846 "-" "python-httpx/0.28.1"
13.61.179.78 - - [01/Nov/2025:01:49:15 -0700] "GET /client/.env.staging HTTP/1.1" 200 7846 "-" "python-httpx/0.28.1"
13.61.179.78 - - [01/Nov/2025:01:49:16 -0700] "GET /xampp/.env.production HTTP/1.1" 200 7846 "-" "python-httpx/0.28.1"
13.61.179.78 - - [01/Nov/2025:01:49:16 -0700] "GET /staging/.env.production HTTP/1.1" 200 7846 "-" "python-httpx/0.28.1"
66.249.72.8 - - [01/Nov/2025:01:49:16 -0700] "GET /?info=85301368 HTTP/1.1" 200 33140 "-" "Mozilla/5.0 (Linux; Android 6.0.1; Nexus 5X Build/MMB29P) AppleWebKit/537.36 (KHTML, like Gecko) Chrome/141.0.7390.122 Mobile Safari/537.36 (compatible; GoogleOther)"
13.61.179.78 - - [01/Nov/2025:01:49:17 -0700] "GET /live/.env.production HTTP/1.1" 200 7846 "-" "python-httpx/0.28.1"
44.196.118.6 - - [01/Nov/2025:01:49:17 -0700] "GET /choreographs/?fileloc=/home/burgaska/conductingmovements.com/wp-includes/class-requests.php&path=/home/burgaska/conductingmovements.com/wp-includes HTTP/1.1" 200 6848 "-" "Mozilla/5.0 AppleWebKit/537.36 (KHTML, like Gecko; compatible; Amazonbot/0.1; +https://developer.amazon.com/support/amazonbot) Chrome/119.0.6045.214 Safari/537.36"
13.61.179.78 - - [01/Nov/2025:01:49:18 -0700] "GET /service/.env HTTP/1.1" 200 7846 "-" "python-httpx/0.28.1"
13.61.179.78 - - [01/Nov/2025:01:49:18 -0700] "GET /.gitlab-ci/.env HTTP/1.1" 200 7846 "-" "python-httpx/0.28.1"
13.61.179.78 - - [01/Nov/2025:01:49:19 -0700] "GET /project/.env HTTP/1.1" 200 7846 "-" "python-httpx/0.28.1"
13.61.179.78 - - [01/Nov/2025:01:49:20 -0700] "GET /dev/.env.production HTTP/1.1" 200 7846 "-" "python-httpx/0.28.1"
13.61.179.78 - - [01/Nov/2025:01:49:21 -0700] "GET /laravel/.env.local HTTP/1.1" 200 7846 "-" "python-httpx/0.28.1"
13.61.179.78 - - [01/Nov/2025:01:49:21 -0700] "GET /prod/.env HTTP/1.1" 200 7846 "-" "python-httpx/0.28.1"
13.61.179.78 - - [01/Nov/2025:01:49:22 -0700] "GET /.env.save HTTP/1.1" 403 58740 "-" "python-httpx/0.28.1"
34.234.197.175 - - [01/Nov/2025:01:49:23 -0700] "GET /contact/?fileloc=//hs_err_pid362572.log&path=/ HTTP/1.1" 200 13608 "-" "Mozilla/5.0 AppleWebKit/537.36 (KHTML, like Gecko; compatible; Amazonbot/0.1; +https://developer.amazon.com/support/amazonbot) Chrome/119.0.6045.214 Safari/537.36"
13.61.179.78 - - [01/Nov/2025:01:49:23 -0700] "GET /client/.env.production HTTP/1.1" 200 7846 "-" "python-httpx/0.28.1"
44.194.139.149 - - [01/Nov/2025:01:49:23 -0700] "GET /choreographs/?fileloc=/home/burgaska/conductingmovements.com/wp-includes/post-template.php&path=/home/burgaska/conductingmovements.com/wp-includes HTTP/1.1" 200 22879 "-" "Mozilla/5.0 AppleWebKit/537.36 (KHTML, like Gecko; compatible; Amazonbot/0.1; +https://developer.amazon.com/support/amazonbot) Chrome/119.0.6045.214 Safari/537.36"
13.61.179.78 - - [01/Nov/2025:01:49:24 -0700] "GET /current/.env HTTP/1.1" 200 7846 "-" "python-httpx/0.28.1"
13.61.179.78 - - [01/Nov/2025:01:49:24 -0700] "GET /service/.env.staging HTTP/1.1" 200 7846 "-" "python-httpx/0.28.1"
13.61.179.78 - - [01/Nov/2025:01:49:25 -0700] "GET /backup/.env.production HTTP/1.1" 200 7846 "-" "python-httpx/0.28.1"
66.249.72.8 - - [01/Nov/2025:01:49:26 -0700] "GET /?info=118384656 HTTP/1.1" 200 31541 "-" "Mozilla/5.0 (Linux; Android 6.0.1; Nexus 5X Build/MMB29P) AppleWebKit/537.36 (KHTML, like Gecko) Chrome/141.0.7390.122 Mobile Safari/537.36 (compatible; GoogleOther)"
13.61.179.78 - - [01/Nov/2025:01:49:26 -0700] "GET /.env.local HTTP/1.1" 403 58740 "-" "python-httpx/0.28.1"
13.61.179.78 - - [01/Nov/2025:01:49:27 -0700] "GET /service/info.php HTTP/1.1" 200 7846 "-" "python-httpx/0.28.1"
13.61.179.78 - - [01/Nov/2025:01:49:28 -0700] "GET /asdf.php HTTP/1.1" 403 58740 "-" "python-httpx/0.28.1"
52.71.216.196 - - [01/Nov/2025:01:49:29 -0700] "GET /choreographs/?fileloc=/home/burgaska/conductingmovements.com/wp-admin/credits.php&path=/home/burgaska/conductingmovements.com/wp-admin HTTP/1.1" 200 7225 "-" "Mozilla/5.0 AppleWebKit/537.36 (KHTML, like Gecko; compatible; Amazonbot/0.1; +https://developer.amazon.com/support/amazonbot) Chrome/119.0.6045.214 Safari/537.36"
13.61.179.78 - - [01/Nov/2025:01:49:29 -0700] "GET /development/iinfo.php HTTP/1.1" 200 7846 "-" "python-httpx/0.28.1"
13.61.179.78 - - [01/Nov/2025:01:49:30 -0700] "GET /develop/info.php HTTP/1.1" 200 7846 "-" "python-httpx/0.28.1"
114.119.140.166 - - [01/Nov/2025:01:49:30 -0700] "GET /?info=316489380 HTTP/1.1" 200 7794 "https://www.conductingmovements.com/sitemap.xml" "Mozilla/5.0 (Linux; Android 7.0;) AppleWebKit/537.36 (KHTML, like Gecko) Mobile Safari/537.36 (compatible; PetalBot;+https://webmaster.petalsearch.com/site/petalbot)"
13.61.179.78 - - [01/Nov/2025:01:49:30 -0700] "GET /phpinfo HTTP/1.1" 200 7846 "-" "python-httpx/0.28.1"
3.221.156.96 - - [01/Nov/2025:01:49:31 -0700] "GET /choreographs/?fileloc=/home/burgaska/conductingmovements.com/wp-content/.htaccess&path=/home/burgaska/conductingmovements.com/wp-content HTTP/1.1" 200 6808 "-" "Mozilla/5.0 AppleWebKit/537.36 (KHTML, like Gecko; compatible; Amazonbot/0.1; +https://developer.amazon.com/support/amazonbot) Chrome/119.0.6045.214 Safari/537.36"
13.61.179.78 - - [01/Nov/2025:01:49:31 -0700] "GET /dev/phpinfo.php HTTP/1.1" 200 7846 "-" "python-httpx/0.28.1"
13.61.179.78 - - [01/Nov/2025:01:49:32 -0700] "GET /helper/phpinfo.php HTTP/1.1" 200 7846 "-" "python-httpx/0.28.1"
13.61.179.78 - - [01/Nov/2025:01:49:33 -0700] "GET /info.php HTTP/1.1" 403 58740 "-" "python-httpx/0.28.1"
13.61.179.78 - - [01/Nov/2025:01:49:34 -0700] "GET /help/phpinfo.php HTTP/1.1" 200 7846 "-" "python-httpx/0.28.1"
13.61.179.78 - - [01/Nov/2025:01:49:34 -0700] "GET /lara/info.php HTTP/1.1" 200 7846 "-" "python-httpx/0.28.1"
66.249.72.8 - - [01/Nov/2025:01:49:35 -0700] "GET /?info=89542216 HTTP/1.1" 200 31140 "-" "Mozilla/5.0 (Linux; Android 6.0.1; Nexus 5X Build/MMB29P) AppleWebKit/537.36 (KHTML, like Gecko) Chrome/141.0.7390.122 Mobile Safari/537.36 (compatible; GoogleOther)"
13.61.179.78 - - [01/Nov/2025:01:49:35 -0700] "GET /backend/info.php HTTP/1.1" 200 7846 "-" "python-httpx/0.28.1"
13.61.179.78 - - [01/Nov/2025:01:49:36 -0700] "GET /temp.php HTTP/1.1" 403 58740 "-" "python-httpx/0.28.1"
23.23.212.212 - - [01/Nov/2025:01:49:36 -0700] "GET /background/?fileloc=/home/burgaska/conductingmovements.com/robots.txt&path=/home/burgaska/conductingmovements.com HTTP/1.1" 200 6018 "-" "Mozilla/5.0 AppleWebKit/537.36 (KHTML, like Gecko; compatible; Amazonbot/0.1; +https://developer.amazon.com/support/amazonbot) Chrome/119.0.6045.214 Safari/537.36"
13.61.179.78 - - [01/Nov/2025:01:49:37 -0700] "GET /laravel/phpinfo.php HTTP/1.1" 200 7846 "-" "python-httpx/0.28.1"
13.61.179.78 - - [01/Nov/2025:01:49:38 -0700] "GET /test.php HTTP/1.1" 403 58740 "-" "python-httpx/0.28.1"
13.61.179.78 - - [01/Nov/2025:01:49:39 -0700] "GET /services/phpinfo.php HTTP/1.1" 200 7846 "-" "python-httpx/0.28.1"
13.61.179.78 - - [01/Nov/2025:01:49:40 -0700] "GET /backend/phpinfo.php HTTP/1.1" 200 7846 "-" "python-httpx/0.28.1"
107.20.25.33 - - [01/Nov/2025:01:49:40 -0700] "GET /choreographs/?fileloc=/home/burgaska/conductingmovements.com/wp-includes/spl-autoload-compat.php&path=/home/burgaska/conductingmovements.com/wp-includes HTTP/1.1" 200 6271 "-" "Mozilla/5.0 AppleWebKit/537.36 (KHTML, like Gecko; compatible; Amazonbot/0.1; +https://developer.amazon.com/support/amazonbot) Chrome/119.0.6045.214 Safari/537.36"
13.61.179.78 - - [01/Nov/2025:01:49:40 -0700] "GET /linusadmin-phpinfo.php HTTP/1.1" 403 58740 "-" "python-httpx/0.28.1"
13.61.179.78 - - [01/Nov/2025:01:49:41 -0700] "GET /infophp.php HTTP/1.1" 403 58740 "-" "python-httpx/0.28.1"
13.61.179.78 - - [01/Nov/2025:01:49:42 -0700] "GET /infos.php HTTP/1.1" 403 58740 "-" "python-httpx/0.28.1"
13.61.179.78 - - [01/Nov/2025:01:49:44 -0700] "GET /dev/info.php HTTP/1.1" 200 7846 "-" "python-httpx/0.28.1"
23.21.225.190 - - [01/Nov/2025:01:49:44 -0700] "GET /contact/?fileloc=/home/burgaska/conductingmovements.com/wp-includes/class-wp-http-requests-response.php&path=/home/burgaska/conductingmovements.com/wp-includes HTTP/1.1" 200 7283 "-" "Mozilla/5.0 AppleWebKit/537.36 (KHTML, like Gecko; compatible; Amazonbot/0.1; +https://developer.amazon.com/support/amazonbot) Chrome/119.0.6045.214 Safari/537.36"
13.61.179.78 - - [01/Nov/2025:01:49:44 -0700] "GET /php.ini HTTP/1.1" 200 7846 "-" "python-httpx/0.28.1"
66.249.72.8 - - [01/Nov/2025:01:49:44 -0700] "GET /?info=712718632 HTTP/1.1" 200 30650 "-" "Mozilla/5.0 (Linux; Android 6.0.1; Nexus 5X Build/MMB29P) AppleWebKit/537.36 (KHTML, like Gecko) Chrome/141.0.7390.122 Mobile Safari/537.36 (compatible; GoogleOther)"
13.61.179.78 - - [01/Nov/2025:01:49:45 -0700] "GET /lara/phpinfo.php HTTP/1.1" 200 7846 "-" "python-httpx/0.28.1"
13.61.179.78 - - [01/Nov/2025:01:49:46 -0700] "GET /current/info.php HTTP/1.1" 200 7846 "-" "python-httpx/0.28.1"
13.61.179.78 - - [01/Nov/2025:01:49:46 -0700] "GET /server/info.php HTTP/1.1" 200 7846 "-" "python-httpx/0.28.1"
13.61.179.78 - - [01/Nov/2025:01:49:47 -0700] "GET /i.php HTTP/1.1" 403 58740 "-" "python-httpx/0.28.1"
18.235.158.19 - - [01/Nov/2025:01:49:48 -0700] "GET /contact/?fileloc=/home/burgaska/conductingmovements.com/wp-includes/class-wp-http-response.php&path=/home/burgaska/conductingmovements.com/wp-includes HTTP/1.1" 200 6942 "-" "Mozilla/5.0 AppleWebKit/537.36 (KHTML, like Gecko; compatible; Amazonbot/0.1; +https://developer.amazon.com/support/amazonbot) Chrome/119.0.6045.214 Safari/537.36"
66.249.72.8 - - [01/Nov/2025:01:49:48 -0700] "GET /?info=87017012 HTTP/1.1" 200 27538 "-" "Mozilla/5.0 (Linux; Android 6.0.1; Nexus 5X Build/MMB29P) AppleWebKit/537.36 (KHTML, like Gecko) Chrome/141.0.7390.122 Mobile Safari/537.36 (compatible; GoogleOther)"
13.61.179.78 - - [01/Nov/2025:01:49:48 -0700] "GET /webroot/index.php/_environment HTTP/1.1" 200 7846 "-" "python-httpx/0.28.1"
13.61.179.78 - - [01/Nov/2025:01:49:49 -0700] "GET /php-info.php HTTP/1.1" 403 58740 "-" "python-httpx/0.28.1"
13.61.179.78 - - [01/Nov/2025:01:49:50 -0700] "GET /server/phpinfo.php HTTP/1.1" 200 7846 "-" "python-httpx/0.28.1"
13.61.179.78 - - [01/Nov/2025:01:49:51 -0700] "GET /xampp/info.php HTTP/1.1" 200 7846 "-" "python-httpx/0.28.1"
34.236.41.241 - - [01/Nov/2025:01:49:51 -0700] "GET /choreographs/?fileloc=/home/burgaska/conductingmovements.com/wp-includes/class-wp-locale-switcher.php&path=/home/burgaska/conductingmovements.com/wp-includes HTTP/1.1" 200 7775 "-" "Mozilla/5.0 AppleWebKit/537.36 (KHTML, like Gecko; compatible; Amazonbot/0.1; +https://developer.amazon.com/support/amazonbot) Chrome/119.0.6045.214 Safari/537.36"
13.61.179.78 - - [01/Nov/2025:01:49:51 -0700] "GET /phpversion.php HTTP/1.1" 403 58740 "-" "python-httpx/0.28.1"
13.61.179.78 - - [01/Nov/2025:01:49:52 -0700] "GET /time.php HTTP/1.1" 403 58740 "-" "python-httpx/0.28.1"
66.249.72.8 - - [01/Nov/2025:01:49:53 -0700] "GET /?info=682499464 HTTP/1.1" 200 31066 "-" "Mozilla/5.0 (Linux; Android 6.0.1; Nexus 5X Build/MMB29P) AppleWebKit/537.36 (KHTML, like Gecko) Chrome/141.0.7390.122 Mobile Safari/537.36 (compatible; GoogleOther)"
13.61.179.78 - - [01/Nov/2025:01:49:53 -0700] "GET /phpinfo.php HTTP/1.1" 403 58740 "-" "python-httpx/0.28.1"
