66.249.72.8 - - [01/Nov/2025:03:03:40 -0700] "GET /?info=67691276 HTTP/1.1" 200 27346 "-" "Mozilla/5.0 (Linux; Android 6.0.1; Nexus 5X Build/MMB29P) AppleWebKit/537.36 (KHTML, like Gecko) Chrome/141.0.7390.122 Mobile Safari/537.36 (compatible; Googlebot/2.1; +http://www.google.com/bot.html)"
66.249.72.1 - - [01/Nov/2025:03:03:43 -0700] "GET /?info=90401980 HTTP/1.1" 200 32939 "-" "Mozilla/5.0 (Linux; Android 6.0.1; Nexus 5X Build/MMB29P) AppleWebKit/537.36 (KHTML, like Gecko) Chrome/141.0.7390.122 Mobile Safari/537.36 (compatible; Googlebot/2.1; +http://www.google.com/bot.html)"
66.249.72.1 - - [01/Nov/2025:03:03:44 -0700] "GET /?info=112083340 HTTP/1.1" 200 31694 "-" "Mozilla/5.0 (Linux; Android 6.0.1; Nexus 5X Build/MMB29P) AppleWebKit/537.36 (KHTML, like Gecko) Chrome/141.0.7390.122 Mobile Safari/537.36 (compatible; GoogleOther)"
44.207.207.36 - - [01/Nov/2025:03:03:45 -0700] "GET /?fileloc=/home/burgaska/conductingmovements.com/wp-admin/ms-users.php&path=/home/burgaska/conductingmovements.com/wp-admin HTTP/1.1" 200 6153 "-" "Mozilla/5.0 AppleWebKit/537.36 (KHTML, like Gecko; compatible; Amazonbot/0.1; +https://developer.amazon.com/support/amazonbot) Chrome/119.0.6045.214 Safari/537.36"
54.162.69.192 - - [01/Nov/2025:03:03:48 -0700] "GET /expert-knowledge/?fileloc=/home/burgaska/conductingmovements.com/wp-includes/class-wp-paused-extensions-storage.php&path=/home/burgaska/conductingmovements.com/wp-includes HTTP/1.1" 200 7241 "-" "Mozilla/5.0 AppleWebKit/537.36 (KHTML, like Gecko; compatible; Amazonbot/0.1; +https://developer.amazon.com/support/amazonbot) Chrome/119.0.6045.214 Safari/537.36"
66.249.72.2 - - [01/Nov/2025:03:03:48 -0700] "GET /?info=90456012 HTTP/1.1" 200 35090 "-" "Mozilla/5.0 (Linux; Android 6.0.1; Nexus 5X Build/MMB29P) AppleWebKit/537.36 (KHTML, like Gecko) Chrome/141.0.7390.122 Mobile Safari/537.36 (compatible; Googlebot/2.1; +http://www.google.com/bot.html)"
3.213.85.234 - - [01/Nov/2025:03:03:51 -0700] "GET /contact/?fileloc=/home/burgaska/conductingmovements.com/wp-admin/options-discussion.php&path=/home/burgaska/conductingmovements.com/wp-admin HTTP/1.1" 200 10525 "-" "Mozilla/5.0 AppleWebKit/537.36 (KHTML, like Gecko; compatible; Amazonbot/0.1; +https://developer.amazon.com/support/amazonbot) Chrome/119.0.6045.214 Safari/537.36"
66.249.72.8 - - [01/Nov/2025:03:03:52 -0700] "GET /?info=90393992 HTTP/1.1" 200 31068 "-" "Mozilla/5.0 (Linux; Android 6.0.1; Nexus 5X Build/MMB29P) AppleWebKit/537.36 (KHTML, like Gecko) Chrome/141.0.7390.122 Mobile Safari/537.36 (compatible; Googlebot/2.1; +http://www.google.com/bot.html)"
66.249.72.2 - - [01/Nov/2025:03:03:53 -0700] "GET /?info=39890776 HTTP/1.1" 200 31562 "-" "Mozilla/5.0 (Linux; Android 6.0.1; Nexus 5X Build/MMB29P) AppleWebKit/537.36 (KHTML, like Gecko) Chrome/141.0.7390.122 Mobile Safari/537.36 (compatible; GoogleOther)"
44.205.74.196 - - [01/Nov/2025:03:03:55 -0700] "GET /expert-knowledge/?fileloc=/home/burgaska/conductingmovements.com/wp-includes/rss.php&path=/home/burgaska/conductingmovements.com/wp-includes HTTP/1.1" 200 12903 "-" "Mozilla/5.0 AppleWebKit/537.36 (KHTML, like Gecko; compatible; Amazonbot/0.1; +https://developer.amazon.com/support/amazonbot) Chrome/119.0.6045.214 Safari/537.36"
66.249.72.1 - - [01/Nov/2025:03:03:56 -0700] "GET /?info=90380364 HTTP/1.1" 200 31035 "-" "Mozilla/5.0 (Linux; Android 6.0.1; Nexus 5X Build/MMB29P) AppleWebKit/537.36 (KHTML, like Gecko) Chrome/141.0.7390.122 Mobile Safari/537.36 (compatible; Googlebot/2.1; +http://www.google.com/bot.html)"
54.156.248.117 - - [01/Nov/2025:03:03:59 -0700] "GET /contact/?fileloc=/home/burgaska/conductingmovements.com/wp-admin/site-health.php&path=/home/burgaska/conductingmovements.com/wp-admin HTTP/1.1" 200 9672 "-" "Mozilla/5.0 AppleWebKit/537.36 (KHTML, like Gecko; compatible; Amazonbot/0.1; +https://developer.amazon.com/support/amazonbot) Chrome/119.0.6045.214 Safari/537.36"
66.249.72.8 - - [01/Nov/2025:03:04:01 -0700] "GET /?info=90370580 HTTP/1.1" 200 34976 "-" "Mozilla/5.0 (Linux; Android 6.0.1; Nexus 5X Build/MMB29P) AppleWebKit/537.36 (KHTML, like Gecko) Chrome/141.0.7390.122 Mobile Safari/537.36 (compatible; Googlebot/2.1; +http://www.google.com/bot.html)"
100.28.57.133 - - [01/Nov/2025:03:04:02 -0700] "GET /contact/?fileloc=/home/burgaska/conductingmovements.com/wp-admin/widgets-form-blocks.php&path=/home/burgaska/conductingmovements.com/wp-admin HTTP/1.1" 200 7698 "-" "Mozilla/5.0 AppleWebKit/537.36 (KHTML, like Gecko; compatible; Amazonbot/0.1; +https://developer.amazon.com/support/amazonbot) Chrome/119.0.6045.214 Safari/537.36"
66.249.72.2 - - [01/Nov/2025:03:04:02 -0700] "GET /?info=27285568 HTTP/1.1" 200 31573 "-" "Mozilla/5.0 (Linux; Android 6.0.1; Nexus 5X Build/MMB29P) AppleWebKit/537.36 (KHTML, like Gecko) Chrome/141.0.7390.122 Mobile Safari/537.36 (compatible; GoogleOther)"
34.239.197.197 - - [01/Nov/2025:03:04:06 -0700] "GET /contact/?fileloc=/home/burgaska/conductingmovements.com/wp-includes/functions.wp-styles.php&path=/home/burgaska/conductingmovements.com/wp-includes HTTP/1.1" 200 8326 "-" "Mozilla/5.0 AppleWebKit/537.36 (KHTML, like Gecko; compatible; Amazonbot/0.1; +https://developer.amazon.com/support/amazonbot) Chrome/119.0.6045.214 Safari/537.36"
66.249.72.1 - - [01/Nov/2025:03:04:08 -0700] "GET /?info=90478912 HTTP/1.1" 200 30956 "-" "Mozilla/5.0 (Linux; Android 6.0.1; Nexus 5X Build/MMB29P) AppleWebKit/537.36 (KHTML, like Gecko) Chrome/141.0.7390.122 Mobile Safari/537.36 (compatible; Googlebot/2.1; +http://www.google.com/bot.html)"
66.249.72.1 - - [01/Nov/2025:03:04:11 -0700] "GET /?info=98071792 HTTP/1.1" 200 31425 "-" "Mozilla/5.0 (Linux; Android 6.0.1; Nexus 5X Build/MMB29P) AppleWebKit/537.36 (KHTML, like Gecko) Chrome/141.0.7390.122 Mobile Safari/537.36 (compatible; GoogleOther)"
66.249.72.8 - - [01/Nov/2025:03:04:13 -0700] "GET /?info=90480204 HTTP/1.1" 200 30734 "-" "Mozilla/5.0 (Linux; Android 6.0.1; Nexus 5X Build/MMB29P) AppleWebKit/537.36 (KHTML, like Gecko) Chrome/141.0.7390.122 Mobile Safari/537.36 (compatible; Googlebot/2.1; +http://www.google.com/bot.html)"
3.223.181.32 - - [01/Nov/2025:03:04:14 -0700] "GET /?fileloc=/home/burgaska/conductingmovements.com/wp-includes/ms-default-filters.php&path=/home/burgaska/conductingmovements.com/wp-includes HTTP/1.1" 200 7808 "-" "Mozilla/5.0 AppleWebKit/537.36 (KHTML, like Gecko; compatible; Amazonbot/0.1; +https://developer.amazon.com/support/amazonbot) Chrome/119.0.6045.214 Safari/537.36"
34.233.219.155 - - [01/Nov/2025:03:04:15 -0700] "GET /contact/?fileloc=/home/burgaska/conductingmovements.com/wp-includes/embed.php&path=/home/burgaska/conductingmovements.com/wp-includes HTTP/1.1" 200 16420 "-" "Mozilla/5.0 AppleWebKit/537.36 (KHTML, like Gecko; compatible; Amazonbot/0.1; +https://developer.amazon.com/support/amazonbot) Chrome/119.0.6045.214 Safari/537.36"
66.249.72.8 - - [01/Nov/2025:03:04:17 -0700] "GET /?info=90436712 HTTP/1.1" 200 30444 "-" "Mozilla/5.0 (Linux; Android 6.0.1; Nexus 5X Build/MMB29P) AppleWebKit/537.36 (KHTML, like Gecko) Chrome/141.0.7390.122 Mobile Safari/537.36 (compatible; Googlebot/2.1; +http://www.google.com/bot.html)"
52.205.113.104 - - [01/Nov/2025:03:04:18 -0700] "GET /expert-knowledge/?fileloc=/home/burgaska/conductingmovements.com/wp-admin/admin-header.php&path=/home/burgaska/conductingmovements.com/wp-admin HTTP/1.1" 200 9008 "-" "Mozilla/5.0 AppleWebKit/537.36 (KHTML, like Gecko; compatible; Amazonbot/0.1; +https://developer.amazon.com/support/amazonbot) Chrome/119.0.6045.214 Safari/537.36"
66.249.72.8 - - [01/Nov/2025:03:04:21 -0700] "GET /?info=108502536 HTTP/1.1" 200 31197 "-" "Mozilla/5.0 (Linux; Android 6.0.1; Nexus 5X Build/MMB29P) AppleWebKit/537.36 (KHTML, like Gecko) Chrome/141.0.7390.122 Mobile Safari/537.36 (compatible; GoogleOther)"
66.249.72.8 - - [01/Nov/2025:03:04:21 -0700] "GET /?info=697753152 HTTP/1.1" 200 30072 "-" "Mozilla/5.0 (Linux; Android 6.0.1; Nexus 5X Build/MMB29P) AppleWebKit/537.36 (KHTML, like Gecko) Chrome/141.0.7390.122 Mobile Safari/537.36 (compatible; Googlebot/2.1; +http://www.google.com/bot.html)"
66.249.72.8 - - [01/Nov/2025:03:04:22 -0700] "GET /?info=90403256 HTTP/1.1" 200 27774 "-" "Mozilla/5.0 (Linux; Android 6.0.1; Nexus 5X Build/MMB29P) AppleWebKit/537.36 (KHTML, like Gecko) Chrome/141.0.7390.122 Mobile Safari/537.36 (compatible; Googlebot/2.1; +http://www.google.com/bot.html)"
34.203.111.15 - - [01/Nov/2025:03:04:23 -0700] "GET /secrets-to-winning-togel-online-2025/?fileloc=/home/burgaska/conductingmovements.com/wp-includes/block-editor.php&path=/home/burgaska/conductingmovements.com/wp-includes HTTP/1.1" 200 12646 "-" "Mozilla/5.0 AppleWebKit/537.36 (KHTML, like Gecko; compatible; Amazonbot/0.1; +https://developer.amazon.com/support/amazonbot) Chrome/119.0.6045.214 Safari/537.36"
216.73.216.32 - - [01/Nov/2025:03:04:24 -0700] "GET /movement-activities?fileloc=%2Fhome%2Fburgaska%2Fconductingmovements.com%2Fwp-includes%2Ffeed-rss2.php&path=%2Fhome%2Fburgaska%2Fconductingmovements.com%2Fwp-includes HTTP/2.0" 200 4128 "-" "Mozilla/5.0 AppleWebKit/537.36 (KHTML, like Gecko; compatible; ClaudeBot/1.0; +claudebot@anthropic.com)"
66.249.72.1 - - [01/Nov/2025:03:04:26 -0700] "GET /?info=90363624 HTTP/1.1" 200 31643 "-" "Mozilla/5.0 (Linux; Android 6.0.1; Nexus 5X Build/MMB29P) AppleWebKit/537.36 (KHTML, like Gecko) Chrome/141.0.7390.122 Mobile Safari/537.36 (compatible; Googlebot/2.1; +http://www.google.com/bot.html)"
216.73.216.32 - - [01/Nov/2025:03:04:27 -0700] "GET /movement-activities?fileloc=%2Fhome%2Fburgaska%2Fconductingmovements.com%2Fwp-includes%2Fclass-wp-customize-setting.php&path=%2Fhome%2Fburgaska%2Fconductingmovements.com%2Fwp-includes HTTP/2.0" 200 9438 "-" "Mozilla/5.0 AppleWebKit/537.36 (KHTML, like Gecko; compatible; ClaudeBot/1.0; +claudebot@anthropic.com)"
66.249.72.1 - - [01/Nov/2025:03:04:28 -0700] "GET /?info=701700136 HTTP/1.1" 200 31137 "-" "Mozilla/5.0 (Linux; Android 6.0.1; Nexus 5X Build/MMB29P) AppleWebKit/537.36 (KHTML, like Gecko) Chrome/141.0.7390.122 Mobile Safari/537.36 (compatible; GoogleOther)"
23.21.148.226 - - [01/Nov/2025:03:04:28 -0700] "GET /contact/?fileloc=/home/burgaska/conductingmovements.com/wp/wp-links-opml.php&path=/home/burgaska/conductingmovements.com/wp HTTP/1.1" 200 7150 "-" "Mozilla/5.0 AppleWebKit/537.36 (KHTML, like Gecko; compatible; Amazonbot/0.1; +https://developer.amazon.com/support/amazonbot) Chrome/119.0.6045.214 Safari/537.36"
66.249.72.1 - - [01/Nov/2025:03:04:29 -0700] "GET /?info=90518544 HTTP/1.1" 200 28414 "-" "Mozilla/5.0 (Linux; Android 6.0.1; Nexus 5X Build/MMB29P) AppleWebKit/537.36 (KHTML, like Gecko) Chrome/141.0.7390.122 Mobile Safari/537.36 (compatible; Googlebot/2.1; +http://www.google.com/bot.html)"
216.73.216.32 - - [01/Nov/2025:03:04:30 -0700] "GET /movement-activities?fileloc=%2Fhome%2Fburgaska%2Fconductingmovements.com%2Fwp-includes%2Fclass-wp-network-query.php&path=%2Fhome%2Fburgaska%2Fconductingmovements.com%2Fwp-includes HTTP/2.0" 200 7482 "-" "Mozilla/5.0 AppleWebKit/537.36 (KHTML, like Gecko; compatible; ClaudeBot/1.0; +claudebot@anthropic.com)"
3.211.105.134 - - [01/Nov/2025:03:04:31 -0700] "GET /contact/?fileloc=/home/burgaska/conductingmovements.com/wp-includes/class-wp-tax-query.php&path=/home/burgaska/conductingmovements.com/wp-includes HTTP/1.1" 200 11454 "-" "Mozilla/5.0 AppleWebKit/537.36 (KHTML, like Gecko; compatible; Amazonbot/0.1; +https://developer.amazon.com/support/amazonbot) Chrome/119.0.6045.214 Safari/537.36"
66.249.72.1 - - [01/Nov/2025:03:04:32 -0700] "GET /?info=686917880 HTTP/1.1" 200 27579 "-" "Mozilla/5.0 (Linux; Android 6.0.1; Nexus 5X Build/MMB29P) AppleWebKit/537.36 (KHTML, like Gecko) Chrome/141.0.7390.122 Mobile Safari/537.36 (compatible; GoogleOther)"
216.73.216.32 - - [01/Nov/2025:03:04:33 -0700] "GET /movement-activities?fileloc=%2Fhome%2Fburgaska%2Fconductingmovements.com%2Fwp-includes%2Fclass-wp-block.php&path=%2Fhome%2Fburgaska%2Fconductingmovements.com%2Fwp-includes HTTP/2.0" 200 4979 "-" "Mozilla/5.0 AppleWebKit/537.36 (KHTML, like Gecko; compatible; ClaudeBot/1.0; +claudebot@anthropic.com)"
66.249.72.1 - - [01/Nov/2025:03:04:34 -0700] "GET /?info=90366712 HTTP/1.1" 200 27839 "-" "Mozilla/5.0 (Linux; Android 6.0.1; Nexus 5X Build/MMB29P) AppleWebKit/537.36 (KHTML, like Gecko) Chrome/141.0.7390.122 Mobile Safari/537.36 (compatible; Googlebot/2.1; +http://www.google.com/bot.html)"
44.212.106.171 - - [01/Nov/2025:03:04:34 -0700] "GET /contact/?fileloc=/home/burgaska/conductingmovements.com/wp-includes/class-oembed.php&path=/home/burgaska/conductingmovements.com/wp-includes HTTP/1.1" 200 6215 "-" "Mozilla/5.0 AppleWebKit/537.36 (KHTML, like Gecko; compatible; Amazonbot/0.1; +https://developer.amazon.com/support/amazonbot) Chrome/119.0.6045.214 Safari/537.36"
216.73.216.32 - - [01/Nov/2025:03:04:36 -0700] "GET /movement-activities?fileloc=%2Fhome%2Fburgaska%2Fconductingmovements.com%2Fwp-includes%2Fclass-wp-theme-json-schema.php&path=%2Fhome%2Fburgaska%2Fconductingmovements.com%2Fwp-includes HTTP/2.0" 200 4026 "-" "Mozilla/5.0 AppleWebKit/537.36 (KHTML, like Gecko; compatible; ClaudeBot/1.0; +claudebot@anthropic.com)"
66.249.72.8 - - [01/Nov/2025:03:04:38 -0700] "GET /?info=90463984 HTTP/1.1" 200 31016 "-" "Mozilla/5.0 (Linux; Android 6.0.1; Nexus 5X Build/MMB29P) AppleWebKit/537.36 (KHTML, like Gecko) Chrome/141.0.7390.122 Mobile Safari/537.36 (compatible; Googlebot/2.1; +http://www.google.com/bot.html)"
18.213.240.226 - - [01/Nov/2025:03:04:39 -0700] "GET /expert-knowledge/?fileloc=/home/burgaska/conductingmovements.com/wp-admin/press-this.php&path=/home/burgaska/conductingmovements.com/wp-admin HTTP/1.1" 200 7023 "-" "Mozilla/5.0 AppleWebKit/537.36 (KHTML, like Gecko; compatible; Amazonbot/0.1; +https://developer.amazon.com/support/amazonbot) Chrome/119.0.6045.214 Safari/537.36"
216.73.216.32 - - [01/Nov/2025:03:04:39 -0700] "GET /movement-activities?fileloc=%2Fhome%2Fburgaska%2Fconductingmovements.com%2Fwp-includes%2Fclass-wp-scripts.php&path=%2Fhome%2Fburgaska%2Fconductingmovements.com%2Fwp-includes HTTP/2.0" 200 9545 "-" "Mozilla/5.0 AppleWebKit/537.36 (KHTML, like Gecko; compatible; ClaudeBot/1.0; +claudebot@anthropic.com)"
66.249.72.1 - - [01/Nov/2025:03:04:39 -0700] "GET /?info=34839076 HTTP/1.1" 200 31688 "-" "Mozilla/5.0 (Linux; Android 6.0.1; Nexus 5X Build/MMB29P) AppleWebKit/537.36 (KHTML, like Gecko) Chrome/141.0.7390.122 Mobile Safari/537.36 (compatible; GoogleOther)"
216.73.216.32 - - [01/Nov/2025:03:04:42 -0700] "GET /movement-activities?fileloc=%2Fhome%2Fburgaska%2Fconductingmovements.com%2Fwp-includes%2Fclass-wp-error.php&path=%2Fhome%2Fburgaska%2Fconductingmovements.com%2Fwp-includes HTTP/2.0" 200 4471 "-" "Mozilla/5.0 AppleWebKit/537.36 (KHTML, like Gecko; compatible; ClaudeBot/1.0; +claudebot@anthropic.com)"
66.249.72.1 - - [01/Nov/2025:03:04:42 -0700] "GET /?info=90406344 HTTP/1.1" 200 31818 "-" "Mozilla/5.0 (Linux; Android 6.0.1; Nexus 5X Build/MMB29P) AppleWebKit/537.36 (KHTML, like Gecko) Chrome/141.0.7390.122 Mobile Safari/537.36 (compatible; Googlebot/2.1; +http://www.google.com/bot.html)"
23.23.212.212 - - [01/Nov/2025:03:04:42 -0700] "GET /?fileloc=/home/burgaska/conductingmovements.com/wp-admin/widgets-form-blocks.php&path=/home/burgaska/conductingmovements.com/wp-admin HTTP/1.1" 200 7698 "-" "Mozilla/5.0 AppleWebKit/537.36 (KHTML, like Gecko; compatible; Amazonbot/0.1; +https://developer.amazon.com/support/amazonbot) Chrome/119.0.6045.214 Safari/537.36"
50.19.221.48 - - [01/Nov/2025:03:04:47 -0700] "GET /expert-knowledge/?fileloc=/home/burgaska/conductingmovements.com/wp/wp-config.php&path=/home/burgaska/conductingmovements.com/wp HTTP/1.1" 418 3887 "-" "Mozilla/5.0 AppleWebKit/537.36 (KHTML, like Gecko; compatible; Amazonbot/0.1; +https://developer.amazon.com/support/amazonbot) Chrome/119.0.6045.214 Safari/537.36"
66.249.72.8 - - [01/Nov/2025:03:04:48 -0700] "GET /?info=683844548 HTTP/1.1" 200 33187 "-" "Mozilla/5.0 (Linux; Android 6.0.1; Nexus 5X Build/MMB29P) AppleWebKit/537.36 (KHTML, like Gecko) Chrome/141.0.7390.122 Mobile Safari/537.36 (compatible; GoogleOther)"
114.119.150.41 - - [01/Nov/2025:03:04:48 -0700] "GET /?info=316447180 HTTP/1.1" 200 7794 "https://www.conductingmovements.com/sitemap.xml" "Mozilla/5.0 (Linux; Android 7.0;) AppleWebKit/537.36 (KHTML, like Gecko) Mobile Safari/537.36 (compatible; PetalBot;+https://webmaster.petalsearch.com/site/petalbot)"
66.249.72.8 - - [01/Nov/2025:03:04:49 -0700] "GET /?info=90382932 HTTP/1.1" 200 32308 "-" "Mozilla/5.0 (Linux; Android 6.0.1; Nexus 5X Build/MMB29P) AppleWebKit/537.36 (KHTML, like Gecko) Chrome/141.0.7390.122 Mobile Safari/537.36 (compatible; Googlebot/2.1; +http://www.google.com/bot.html)"
44.217.177.142 - - [01/Nov/2025:03:04:51 -0700] "GET /expert-knowledge/?fileloc=/home/burgaska/conductingmovements.com/wp-includes/class-wp-network.php&path=/home/burgaska/conductingmovements.com/wp-includes HTTP/1.1" 200 9807 "-" "Mozilla/5.0 AppleWebKit/537.36 (KHTML, like Gecko; compatible; Amazonbot/0.1; +https://developer.amazon.com/support/amazonbot) Chrome/119.0.6045.214 Safari/537.36"
66.249.72.1 - - [01/Nov/2025:03:04:53 -0700] "GET /?info=90443660 HTTP/1.1" 200 32940 "-" "Mozilla/5.0 (Linux; Android 6.0.1; Nexus 5X Build/MMB29P) AppleWebKit/537.36 (KHTML, like Gecko) Chrome/141.0.7390.122 Mobile Safari/537.36 (compatible; Googlebot/2.1; +http://www.google.com/bot.html)"
34.236.41.241 - - [01/Nov/2025:03:04:55 -0700] "GET /secrets-to-winning-togel-online-2025/?fileloc=/home/burgaska/conductingmovements.com/wp-includes/class-wp-theme-json-data.php&path=/home/burgaska/conductingmovements.com/wp-includes HTTP/1.1" 200 6602 "-" "Mozilla/5.0 AppleWebKit/537.36 (KHTML, like Gecko; compatible; Amazonbot/0.1; +https://developer.amazon.com/support/amazonbot) Chrome/119.0.6045.214 Safari/537.36"
66.249.72.1 - - [01/Nov/2025:03:04:57 -0700] "GET /?info=34324144 HTTP/1.1" 200 31704 "-" "Mozilla/5.0 (Linux; Android 6.0.1; Nexus 5X Build/MMB29P) AppleWebKit/537.36 (KHTML, like Gecko) Chrome/141.0.7390.122 Mobile Safari/537.36 (compatible; GoogleOther)"
66.249.72.8 - - [01/Nov/2025:03:04:58 -0700] "GET /?info=67798332 HTTP/1.1" 200 34463 "-" "Mozilla/5.0 (Linux; Android 6.0.1; Nexus 5X Build/MMB29P) AppleWebKit/537.36 (KHTML, like Gecko) Chrome/141.0.7390.122 Mobile Safari/537.36 (compatible; Googlebot/2.1; +http://www.google.com/bot.html)"
66.249.72.2 - - [01/Nov/2025:03:04:58 -0700] "GET /?info=90444180 HTTP/1.1" 200 34200 "-" "Mozilla/5.0 (Linux; Android 6.0.1; Nexus 5X Build/MMB29P) AppleWebKit/537.36 (KHTML, like Gecko) Chrome/141.0.7390.122 Mobile Safari/537.36 (compatible; Googlebot/2.1; +http://www.google.com/bot.html)"
66.249.72.1 - - [01/Nov/2025:03:04:59 -0700] "GET /?info=58869624 HTTP/1.1" 200 31826 "-" "Mozilla/5.0 (Linux; Android 6.0.1; Nexus 5X Build/MMB29P) AppleWebKit/537.36 (KHTML, like Gecko) Chrome/141.0.7390.122 Mobile Safari/537.36 (compatible; Googlebot/2.1; +http://www.google.com/bot.html)"
66.249.72.1 - - [01/Nov/2025:03:05:01 -0700] "GET /?info=90423840 HTTP/1.1" 200 28811 "-" "Mozilla/5.0 (Linux; Android 6.0.1; Nexus 5X Build/MMB29P) AppleWebKit/537.36 (KHTML, like Gecko) Chrome/141.0.7390.122 Mobile Safari/537.36 (compatible; Googlebot/2.1; +http://www.google.com/bot.html)"
34.233.219.155 - - [01/Nov/2025:03:05:01 -0700] "GET /secrets-to-winning-togel-online-2025/?fileloc=/home/burgaska/conductingmovements.com/wp-admin/menu.php&path=/home/burgaska/conductingmovements.com/wp-admin HTTP/1.1" 200 10682 "-" "Mozilla/5.0 AppleWebKit/537.36 (KHTML, like Gecko; compatible; Amazonbot/0.1; +https://developer.amazon.com/support/amazonbot) Chrome/119.0.6045.214 Safari/537.36"
23.22.105.143 - - [01/Nov/2025:03:05:03 -0700] "GET /secrets-to-winning-togel-online-2025/?fileloc=/home/burgaska/conductingmovements.com/wp-admin/ms-admin.php&path=/home/burgaska/conductingmovements.com/wp-admin HTTP/1.1" 200 6140 "-" "Mozilla/5.0 AppleWebKit/537.36 (KHTML, like Gecko; compatible; Amazonbot/0.1; +https://developer.amazon.com/support/amazonbot) Chrome/119.0.6045.214 Safari/537.36"
66.249.72.1 - - [01/Nov/2025:03:05:05 -0700] "GET /?info=90497440 HTTP/1.1" 200 33590 "-" "Mozilla/5.0 (Linux; Android 6.0.1; Nexus 5X Build/MMB29P) AppleWebKit/537.36 (KHTML, like Gecko) Chrome/141.0.7390.122 Mobile Safari/537.36 (compatible; Googlebot/2.1; +http://www.google.com/bot.html)"
35.172.125.172 - - [01/Nov/2025:03:05:06 -0700] "GET /secrets-to-winning-togel-online-2025/?fileloc=/home/burgaska/conductingmovements.com/wp-includes/class-snoopy.php&path=/home/burgaska/conductingmovements.com/wp-includes HTTP/1.1" 200 14498 "-" "Mozilla/5.0 AppleWebKit/537.36 (KHTML, like Gecko; compatible; Amazonbot/0.1; +https://developer.amazon.com/support/amazonbot) Chrome/119.0.6045.214 Safari/537.36"
66.249.72.1 - - [01/Nov/2025:03:05:06 -0700] "GET /?info=671244996 HTTP/1.1" 200 31090 "-" "Mozilla/5.0 (Linux; Android 6.0.1; Nexus 5X Build/MMB29P) AppleWebKit/537.36 (KHTML, like Gecko) Chrome/141.0.7390.122 Mobile Safari/537.36 (compatible; GoogleOther)"
66.249.72.8 - - [01/Nov/2025:03:05:10 -0700] "GET /?info=678870300 HTTP/1.1" 200 32172 "-" "Mozilla/5.0 (Linux; Android 6.0.1; Nexus 5X Build/MMB29P) AppleWebKit/537.36 (KHTML, like Gecko) Chrome/141.0.7390.122 Mobile Safari/537.36 (compatible; Googlebot/2.1; +http://www.google.com/bot.html)"
54.147.182.90 - - [01/Nov/2025:03:05:10 -0700] "GET /secrets-to-winning-togel-online-2025/?fileloc=/home/burgaska/conductingmovements.com/wp-admin/ms-sites.php&path=/home/burgaska/conductingmovements.com/wp-admin HTTP/1.1" 200 6151 "-" "Mozilla/5.0 AppleWebKit/537.36 (KHTML, like Gecko; compatible; Amazonbot/0.1; +https://developer.amazon.com/support/amazonbot) Chrome/119.0.6045.214 Safari/537.36"
66.249.72.8 - - [01/Nov/2025:03:05:15 -0700] "GET /?info=678844816 HTTP/1.1" 200 30338 "-" "Mozilla/5.0 (Linux; Android 6.0.1; Nexus 5X Build/MMB29P) AppleWebKit/537.36 (KHTML, like Gecko) Chrome/141.0.7390.122 Mobile Safari/537.36 (compatible; Googlebot/2.1; +http://www.google.com/bot.html)"
66.249.72.8 - - [01/Nov/2025:03:05:15 -0700] "GET /?info=85009552 HTTP/1.1" 200 30449 "-" "Mozilla/5.0 (Linux; Android 6.0.1; Nexus 5X Build/MMB29P) AppleWebKit/537.36 (KHTML, like Gecko) Chrome/141.0.7390.122 Mobile Safari/537.36 (compatible; GoogleOther)"
66.249.72.8 - - [01/Nov/2025:03:05:19 -0700] "GET /?info=680980428 HTTP/1.1" 200 33464 "-" "Mozilla/5.0 (Linux; Android 6.0.1; Nexus 5X Build/MMB29P) AppleWebKit/537.36 (KHTML, like Gecko) Chrome/141.0.7390.122 Mobile Safari/537.36 (compatible; Googlebot/2.1; +http://www.google.com/bot.html)"
66.249.72.8 - - [01/Nov/2025:03:05:20 -0700] "GET /?info=705806412 HTTP/1.1" 200 31826 "-" "Mozilla/5.0 (Linux; Android 6.0.1; Nexus 5X Build/MMB29P) AppleWebKit/537.36 (KHTML, like Gecko) Chrome/141.0.7390.122 Mobile Safari/537.36 (compatible; GoogleOther)"
66.249.72.1 - - [01/Nov/2025:03:05:24 -0700] "GET /?info=92424864 HTTP/1.1" 200 32507 "-" "Mozilla/5.0 (Linux; Android 6.0.1; Nexus 5X Build/MMB29P) AppleWebKit/537.36 (KHTML, like Gecko) Chrome/141.0.7390.122 Mobile Safari/537.36 (compatible; Googlebot/2.1; +http://www.google.com/bot.html)"
66.249.72.1 - - [01/Nov/2025:03:05:25 -0700] "GET /?info=38104636 HTTP/1.1" 200 30417 "-" "Mozilla/5.0 (Linux; Android 6.0.1; Nexus 5X Build/MMB29P) AppleWebKit/537.36 (KHTML, like Gecko) Chrome/141.0.7390.122 Mobile Safari/537.36 (compatible; GoogleOther)"
66.249.72.8 - - [01/Nov/2025:03:05:29 -0700] "GET /?info=92395276 HTTP/1.1" 200 31129 "-" "Mozilla/5.0 (Linux; Android 6.0.1; Nexus 5X Build/MMB29P) AppleWebKit/537.36 (KHTML, like Gecko) Chrome/141.0.7390.122 Mobile Safari/537.36 (compatible; Googlebot/2.1; +http://www.google.com/bot.html)"
23.21.119.232 - - [01/Nov/2025:03:05:31 -0700] "GET /secrets-to-winning-togel-online-2025/?fileloc=/home/burgaska/conductingmovements.com/wp-admin/term.php&path=/home/burgaska/conductingmovements.com/wp-admin HTTP/1.1" 200 7009 "-" "Mozilla/5.0 AppleWebKit/537.36 (KHTML, like Gecko; compatible; Amazonbot/0.1; +https://developer.amazon.com/support/amazonbot) Chrome/119.0.6045.214 Safari/537.36"
66.249.72.8 - - [01/Nov/2025:03:05:33 -0700] "GET /?info=681039872 HTTP/1.1" 200 29142 "-" "Mozilla/5.0 (Linux; Android 6.0.1; Nexus 5X Build/MMB29P) AppleWebKit/537.36 (KHTML, like Gecko) Chrome/141.0.7390.122 Mobile Safari/537.36 (compatible; Googlebot/2.1; +http://www.google.com/bot.html)"
66.249.72.8 - - [01/Nov/2025:03:05:34 -0700] "GET /?info=678795920 HTTP/1.1" 200 31681 "-" "Mozilla/5.0 (Linux; Android 6.0.1; Nexus 5X Build/MMB29P) AppleWebKit/537.36 (KHTML, like Gecko) Chrome/141.0.7390.122 Mobile Safari/537.36 (compatible; GoogleOther)"
3.216.13.10 - - [01/Nov/2025:03:05:35 -0700] "GET /secrets-to-winning-togel-online-2025/?fileloc=/home/burgaska/conductingmovements.com/wp-admin/link-parse-opml.php&path=/home/burgaska/conductingmovements.com/wp-admin HTTP/1.1" 200 7030 "-" "Mozilla/5.0 AppleWebKit/537.36 (KHTML, like Gecko; compatible; Amazonbot/0.1; +https://developer.amazon.com/support/amazonbot) Chrome/119.0.6045.214 Safari/537.36"
66.249.72.1 - - [01/Nov/2025:03:05:38 -0700] "GET /?info=681080788 HTTP/1.1" 200 33248 "-" "Mozilla/5.0 (Linux; Android 6.0.1; Nexus 5X Build/MMB29P) AppleWebKit/537.36 (KHTML, like Gecko) Chrome/141.0.7390.122 Mobile Safari/537.36 (compatible; Googlebot/2.1; +http://www.google.com/bot.html)"
66.249.72.8 - - [01/Nov/2025:03:05:38 -0700] "GET /?info=88539136 HTTP/1.1" 200 31891 "-" "Mozilla/5.0 (Linux; Android 6.0.1; Nexus 5X Build/MMB29P) AppleWebKit/537.36 (KHTML, like Gecko) Chrome/141.0.7390.122 Mobile Safari/537.36 (compatible; Googlebot/2.1; +http://www.google.com/bot.html)"
66.249.72.8 - - [01/Nov/2025:03:05:39 -0700] "GET /?info=74558208 HTTP/1.1" 200 28323 "-" "Mozilla/5.0 (Linux; Android 6.0.1; Nexus 5X Build/MMB29P) AppleWebKit/537.36 (KHTML, like Gecko) Chrome/141.0.7390.122 Mobile Safari/537.36 (compatible; Googlebot/2.1; +http://www.google.com/bot.html)"
66.249.72.8 - - [01/Nov/2025:03:05:42 -0700] "GET /?info=679129936 HTTP/1.1" 200 29357 "-" "Mozilla/5.0 (Linux; Android 6.0.1; Nexus 5X Build/MMB29P) AppleWebKit/537.36 (KHTML, like Gecko) Chrome/141.0.7390.122 Mobile Safari/537.36 (compatible; Googlebot/2.1; +http://www.google.com/bot.html)"
98.82.40.168 - - [01/Nov/2025:03:05:42 -0700] "GET /expert-knowledge/?fileloc=/home/burgaska/conductingmovements.com/wp-includes/class-wp-dependencies.php&path=/home/burgaska/conductingmovements.com/wp-includes HTTP/1.1" 200 9354 "-" "Mozilla/5.0 AppleWebKit/537.36 (KHTML, like Gecko; compatible; Amazonbot/0.1; +https://developer.amazon.com/support/amazonbot) Chrome/119.0.6045.214 Safari/537.36"
66.249.72.2 - - [01/Nov/2025:03:05:43 -0700] "GET /?info=105158232 HTTP/1.1" 200 33073 "-" "Mozilla/5.0 (Linux; Android 6.0.1; Nexus 5X Build/MMB29P) AppleWebKit/537.36 (KHTML, like Gecko) Chrome/141.0.7390.122 Mobile Safari/537.36 (compatible; GoogleOther)"
66.249.72.8 - - [01/Nov/2025:03:05:49 -0700] "GET /?info=680988920 HTTP/1.1" 200 32469 "-" "Mozilla/5.0 (Linux; Android 6.0.1; Nexus 5X Build/MMB29P) AppleWebKit/537.36 (KHTML, like Gecko) Chrome/141.0.7390.122 Mobile Safari/537.36 (compatible; Googlebot/2.1; +http://www.google.com/bot.html)"
66.249.72.1 - - [01/Nov/2025:03:05:52 -0700] "GET /?info=682519804 HTTP/1.1" 200 33973 "-" "Mozilla/5.0 (Linux; Android 6.0.1; Nexus 5X Build/MMB29P) AppleWebKit/537.36 (KHTML, like Gecko) Chrome/141.0.7390.122 Mobile Safari/537.36 (compatible; GoogleOther)"
66.249.72.8 - - [01/Nov/2025:03:05:53 -0700] "GET /?info=681011316 HTTP/1.1" 200 28874 "-" "Mozilla/5.0 (Linux; Android 6.0.1; Nexus 5X Build/MMB29P) AppleWebKit/537.36 (KHTML, like Gecko) Chrome/141.0.7390.122 Mobile Safari/537.36 (compatible; Googlebot/2.1; +http://www.google.com/bot.html)"
66.249.72.8 - - [01/Nov/2025:03:05:57 -0700] "GET /?info=92292860 HTTP/1.1" 200 27875 "-" "Mozilla/5.0 (Linux; Android 6.0.1; Nexus 5X Build/MMB29P) AppleWebKit/537.36 (KHTML, like Gecko) Chrome/141.0.7390.122 Mobile Safari/537.36 (compatible; Googlebot/2.1; +http://www.google.com/bot.html)"
216.73.216.32 - - [01/Nov/2025:03:05:57 -0700] "GET /movement-activities?path=%2F%2Fsys HTTP/2.0" 200 3225 "-" "Mozilla/5.0 AppleWebKit/537.36 (KHTML, like Gecko; compatible; ClaudeBot/1.0; +claudebot@anthropic.com)"
216.73.216.32 - - [01/Nov/2025:03:06:00 -0700] "GET /movement-activities?fileloc=%2F%2Ferror.log&path=%2F HTTP/2.0" 200 2568 "-" "Mozilla/5.0 AppleWebKit/537.36 (KHTML, like Gecko; compatible; ClaudeBot/1.0; +claudebot@anthropic.com)"
66.249.72.2 - - [01/Nov/2025:03:06:01 -0700] "GET /?info=702438680 HTTP/1.1" 200 33349 "-" "Mozilla/5.0 (Linux; Android 6.0.1; Nexus 5X Build/MMB29P) AppleWebKit/537.36 (KHTML, like Gecko) Chrome/141.0.7390.122 Mobile Safari/537.36 (compatible; GoogleOther)"
66.249.72.2 - - [01/Nov/2025:03:06:02 -0700] "GET /?info=92339944 HTTP/1.1" 200 30947 "-" "Mozilla/5.0 (Linux; Android 6.0.1; Nexus 5X Build/MMB29P) AppleWebKit/537.36 (KHTML, like Gecko) Chrome/141.0.7390.122 Mobile Safari/537.36 (compatible; Googlebot/2.1; +http://www.google.com/bot.html)"
216.73.216.32 - - [01/Nov/2025:03:06:03 -0700] "GET /movement-activities?path=%2F%2Fdh HTTP/2.0" 200 3205 "-" "Mozilla/5.0 AppleWebKit/537.36 (KHTML, like Gecko; compatible; ClaudeBot/1.0; +claudebot@anthropic.com)"
216.73.216.32 - - [01/Nov/2025:03:06:06 -0700] "GET /movement-activities?path=%2F%2Fhome HTTP/2.0" 200 2616 "-" "Mozilla/5.0 AppleWebKit/537.36 (KHTML, like Gecko; compatible; ClaudeBot/1.0; +claudebot@anthropic.com)"
66.249.72.8 - - [01/Nov/2025:03:06:06 -0700] "GET /?info=92280508 HTTP/1.1" 200 30917 "-" "Mozilla/5.0 (Linux; Android 6.0.1; Nexus 5X Build/MMB29P) AppleWebKit/537.36 (KHTML, like Gecko) Chrome/141.0.7390.122 Mobile Safari/537.36 (compatible; Googlebot/2.1; +http://www.google.com/bot.html)"
23.23.213.182 - - [01/Nov/2025:03:06:08 -0700] "GET /secrets-to-winning-togel-online-2025/?fileloc=/home/burgaska/conductingmovements.com/wp/.htaccess&path=/home/burgaska/conductingmovements.com/wp HTTP/1.1" 200 6805 "-" "Mozilla/5.0 AppleWebKit/537.36 (KHTML, like Gecko; compatible; Amazonbot/0.1; +https://developer.amazon.com/support/amazonbot) Chrome/119.0.6045.214 Safari/537.36"
216.73.216.32 - - [01/Nov/2025:03:06:09 -0700] "GET /movement-activities?path=%2Fhome%2Fburgaska%2Flogs HTTP/2.0" 200 3500 "-" "Mozilla/5.0 AppleWebKit/537.36 (KHTML, like Gecko; compatible; ClaudeBot/1.0; +claudebot@anthropic.com)"
66.249.72.8 - - [01/Nov/2025:03:06:10 -0700] "GET /?info=92335580 HTTP/1.1" 200 27633 "-" "Mozilla/5.0 (Linux; Android 6.0.1; Nexus 5X Build/MMB29P) AppleWebKit/537.36 (KHTML, like Gecko) Chrome/141.0.7390.122 Mobile Safari/537.36 (compatible; Googlebot/2.1; +http://www.google.com/bot.html)"
66.249.72.8 - - [01/Nov/2025:03:06:11 -0700] "GET /?info=701064000 HTTP/1.1" 200 31988 "-" "Mozilla/5.0 (Linux; Android 6.0.1; Nexus 5X Build/MMB29P) AppleWebKit/537.36 (KHTML, like Gecko) Chrome/141.0.7390.122 Mobile Safari/537.36 (compatible; GoogleOther)"
216.73.216.32 - - [01/Nov/2025:03:06:12 -0700] "GET /movement-activities?fileloc=%2Fhome%2Fburgaska%2F.alias&path=%2Fhome%2Fburgaska HTTP/2.0" 200 2757 "-" "Mozilla/5.0 AppleWebKit/537.36 (KHTML, like Gecko; compatible; ClaudeBot/1.0; +claudebot@anthropic.com)"
114.119.140.166 - - [01/Nov/2025:03:06:13 -0700] "GET /?info=316446660 HTTP/1.1" 200 7794 "https://www.conductingmovements.com/sitemap.xml" "Mozilla/5.0 (Linux; Android 7.0;) AppleWebKit/537.36 (KHTML, like Gecko) Mobile Safari/537.36 (compatible; PetalBot;+https://webmaster.petalsearch.com/site/petalbot)"
66.249.72.8 - - [01/Nov/2025:03:06:14 -0700] "GET /?info=92357440 HTTP/1.1" 200 27710 "-" "Mozilla/5.0 (Linux; Android 6.0.1; Nexus 5X Build/MMB29P) AppleWebKit/537.36 (KHTML, like Gecko) Chrome/141.0.7390.122 Mobile Safari/537.36 (compatible; Googlebot/2.1; +http://www.google.com/bot.html)"
216.73.216.32 - - [01/Nov/2025:03:06:15 -0700] "GET /movement-activities?fileloc=%2Fhome%2Fburgaska%2Fconductingmovements.com%2Fwp-includes%2Fblock-i18n.json&path=%2Fhome%2Fburgaska%2Fconductingmovements.com%2Fwp-includes HTTP/2.0" 200 2726 "-" "Mozilla/5.0 AppleWebKit/537.36 (KHTML, like Gecko; compatible; ClaudeBot/1.0; +claudebot@anthropic.com)"
66.249.72.8 - - [01/Nov/2025:03:06:15 -0700] "GET /?info=695852244 HTTP/1.1" 200 31141 "-" "Mozilla/5.0 (Linux; Android 6.0.1; Nexus 5X Build/MMB29P) AppleWebKit/537.36 (KHTML, like Gecko) Chrome/141.0.7390.122 Mobile Safari/537.36 (compatible; GoogleOther)"
66.249.72.8 - - [01/Nov/2025:03:06:19 -0700] "GET /?info=703833180 HTTP/1.1" 200 29644 "-" "Mozilla/5.0 (Linux; Android 6.0.1; Nexus 5X Build/MMB29P) AppleWebKit/537.36 (KHTML, like Gecko) Chrome/141.0.7390.122 Mobile Safari/537.36 (compatible; Googlebot/2.1; +http://www.google.com/bot.html)"
66.249.72.8 - - [01/Nov/2025:03:06:19 -0700] "GET /?info=92356684 HTTP/1.1" 200 26604 "-" "Mozilla/5.0 (Linux; Android 6.0.1; Nexus 5X Build/MMB29P) AppleWebKit/537.36 (KHTML, like Gecko) Chrome/141.0.7390.122 Mobile Safari/537.36 (compatible; Googlebot/2.1; +http://www.google.com/bot.html)"
66.249.72.8 - - [01/Nov/2025:03:06:20 -0700] "GET /?info=26094372 HTTP/1.1" 200 27542 "-" "Mozilla/5.0 (Linux; Android 6.0.1; Nexus 5X Build/MMB29P) AppleWebKit/537.36 (KHTML, like Gecko) Chrome/141.0.7390.122 Mobile Safari/537.36 (compatible; GoogleOther)"
52.45.15.233 - - [01/Nov/2025:03:06:23 -0700] "GET /expert-knowledge/?fileloc=/home/burgaska/conductingmovements.com/wp-includes/global-styles-and-settings.php&path=/home/burgaska/conductingmovements.com/wp-includes HTTP/1.1" 200 11076 "-" "Mozilla/5.0 AppleWebKit/537.36 (KHTML, like Gecko; compatible; Amazonbot/0.1; +https://developer.amazon.com/support/amazonbot) Chrome/119.0.6045.214 Safari/537.36"
66.249.72.8 - - [01/Nov/2025:03:06:23 -0700] "GET /?info=92332492 HTTP/1.1" 200 28220 "-" "Mozilla/5.0 (Linux; Android 6.0.1; Nexus 5X Build/MMB29P) AppleWebKit/537.36 (KHTML, like Gecko) Chrome/141.0.7390.122 Mobile Safari/537.36 (compatible; Googlebot/2.1; +http://www.google.com/bot.html)"
66.249.72.1 - - [01/Nov/2025:03:06:28 -0700] "GET /?info=92268156 HTTP/1.1" 200 30876 "-" "Mozilla/5.0 (Linux; Android 6.0.1; Nexus 5X Build/MMB29P) AppleWebKit/537.36 (KHTML, like Gecko) Chrome/141.0.7390.122 Mobile Safari/537.36 (compatible; Googlebot/2.1; +http://www.google.com/bot.html)"
66.249.72.1 - - [01/Nov/2025:03:06:29 -0700] "GET /?info=672038612 HTTP/1.1" 200 31952 "-" "Mozilla/5.0 (Linux; Android 6.0.1; Nexus 5X Build/MMB29P) AppleWebKit/537.36 (KHTML, like Gecko) Chrome/141.0.7390.122 Mobile Safari/537.36 (compatible; GoogleOther)"
66.249.72.8 - - [01/Nov/2025:03:06:36 -0700] "GET /?info=681080016 HTTP/1.1" 200 31594 "-" "Mozilla/5.0 (Linux; Android 6.0.1; Nexus 5X Build/MMB29P) AppleWebKit/537.36 (KHTML, like Gecko) Chrome/141.0.7390.122 Mobile Safari/537.36 (compatible; Googlebot/2.1; +http://www.google.com/bot.html)"
66.249.72.8 - - [01/Nov/2025:03:06:37 -0700] "GET /?info=84294160 HTTP/1.1" 200 29957 "-" "Mozilla/5.0 (Linux; Android 6.0.1; Nexus 5X Build/MMB29P) AppleWebKit/537.36 (KHTML, like Gecko) Chrome/141.0.7390.122 Mobile Safari/537.36 (compatible; Googlebot/2.1; +http://www.google.com/bot.html)"
66.249.72.1 - - [01/Nov/2025:03:06:41 -0700] "GET /?info=33573248 HTTP/1.1" 200 32732 "-" "Mozilla/5.0 (Linux; Android 6.0.1; Nexus 5X Build/MMB29P) AppleWebKit/537.36 (KHTML, like Gecko) Chrome/141.0.7390.122 Mobile Safari/537.36 (compatible; GoogleOther)"
66.249.72.1 - - [01/Nov/2025:03:06:42 -0700] "GET /?info=681124784 HTTP/1.1" 200 36685 "-" "Mozilla/5.0 (Linux; Android 6.0.1; Nexus 5X Build/MMB29P) AppleWebKit/537.36 (KHTML, like Gecko) Chrome/141.0.7390.122 Mobile Safari/537.36 (compatible; Googlebot/2.1; +http://www.google.com/bot.html)"
66.249.72.1 - - [01/Nov/2025:03:06:46 -0700] "GET /?info=681020060 HTTP/1.1" 200 28289 "-" "Mozilla/5.0 (Linux; Android 6.0.1; Nexus 5X Build/MMB29P) AppleWebKit/537.36 (KHTML, like Gecko) Chrome/141.0.7390.122 Mobile Safari/537.36 (compatible; Googlebot/2.1; +http://www.google.com/bot.html)"
66.249.72.8 - - [01/Nov/2025:03:06:47 -0700] "GET /?info=19317756 HTTP/1.1" 200 30795 "-" "Mozilla/5.0 (Linux; Android 6.0.1; Nexus 5X Build/MMB29P) AppleWebKit/537.36 (KHTML, like Gecko) Chrome/141.0.7390.122 Mobile Safari/537.36 (compatible; GoogleOther)"
66.249.72.2 - - [01/Nov/2025:03:06:50 -0700] "GET /?info=681142800 HTTP/1.1" 200 35180 "-" "Mozilla/5.0 (Linux; Android 6.0.1; Nexus 5X Build/MMB29P) AppleWebKit/537.36 (KHTML, like Gecko) Chrome/141.0.7390.122 Mobile Safari/537.36 (compatible; Googlebot/2.1; +http://www.google.com/bot.html)"
66.249.72.2 - - [01/Nov/2025:03:06:54 -0700] "GET /?info=681017492 HTTP/1.1" 200 28479 "-" "Mozilla/5.0 (Linux; Android 6.0.1; Nexus 5X Build/MMB29P) AppleWebKit/537.36 (KHTML, like Gecko) Chrome/141.0.7390.122 Mobile Safari/537.36 (compatible; Googlebot/2.1; +http://www.google.com/bot.html)"
66.249.72.1 - - [01/Nov/2025:03:06:56 -0700] "GET /?info=75145960 HTTP/1.1" 200 31641 "-" "Mozilla/5.0 (Linux; Android 6.0.1; Nexus 5X Build/MMB29P) AppleWebKit/537.36 (KHTML, like Gecko) Chrome/141.0.7390.122 Mobile Safari/537.36 (compatible; GoogleOther)"
66.249.72.8 - - [01/Nov/2025:03:06:59 -0700] "GET /?info=681121696 HTTP/1.1" 200 37082 "-" "Mozilla/5.0 (Linux; Android 6.0.1; Nexus 5X Build/MMB29P) AppleWebKit/537.36 (KHTML, like Gecko) Chrome/141.0.7390.122 Mobile Safari/537.36 (compatible; Googlebot/2.1; +http://www.google.com/bot.html)"
66.249.72.1 - - [01/Nov/2025:03:07:04 -0700] "GET /?info=681042960 HTTP/1.1" 200 33141 "-" "Mozilla/5.0 (Linux; Android 6.0.1; Nexus 5X Build/MMB29P) AppleWebKit/537.36 (KHTML, like Gecko) Chrome/141.0.7390.122 Mobile Safari/537.36 (compatible; Googlebot/2.1; +http://www.google.com/bot.html)"
66.249.72.1 - - [01/Nov/2025:03:07:05 -0700] "GET /?info=696473176 HTTP/1.1" 200 31702 "-" "Mozilla/5.0 (Linux; Android 6.0.1; Nexus 5X Build/MMB29P) AppleWebKit/537.36 (KHTML, like Gecko) Chrome/141.0.7390.122 Mobile Safari/537.36 (compatible; GoogleOther)"
66.249.72.8 - - [01/Nov/2025:03:07:08 -0700] "GET /?info=681057880 HTTP/1.1" 200 32250 "-" "Mozilla/5.0 (Linux; Android 6.0.1; Nexus 5X Build/MMB29P) AppleWebKit/537.36 (KHTML, like Gecko) Chrome/141.0.7390.122 Mobile Safari/537.36 (compatible; Googlebot/2.1; +http://www.google.com/bot.html)"
66.249.72.8 - - [01/Nov/2025:03:07:09 -0700] "GET /?info=704541356 HTTP/1.1" 200 30910 "-" "Mozilla/5.0 (Linux; Android 6.0.1; Nexus 5X Build/MMB29P) AppleWebKit/537.36 (KHTML, like Gecko) Chrome/141.0.7390.122 Mobile Safari/537.36 (compatible; GoogleOther)"
66.249.72.8 - - [01/Nov/2025:03:07:12 -0700] "GET /?info=681194784 HTTP/1.1" 200 30689 "-" "Mozilla/5.0 (Linux; Android 6.0.1; Nexus 5X Build/MMB29P) AppleWebKit/537.36 (KHTML, like Gecko) Chrome/141.0.7390.122 Mobile Safari/537.36 (compatible; Googlebot/2.1; +http://www.google.com/bot.html)"
66.249.72.8 - - [01/Nov/2025:03:07:14 -0700] "GET /?info=44096640 HTTP/1.1" 200 32554 "-" "Mozilla/5.0 (Linux; Android 6.0.1; Nexus 5X Build/MMB29P) AppleWebKit/537.36 (KHTML, like Gecko) Chrome/141.0.7390.122 Mobile Safari/537.36 (compatible; GoogleOther)"
66.249.72.8 - - [01/Nov/2025:03:07:16 -0700] "GET /?info=681046048 HTTP/1.1" 200 27931 "-" "Mozilla/5.0 (Linux; Android 6.0.1; Nexus 5X Build/MMB29P) AppleWebKit/537.36 (KHTML, like Gecko) Chrome/141.0.7390.122 Mobile Safari/537.36 (compatible; Googlebot/2.1; +http://www.google.com/bot.html)"
66.249.72.8 - - [01/Nov/2025:03:07:20 -0700] "GET /?info=681152584 HTTP/1.1" 200 27910 "-" "Mozilla/5.0 (Linux; Android 6.0.1; Nexus 5X Build/MMB29P) AppleWebKit/537.36 (KHTML, like Gecko) Chrome/141.0.7390.122 Mobile Safari/537.36 (compatible; Googlebot/2.1; +http://www.google.com/bot.html)"
66.249.72.8 - - [01/Nov/2025:03:07:21 -0700] "GET /?info=59039220 HTTP/1.1" 200 28223 "-" "Mozilla/5.0 (Linux; Android 6.0.1; Nexus 5X Build/MMB29P) AppleWebKit/537.36 (KHTML, like Gecko) Chrome/141.0.7390.122 Mobile Safari/537.36 (compatible; Googlebot/2.1; +http://www.google.com/bot.html)"
66.249.72.8 - - [01/Nov/2025:03:07:23 -0700] "GET /?info=40220428 HTTP/1.1" 200 31986 "-" "Mozilla/5.0 (Linux; Android 6.0.1; Nexus 5X Build/MMB29P) AppleWebKit/537.36 (KHTML, like Gecko) Chrome/141.0.7390.122 Mobile Safari/537.36 (compatible; GoogleOther)"
66.249.72.1 - - [01/Nov/2025:03:07:26 -0700] "GET /?info=681104980 HTTP/1.1" 200 31830 "-" "Mozilla/5.0 (Linux; Android 6.0.1; Nexus 5X Build/MMB29P) AppleWebKit/537.36 (KHTML, like Gecko) Chrome/141.0.7390.122 Mobile Safari/537.36 (compatible; Googlebot/2.1; +http://www.google.com/bot.html)"
66.249.72.1 - - [01/Nov/2025:03:07:30 -0700] "GET /?info=681184756 HTTP/1.1" 200 27667 "-" "Mozilla/5.0 (Linux; Android 6.0.1; Nexus 5X Build/MMB29P) AppleWebKit/537.36 (KHTML, like Gecko) Chrome/141.0.7390.122 Mobile Safari/537.36 (compatible; Googlebot/2.1; +http://www.google.com/bot.html)"
66.249.72.1 - - [01/Nov/2025:03:07:32 -0700] "GET /?info=16351984 HTTP/1.1" 200 33661 "-" "Mozilla/5.0 (Linux; Android 6.0.1; Nexus 5X Build/MMB29P) AppleWebKit/537.36 (KHTML, like Gecko) Chrome/141.0.7390.122 Mobile Safari/537.36 (compatible; GoogleOther)"
66.249.72.8 - - [01/Nov/2025:03:07:34 -0700] "GET /?info=679097520 HTTP/1.1" 200 33257 "-" "Mozilla/5.0 (Linux; Android 6.0.1; Nexus 5X Build/MMB29P) AppleWebKit/537.36 (KHTML, like Gecko) Chrome/141.0.7390.122 Mobile Safari/537.36 (compatible; Googlebot/2.1; +http://www.google.com/bot.html)"
18.209.201.119 - - [01/Nov/2025:03:07:35 -0700] "GET /expert-knowledge/?fileloc=/home/burgaska/conductingmovements.com/wp-admin/edit-tag-form.php&path=/home/burgaska/conductingmovements.com/wp-admin HTTP/1.1" 200 8975 "-" "Mozilla/5.0 AppleWebKit/537.36 (KHTML, like Gecko; compatible; Amazonbot/0.1; +https://developer.amazon.com/support/amazonbot) Chrome/119.0.6045.214 Safari/537.36"
114.119.145.8 - - [01/Nov/2025:03:07:37 -0700] "GET /?info=316445888 HTTP/1.1" 200 7794 "https://www.conductingmovements.com/sitemap.xml" "Mozilla/5.0 (Linux; Android 7.0;) AppleWebKit/537.36 (KHTML, like Gecko) Mobile Safari/537.36 (compatible; PetalBot;+https://webmaster.petalsearch.com/site/petalbot)"
66.249.72.8 - - [01/Nov/2025:03:07:38 -0700] "GET /?info=668266872 HTTP/1.1" 200 27925 "-" "Mozilla/5.0 (Linux; Android 6.0.1; Nexus 5X Build/MMB29P) AppleWebKit/537.36 (KHTML, like Gecko) Chrome/141.0.7390.122 Mobile Safari/537.36 (compatible; Googlebot/2.1; +http://www.google.com/bot.html)"
3.210.223.61 - - [01/Nov/2025:03:07:41 -0700] "GET /contact/?fileloc=/home/burgaska/bad-file-permissions-list-1761309221.txt&path=/home/burgaska HTTP/1.1" 200 6003 "-" "Mozilla/5.0 AppleWebKit/537.36 (KHTML, like Gecko; compatible; Amazonbot/0.1; +https://developer.amazon.com/support/amazonbot) Chrome/119.0.6045.214 Safari/537.36"
66.249.72.8 - - [01/Nov/2025:03:07:42 -0700] "GET /?info=16539076 HTTP/1.1" 200 31301 "-" "Mozilla/5.0 (Linux; Android 6.0.1; Nexus 5X Build/MMB29P) AppleWebKit/537.36 (KHTML, like Gecko) Chrome/141.0.7390.122 Mobile Safari/537.36 (compatible; GoogleOther)"
66.249.72.8 - - [01/Nov/2025:03:07:43 -0700] "GET /?info=666392724 HTTP/1.1" 200 27715 "-" "Mozilla/5.0 (Linux; Android 6.0.1; Nexus 5X Build/MMB29P) AppleWebKit/537.36 (KHTML, like Gecko) Chrome/141.0.7390.122 Mobile Safari/537.36 (compatible; Googlebot/2.1; +http://www.google.com/bot.html)"
34.192.67.98 - - [01/Nov/2025:03:07:43 -0700] "GET /secrets-to-winning-togel-online-2025/?fileloc=/home/burgaska/conductingmovements.com/wp-admin/edit-tags.php&path=/home/burgaska/conductingmovements.com/wp-admin HTTP/1.1" 200 12261 "-" "Mozilla/5.0 AppleWebKit/537.36 (KHTML, like Gecko; compatible; Amazonbot/0.1; +https://developer.amazon.com/support/amazonbot) Chrome/119.0.6045.214 Safari/537.36"
52.204.174.139 - - [01/Nov/2025:03:07:46 -0700] "GET /contact/?fileloc=/home/burgaska/bad-file-permissions-list-1566795717.txt&path=/home/burgaska HTTP/1.1" 200 6003 "-" "Mozilla/5.0 AppleWebKit/537.36 (KHTML, like Gecko; compatible; Amazonbot/0.1; +https://developer.amazon.com/support/amazonbot) Chrome/119.0.6045.214 Safari/537.36"
66.249.72.1 - - [01/Nov/2025:03:07:48 -0700] "GET /?info=666394000 HTTP/1.1" 200 31616 "-" "Mozilla/5.0 (Linux; Android 6.0.1; Nexus 5X Build/MMB29P) AppleWebKit/537.36 (KHTML, like Gecko) Chrome/141.0.7390.122 Mobile Safari/537.36 (compatible; Googlebot/2.1; +http://www.google.com/bot.html)"
66.249.72.8 - - [01/Nov/2025:03:07:48 -0700] "GET /?info=697771680 HTTP/1.1" 200 30950 "-" "Mozilla/5.0 (Linux; Android 6.0.1; Nexus 5X Build/MMB29P) AppleWebKit/537.36 (KHTML, like Gecko) Chrome/141.0.7390.122 Mobile Safari/537.36 (compatible; Googlebot/2.1; +http://www.google.com/bot.html)"
66.249.72.8 - - [01/Nov/2025:03:07:51 -0700] "GET /?info=688845304 HTTP/1.1" 200 30846 "-" "Mozilla/5.0 (Linux; Android 6.0.1; Nexus 5X Build/MMB29P) AppleWebKit/537.36 (KHTML, like Gecko) Chrome/141.0.7390.122 Mobile Safari/537.36 (compatible; GoogleOther)"
66.249.72.1 - - [01/Nov/2025:03:07:53 -0700] "GET /?info=669211036 HTTP/1.1" 200 31864 "-" "Mozilla/5.0 (Linux; Android 6.0.1; Nexus 5X Build/MMB29P) AppleWebKit/537.36 (KHTML, like Gecko) Chrome/141.0.7390.122 Mobile Safari/537.36 (compatible; Googlebot/2.1; +http://www.google.com/bot.html)"
66.249.72.2 - - [01/Nov/2025:03:07:57 -0700] "GET /?info=669207948 HTTP/1.1" 200 30708 "-" "Mozilla/5.0 (Linux; Android 6.0.1; Nexus 5X Build/MMB29P) AppleWebKit/537.36 (KHTML, like Gecko) Chrome/141.0.7390.122 Mobile Safari/537.36 (compatible; Googlebot/2.1; +http://www.google.com/bot.html)"
66.249.72.8 - - [01/Nov/2025:03:08:00 -0700] "GET /?info=686473720 HTTP/1.1" 200 34989 "-" "Mozilla/5.0 (Linux; Android 6.0.1; Nexus 5X Build/MMB29P) AppleWebKit/537.36 (KHTML, like Gecko) Chrome/141.0.7390.122 Mobile Safari/537.36 (compatible; GoogleOther)"
66.249.72.1 - - [01/Nov/2025:03:08:01 -0700] "GET /?info=669273040 HTTP/1.1" 200 32297 "-" "Mozilla/5.0 (Linux; Android 6.0.1; Nexus 5X Build/MMB29P) AppleWebKit/537.36 (KHTML, like Gecko) Chrome/141.0.7390.122 Mobile Safari/537.36 (compatible; Googlebot/2.1; +http://www.google.com/bot.html)"
66.249.72.1 - - [01/Nov/2025:03:08:02 -0700] "GET /?info=50288860 HTTP/1.1" 200 28009 "-" "Mozilla/5.0 (Linux; Android 6.0.1; Nexus 5X Build/MMB29P) AppleWebKit/537.36 (KHTML, like Gecko) Chrome/141.0.7390.122 Mobile Safari/537.36 (compatible; Googlebot/2.1; +http://www.google.com/bot.html)"
54.144.185.255 - - [01/Nov/2025:03:08:02 -0700] "GET /expert-knowledge/?fileloc=/home/burgaska/bad-directory-permissions-list-1761309221.txt&path=/home/burgaska HTTP/1.1" 200 6265 "-" "Mozilla/5.0 AppleWebKit/537.36 (KHTML, like Gecko; compatible; Amazonbot/0.1; +https://developer.amazon.com/support/amazonbot) Chrome/119.0.6045.214 Safari/537.36"
66.249.72.1 - - [01/Nov/2025:03:08:03 -0700] "GET /?info=701650720 HTTP/1.1" 200 30671 "-" "Mozilla/5.0 (Linux; Android 6.0.1; Nexus 5X Build/MMB29P) AppleWebKit/537.36 (KHTML, like Gecko) Chrome/141.0.7390.122 Mobile Safari/537.36 (compatible; GoogleOther)"
66.249.72.1 - - [01/Nov/2025:03:08:05 -0700] "GET /?info=669149788 HTTP/1.1" 200 27998 "-" "Mozilla/5.0 (Linux; Android 6.0.1; Nexus 5X Build/MMB29P) AppleWebKit/537.36 (KHTML, like Gecko) Chrome/141.0.7390.122 Mobile Safari/537.36 (compatible; Googlebot/2.1; +http://www.google.com/bot.html)"
66.249.72.8 - - [01/Nov/2025:03:08:07 -0700] "GET /shop/pg/1howto/1000_QL80_.jpg HTTP/1.1" 200 7831 "-" "Googlebot-Image/1.0"
66.249.72.8 - - [01/Nov/2025:03:08:10 -0700] "GET /?info=689560436 HTTP/1.1" 200 28226 "-" "Mozilla/5.0 (Linux; Android 6.0.1; Nexus 5X Build/MMB29P) AppleWebKit/537.36 (KHTML, like Gecko) Chrome/141.0.7390.122 Mobile Safari/537.36 (compatible; GoogleOther)"
66.249.72.8 - - [01/Nov/2025:03:08:11 -0700] "GET /?info=67703628 HTTP/1.1" 200 31464 "-" "Mozilla/5.0 (Linux; Android 6.0.1; Nexus 5X Build/MMB29P) AppleWebKit/537.36 (KHTML, like Gecko) Chrome/141.0.7390.122 Mobile Safari/537.36 (compatible; Googlebot/2.1; +http://www.google.com/bot.html)"
66.249.72.8 - - [01/Nov/2025:03:08:11 -0700] "GET /?info=669175768 HTTP/1.1" 200 28410 "-" "Mozilla/5.0 (Linux; Android 6.0.1; Nexus 5X Build/MMB29P) AppleWebKit/537.36 (KHTML, like Gecko) Chrome/141.0.7390.122 Mobile Safari/537.36 (compatible; Googlebot/2.1; +http://www.google.com/bot.html)"
66.249.72.8 - - [01/Nov/2025:03:08:14 -0700] "GET /?info=669193784 HTTP/1.1" 200 27708 "-" "Mozilla/5.0 (Linux; Android 6.0.1; Nexus 5X Build/MMB29P) AppleWebKit/537.36 (KHTML, like Gecko) Chrome/141.0.7390.122 Mobile Safari/537.36 (compatible; Googlebot/2.1; +http://www.google.com/bot.html)"
66.249.72.8 - - [01/Nov/2025:03:08:18 -0700] "GET /?info=676014152 HTTP/1.1" 200 30637 "-" "Mozilla/5.0 (Linux; Android 6.0.1; Nexus 5X Build/MMB29P) AppleWebKit/537.36 (KHTML, like Gecko) Chrome/141.0.7390.122 Mobile Safari/537.36 (compatible; GoogleOther)"
66.249.72.1 - - [01/Nov/2025:03:08:22 -0700] "GET /?info=669325024 HTTP/1.1" 200 31251 "-" "Mozilla/5.0 (Linux; Android 6.0.1; Nexus 5X Build/MMB29P) AppleWebKit/537.36 (KHTML, like Gecko) Chrome/141.0.7390.122 Mobile Safari/537.36 (compatible; Googlebot/2.1; +http://www.google.com/bot.html)"
66.249.72.8 - - [01/Nov/2025:03:08:26 -0700] "GET /?info=669248856 HTTP/1.1" 200 31110 "-" "Mozilla/5.0 (Linux; Android 6.0.1; Nexus 5X Build/MMB29P) AppleWebKit/537.36 (KHTML, like Gecko) Chrome/141.0.7390.122 Mobile Safari/537.36 (compatible; Googlebot/2.1; +http://www.google.com/bot.html)"
66.249.72.8 - - [01/Nov/2025:03:08:27 -0700] "GET /?info=108591056 HTTP/1.1" 200 31565 "-" "Mozilla/5.0 (Linux; Android 6.0.1; Nexus 5X Build/MMB29P) AppleWebKit/537.36 (KHTML, like Gecko) Chrome/141.0.7390.122 Mobile Safari/537.36 (compatible; GoogleOther)"
216.73.216.32 - - [01/Nov/2025:03:08:29 -0700] "GET /movement-activities?fileloc=%2Fhome%2Fburgaska%2Fconductingmovements.com%2Fwp-includes%2Fclass-wp-text-diff-renderer-table.php&path=%2Fhome%2Fburgaska%2Fconductingmovements.com%2Fwp-includes HTTP/2.0" 200 7509 "-" "Mozilla/5.0 AppleWebKit/537.36 (KHTML, like Gecko; compatible; ClaudeBot/1.0; +claudebot@anthropic.com)"
66.249.72.1 - - [01/Nov/2025:03:08:31 -0700] "GET /?info=669265588 HTTP/1.1" 200 31559 "-" "Mozilla/5.0 (Linux; Android 6.0.1; Nexus 5X Build/MMB29P) AppleWebKit/537.36 (KHTML, like Gecko) Chrome/141.0.7390.122 Mobile Safari/537.36 (compatible; Googlebot/2.1; +http://www.google.com/bot.html)"
