66.249.72.2 - - [01/Nov/2025:04:08:04 -0700] "GET /?info=114480392 HTTP/1.1" 200 30998 "-" "Mozilla/5.0 (Linux; Android 6.0.1; Nexus 5X Build/MMB29P) AppleWebKit/537.36 (KHTML, like Gecko) Chrome/141.0.7390.122 Mobile Safari/537.36 (compatible; GoogleOther)"
66.249.72.8 - - [01/Nov/2025:04:08:06 -0700] "GET /?info=112537520 HTTP/1.1" 200 32382 "-" "Mozilla/5.0 (Linux; Android 6.0.1; Nexus 5X Build/MMB29P) AppleWebKit/537.36 (KHTML, like Gecko) Chrome/141.0.7390.122 Mobile Safari/537.36 (compatible; Googlebot/2.1; +http://www.google.com/bot.html)"
66.249.72.8 - - [01/Nov/2025:04:08:14 -0700] "GET /?info=700972904 HTTP/1.1" 200 31078 "-" "Mozilla/5.0 (Linux; Android 6.0.1; Nexus 5X Build/MMB29P) AppleWebKit/537.36 (KHTML, like Gecko) Chrome/141.0.7390.122 Mobile Safari/537.36 (compatible; GoogleOther)"
66.249.72.1 - - [01/Nov/2025:04:08:14 -0700] "GET /?info=112254976 HTTP/1.1" 200 31021 "-" "Mozilla/5.0 (Linux; Android 6.0.1; Nexus 5X Build/MMB29P) AppleWebKit/537.36 (KHTML, like Gecko) Chrome/141.0.7390.122 Mobile Safari/537.36 (compatible; Googlebot/2.1; +http://www.google.com/bot.html)"
66.249.72.1 - - [01/Nov/2025:04:08:17 -0700] "GET /?info=665275112 HTTP/1.1" 200 34076 "-" "Mozilla/5.0 (Linux; Android 6.0.1; Nexus 5X Build/MMB29P) AppleWebKit/537.36 (KHTML, like Gecko) Chrome/141.0.7390.122 Mobile Safari/537.36 (compatible; GoogleOther)"
66.249.72.8 - - [01/Nov/2025:04:08:21 -0700] "GET /?info=112547304 HTTP/1.1" 200 31692 "-" "Mozilla/5.0 (Linux; Android 6.0.1; Nexus 5X Build/MMB29P) AppleWebKit/537.36 (KHTML, like Gecko) Chrome/141.0.7390.122 Mobile Safari/537.36 (compatible; Googlebot/2.1; +http://www.google.com/bot.html)"
66.249.72.8 - - [01/Nov/2025:04:08:23 -0700] "GET /?info=40035148 HTTP/1.1" 200 31043 "-" "Mozilla/5.0 (Linux; Android 6.0.1; Nexus 5X Build/MMB29P) AppleWebKit/537.36 (KHTML, like Gecko) Chrome/141.0.7390.122 Mobile Safari/537.36 (compatible; GoogleOther)"
66.249.72.8 - - [01/Nov/2025:04:08:32 -0700] "GET /?info=22210432 HTTP/1.1" 200 33653 "-" "Mozilla/5.0 (Linux; Android 6.0.1; Nexus 5X Build/MMB29P) AppleWebKit/537.36 (KHTML, like Gecko) Chrome/141.0.7390.122 Mobile Safari/537.36 (compatible; GoogleOther)"
66.249.72.8 - - [01/Nov/2025:04:08:38 -0700] "GET /?info=111945144 HTTP/1.1" 200 33174 "-" "Mozilla/5.0 (Linux; Android 6.0.1; Nexus 5X Build/MMB29P) AppleWebKit/537.36 (KHTML, like Gecko) Chrome/141.0.7390.122 Mobile Safari/537.36 (compatible; Googlebot/2.1; +http://www.google.com/bot.html)"
66.249.72.8 - - [01/Nov/2025:04:08:39 -0700] "GET /?info=664806248 HTTP/1.1" 200 31229 "-" "Mozilla/5.0 (Linux; Android 6.0.1; Nexus 5X Build/MMB29P) AppleWebKit/537.36 (KHTML, like Gecko) Chrome/141.0.7390.122 Mobile Safari/537.36 (compatible; GoogleOther)"
66.249.72.8 - - [01/Nov/2025:04:08:40 -0700] "GET /?info=112314428 HTTP/1.1" 200 27913 "-" "Mozilla/5.0 (Linux; Android 6.0.1; Nexus 5X Build/MMB29P) AppleWebKit/537.36 (KHTML, like Gecko) Chrome/141.0.7390.122 Mobile Safari/537.36 (compatible; Googlebot/2.1; +http://www.google.com/bot.html)"
66.249.72.8 - - [01/Nov/2025:04:08:42 -0700] "GET /?info=27311044 HTTP/1.1" 200 30012 "-" "Mozilla/5.0 (Linux; Android 6.0.1; Nexus 5X Build/MMB29P) AppleWebKit/537.36 (KHTML, like Gecko) Chrome/141.0.7390.122 Mobile Safari/537.36 (compatible; GoogleOther)"
66.249.72.8 - - [01/Nov/2025:04:08:49 -0700] "GET /?info=112487868 HTTP/1.1" 200 31001 "-" "Mozilla/5.0 (Linux; Android 6.0.1; Nexus 5X Build/MMB29P) AppleWebKit/537.36 (KHTML, like Gecko) Chrome/141.0.7390.122 Mobile Safari/537.36 (compatible; Googlebot/2.1; +http://www.google.com/bot.html)"
66.249.72.1 - - [01/Nov/2025:04:08:51 -0700] "GET /?info=29319528 HTTP/1.1" 200 31073 "-" "Mozilla/5.0 (Linux; Android 6.0.1; Nexus 5X Build/MMB29P) AppleWebKit/537.36 (KHTML, like Gecko) Chrome/141.0.7390.122 Mobile Safari/537.36 (compatible; GoogleOther)"
66.249.72.8 - - [01/Nov/2025:04:08:58 -0700] "GET /?info=58061088 HTTP/1.1" 200 32060 "-" "Mozilla/5.0 (Linux; Android 6.0.1; Nexus 5X Build/MMB29P) AppleWebKit/537.36 (KHTML, like Gecko) Chrome/141.0.7390.122 Mobile Safari/537.36 (compatible; Googlebot/2.1; +http://www.google.com/bot.html)"
66.249.72.8 - - [01/Nov/2025:04:09:00 -0700] "GET /?info=30845512 HTTP/1.1" 200 31294 "-" "Mozilla/5.0 (Linux; Android 6.0.1; Nexus 5X Build/MMB29P) AppleWebKit/537.36 (KHTML, like Gecko) Chrome/141.0.7390.122 Mobile Safari/537.36 (compatible; GoogleOther)"
114.119.145.8 - - [01/Nov/2025:04:09:01 -0700] "GET /?info=316411920 HTTP/1.1" 200 7794 "https://www.conductingmovements.com/sitemap.xml" "Mozilla/5.0 (Linux; Android 7.0;) AppleWebKit/537.36 (KHTML, like Gecko) Mobile Safari/537.36 (compatible; PetalBot;+https://webmaster.petalsearch.com/site/petalbot)"
66.249.72.8 - - [01/Nov/2025:04:09:03 -0700] "GET /?info=25890564 HTTP/1.1" 200 28356 "-" "Mozilla/5.0 (Linux; Android 6.0.1; Nexus 5X Build/MMB29P) AppleWebKit/537.36 (KHTML, like Gecko) Chrome/141.0.7390.122 Mobile Safari/537.36 (compatible; GoogleOther)"
66.249.72.8 - - [01/Nov/2025:04:09:09 -0700] "GET /?info=113819828 HTTP/1.1" 200 30547 "-" "Mozilla/5.0 (Linux; Android 6.0.1; Nexus 5X Build/MMB29P) AppleWebKit/537.36 (KHTML, like Gecko) Chrome/141.0.7390.122 Mobile Safari/537.36 (compatible; GoogleOther)"
66.249.72.8 - - [01/Nov/2025:04:09:10 -0700] "GET /?info=58043072 HTTP/1.1" 200 31978 "-" "Mozilla/5.0 (Linux; Android 6.0.1; Nexus 5X Build/MMB29P) AppleWebKit/537.36 (KHTML, like Gecko) Chrome/141.0.7390.122 Mobile Safari/537.36 (compatible; Googlebot/2.1; +http://www.google.com/bot.html)"
66.249.72.8 - - [01/Nov/2025:04:09:17 -0700] "GET /?info=58046680 HTTP/1.1" 200 31346 "-" "Mozilla/5.0 (Linux; Android 6.0.1; Nexus 5X Build/MMB29P) AppleWebKit/537.36 (KHTML, like Gecko) Chrome/141.0.7390.122 Mobile Safari/537.36 (compatible; Googlebot/2.1; +http://www.google.com/bot.html)"
66.249.72.8 - - [01/Nov/2025:04:09:18 -0700] "GET /?info=81721856 HTTP/1.1" 200 31702 "-" "Mozilla/5.0 (Linux; Android 6.0.1; Nexus 5X Build/MMB29P) AppleWebKit/537.36 (KHTML, like Gecko) Chrome/141.0.7390.122 Mobile Safari/537.36 (compatible; GoogleOther)"
66.249.72.8 - - [01/Nov/2025:04:09:22 -0700] "GET /?info=110425336 HTTP/1.1" 200 27236 "-" "Mozilla/5.0 (Linux; Android 6.0.1; Nexus 5X Build/MMB29P) AppleWebKit/537.36 (KHTML, like Gecko) Chrome/141.0.7390.122 Mobile Safari/537.36 (compatible; GoogleOther)"
66.249.72.8 - - [01/Nov/2025:04:09:28 -0700] "GET /?info=29030800 HTTP/1.1" 200 31622 "-" "Mozilla/5.0 (Linux; Android 6.0.1; Nexus 5X Build/MMB29P) AppleWebKit/537.36 (KHTML, like Gecko) Chrome/141.0.7390.122 Mobile Safari/537.36 (compatible; GoogleOther)"
66.249.72.8 - - [01/Nov/2025:04:09:31 -0700] "GET /?info=58050540 HTTP/1.1" 200 32762 "-" "Mozilla/5.0 (Linux; Android 6.0.1; Nexus 5X Build/MMB29P) AppleWebKit/537.36 (KHTML, like Gecko) Chrome/141.0.7390.122 Mobile Safari/537.36 (compatible; Googlebot/2.1; +http://www.google.com/bot.html)"
66.249.72.8 - - [01/Nov/2025:04:09:37 -0700] "GET /?info=86725716 HTTP/1.1" 200 31005 "-" "Mozilla/5.0 (Linux; Android 6.0.1; Nexus 5X Build/MMB29P) AppleWebKit/537.36 (KHTML, like Gecko) Chrome/141.0.7390.122 Mobile Safari/537.36 (compatible; GoogleOther)"
66.249.72.8 - - [01/Nov/2025:04:09:40 -0700] "GET /?info=58038708 HTTP/1.1" 200 35951 "-" "Mozilla/5.0 (Linux; Android 6.0.1; Nexus 5X Build/MMB29P) AppleWebKit/537.36 (KHTML, like Gecko) Chrome/141.0.7390.122 Mobile Safari/537.36 (compatible; Googlebot/2.1; +http://www.google.com/bot.html)"
66.249.72.8 - - [01/Nov/2025:04:09:41 -0700] "GET /?info=99013632 HTTP/1.1" 200 28513 "-" "Mozilla/5.0 (Linux; Android 6.0.1; Nexus 5X Build/MMB29P) AppleWebKit/537.36 (KHTML, like Gecko) Chrome/141.0.7390.122 Mobile Safari/537.36 (compatible; GoogleOther)"
66.249.72.1 - - [01/Nov/2025:04:09:46 -0700] "GET /?info=38539012 HTTP/1.1" 200 31192 "-" "Mozilla/5.0 (Linux; Android 6.0.1; Nexus 5X Build/MMB29P) AppleWebKit/537.36 (KHTML, like Gecko) Chrome/141.0.7390.122 Mobile Safari/537.36 (compatible; GoogleOther)"
66.249.72.8 - - [01/Nov/2025:04:09:47 -0700] "GET /?info=58041796 HTTP/1.1" 200 32517 "-" "Mozilla/5.0 (Linux; Android 6.0.1; Nexus 5X Build/MMB29P) AppleWebKit/537.36 (KHTML, like Gecko) Chrome/141.0.7390.122 Mobile Safari/537.36 (compatible; Googlebot/2.1; +http://www.google.com/bot.html)"
66.249.72.8 - - [01/Nov/2025:04:09:55 -0700] "GET /?info=58046160 HTTP/1.1" 200 32577 "-" "Mozilla/5.0 (Linux; Android 6.0.1; Nexus 5X Build/MMB29P) AppleWebKit/537.36 (KHTML, like Gecko) Chrome/141.0.7390.122 Mobile Safari/537.36 (compatible; Googlebot/2.1; +http://www.google.com/bot.html)"
66.249.72.1 - - [01/Nov/2025:04:09:56 -0700] "GET /?info=103759888 HTTP/1.1" 200 31750 "-" "Mozilla/5.0 (Linux; Android 6.0.1; Nexus 5X Build/MMB29P) AppleWebKit/537.36 (KHTML, like Gecko) Chrome/141.0.7390.122 Mobile Safari/537.36 (compatible; GoogleOther)"
66.249.72.8 - - [01/Nov/2025:04:10:03 -0700] "GET /?info=20535192 HTTP/1.1" 200 30579 "-" "Mozilla/5.0 (Linux; Android 6.0.1; Nexus 5X Build/MMB29P) AppleWebKit/537.36 (KHTML, like Gecko) Chrome/141.0.7390.122 Mobile Safari/537.36 (compatible; GoogleOther)"
66.249.72.1 - - [01/Nov/2025:04:10:06 -0700] "GET /?info=700455420 HTTP/1.1" 200 31281 "-" "Mozilla/5.0 (Linux; Android 6.0.1; Nexus 5X Build/MMB29P) AppleWebKit/537.36 (KHTML, like Gecko) Chrome/141.0.7390.122 Mobile Safari/537.36 (compatible; GoogleOther)"
66.249.72.8 - - [01/Nov/2025:04:10:14 -0700] "GET /?info=116017452 HTTP/1.1" 200 33602 "-" "Mozilla/5.0 (Linux; Android 6.0.1; Nexus 5X Build/MMB29P) AppleWebKit/537.36 (KHTML, like Gecko) Chrome/141.0.7390.122 Mobile Safari/537.36 (compatible; GoogleOther)"
66.249.72.1 - - [01/Nov/2025:04:10:16 -0700] "GET /?info=58035620 HTTP/1.1" 200 32444 "-" "Mozilla/5.0 (Linux; Android 6.0.1; Nexus 5X Build/MMB29P) AppleWebKit/537.36 (KHTML, like Gecko) Chrome/141.0.7390.122 Mobile Safari/537.36 (compatible; Googlebot/2.1; +http://www.google.com/bot.html)"
66.249.72.8 - - [01/Nov/2025:04:10:23 -0700] "GET /?info=58054912 HTTP/1.1" 200 30752 "-" "Mozilla/5.0 (Linux; Android 6.0.1; Nexus 5X Build/MMB29P) AppleWebKit/537.36 (KHTML, like Gecko) Chrome/141.0.7390.122 Mobile Safari/537.36 (compatible; Googlebot/2.1; +http://www.google.com/bot.html)"
114.119.158.31 - - [01/Nov/2025:04:10:24 -0700] "GET /?info=316411400 HTTP/1.1" 200 7794 "https://www.conductingmovements.com/sitemap.xml" "Mozilla/5.0 (Linux; Android 7.0;) AppleWebKit/537.36 (KHTML, like Gecko) Mobile Safari/537.36 (compatible; PetalBot;+https://webmaster.petalsearch.com/site/petalbot)"
66.249.72.8 - - [01/Nov/2025:04:10:24 -0700] "GET /?info=108100332 HTTP/1.1" 200 28392 "-" "Mozilla/5.0 (Linux; Android 6.0.1; Nexus 5X Build/MMB29P) AppleWebKit/537.36 (KHTML, like Gecko) Chrome/141.0.7390.122 Mobile Safari/537.36 (compatible; Googlebot/2.1; +http://www.google.com/bot.html)"
66.249.72.8 - - [01/Nov/2025:04:10:26 -0700] "GET /?info=27135036 HTTP/1.1" 200 31985 "-" "Mozilla/5.0 (Linux; Android 6.0.1; Nexus 5X Build/MMB29P) AppleWebKit/537.36 (KHTML, like Gecko) Chrome/141.0.7390.122 Mobile Safari/537.36 (compatible; GoogleOther)"
66.249.72.8 - - [01/Nov/2025:04:10:26 -0700] "GET /?info=112241860 HTTP/1.1" 200 28255 "-" "Mozilla/5.0 (Linux; Android 6.0.1; Nexus 5X Build/MMB29P) AppleWebKit/537.36 (KHTML, like Gecko) Chrome/141.0.7390.122 Mobile Safari/537.36 (compatible; Googlebot/2.1; +http://www.google.com/bot.html)"
66.249.72.8 - - [01/Nov/2025:04:10:27 -0700] "GET /?info=74586520 HTTP/1.1" 200 28556 "-" "Mozilla/5.0 (Linux; Android 6.0.1; Nexus 5X Build/MMB29P) AppleWebKit/537.36 (KHTML, like Gecko) Chrome/141.0.7390.122 Mobile Safari/537.36 (compatible; Googlebot/2.1; +http://www.google.com/bot.html)"
66.249.72.8 - - [01/Nov/2025:04:10:29 -0700] "GET /?info=33949464 HTTP/1.1" 200 28200 "-" "Mozilla/5.0 (Linux; Android 6.0.1; Nexus 5X Build/MMB29P) AppleWebKit/537.36 (KHTML, like Gecko) Chrome/141.0.7390.122 Mobile Safari/537.36 (compatible; GoogleOther)"
66.249.72.1 - - [01/Nov/2025:04:10:33 -0700] "GET /?info=32688536 HTTP/1.1" 200 32377 "-" "Mozilla/5.0 (Linux; Android 6.0.1; Nexus 5X Build/MMB29P) AppleWebKit/537.36 (KHTML, like Gecko) Chrome/141.0.7390.122 Mobile Safari/537.36 (compatible; GoogleOther)"
66.249.72.8 - - [01/Nov/2025:04:10:34 -0700] "GET /?info=58067264 HTTP/1.1" 200 32067 "-" "Mozilla/5.0 (Linux; Android 6.0.1; Nexus 5X Build/MMB29P) AppleWebKit/537.36 (KHTML, like Gecko) Chrome/141.0.7390.122 Mobile Safari/537.36 (compatible; Googlebot/2.1; +http://www.google.com/bot.html)"
66.249.72.1 - - [01/Nov/2025:04:10:41 -0700] "GET /?info=58064176 HTTP/1.1" 200 32519 "-" "Mozilla/5.0 (Linux; Android 6.0.1; Nexus 5X Build/MMB29P) AppleWebKit/537.36 (KHTML, like Gecko) Chrome/141.0.7390.122 Mobile Safari/537.36 (compatible; Googlebot/2.1; +http://www.google.com/bot.html)"
66.249.72.8 - - [01/Nov/2025:04:10:42 -0700] "GET /?info=32384368 HTTP/1.1" 200 32046 "-" "Mozilla/5.0 (Linux; Android 6.0.1; Nexus 5X Build/MMB29P) AppleWebKit/537.36 (KHTML, like Gecko) Chrome/141.0.7390.122 Mobile Safari/537.36 (compatible; GoogleOther)"
66.249.72.1 - - [01/Nov/2025:04:10:45 -0700] "GET /?info=30896976 HTTP/1.1" 200 32423 "-" "Mozilla/5.0 (Linux; Android 6.0.1; Nexus 5X Build/MMB29P) AppleWebKit/537.36 (KHTML, like Gecko) Chrome/141.0.7390.122 Mobile Safari/537.36 (compatible; GoogleOther)"
66.249.72.8 - - [01/Nov/2025:04:10:51 -0700] "GET /?info=680784592 HTTP/1.1" 200 35483 "-" "Mozilla/5.0 (Linux; Android 6.0.1; Nexus 5X Build/MMB29P) AppleWebKit/537.36 (KHTML, like Gecko) Chrome/141.0.7390.122 Mobile Safari/537.36 (compatible; GoogleOther)"
66.249.72.1 - - [01/Nov/2025:04:10:55 -0700] "GET /?info=58066744 HTTP/1.1" 200 32677 "-" "Mozilla/5.0 (Linux; Android 6.0.1; Nexus 5X Build/MMB29P) AppleWebKit/537.36 (KHTML, like Gecko) Chrome/141.0.7390.122 Mobile Safari/537.36 (compatible; Googlebot/2.1; +http://www.google.com/bot.html)"
66.249.72.8 - - [01/Nov/2025:04:11:02 -0700] "GET /?info=64014752 HTTP/1.1" 200 31415 "-" "Mozilla/5.0 (Linux; Android 6.0.1; Nexus 5X Build/MMB29P) AppleWebKit/537.36 (KHTML, like Gecko) Chrome/141.0.7390.122 Mobile Safari/537.36 (compatible; Googlebot/2.1; +http://www.google.com/bot.html)"
66.249.72.8 - - [01/Nov/2025:04:11:02 -0700] "GET /?info=90500528 HTTP/1.1" 200 27313 "-" "Mozilla/5.0 (Linux; Android 6.0.1; Nexus 5X Build/MMB29P) AppleWebKit/537.36 (KHTML, like Gecko) Chrome/141.0.7390.122 Mobile Safari/537.36 (compatible; Googlebot/2.1; +http://www.google.com/bot.html)"
66.249.72.8 - - [01/Nov/2025:04:11:03 -0700] "GET /?info=29741308 HTTP/1.1" 200 33030 "-" "Mozilla/5.0 (Linux; Android 6.0.1; Nexus 5X Build/MMB29P) AppleWebKit/537.36 (KHTML, like Gecko) Chrome/141.0.7390.122 Mobile Safari/537.36 (compatible; GoogleOther)"
66.249.72.8 - - [01/Nov/2025:04:11:06 -0700] "GET /?info=91546328 HTTP/1.1" 200 29468 "-" "Mozilla/5.0 (Linux; Android 6.0.1; Nexus 5X Build/MMB29P) AppleWebKit/537.36 (KHTML, like Gecko) Chrome/141.0.7390.122 Mobile Safari/537.36 (compatible; GoogleOther)"
66.249.72.8 - - [01/Nov/2025:04:11:09 -0700] "GET /?info=58072164 HTTP/1.1" 200 31948 "-" "Mozilla/5.0 (Linux; Android 6.0.1; Nexus 5X Build/MMB29P) AppleWebKit/537.36 (KHTML, like Gecko) Chrome/141.0.7390.122 Mobile Safari/537.36 (compatible; Googlebot/2.1; +http://www.google.com/bot.html)"
66.249.72.1 - - [01/Nov/2025:04:11:10 -0700] "GET /?info=33597432 HTTP/1.1" 200 32036 "-" "Mozilla/5.0 (Linux; Android 6.0.1; Nexus 5X Build/MMB29P) AppleWebKit/537.36 (KHTML, like Gecko) Chrome/141.0.7390.122 Mobile Safari/537.36 (compatible; GoogleOther)"
66.249.72.8 - - [01/Nov/2025:04:11:19 -0700] "GET /?info=83252740 HTTP/1.1" 200 33280 "-" "Mozilla/5.0 (Linux; Android 6.0.1; Nexus 5X Build/MMB29P) AppleWebKit/537.36 (KHTML, like Gecko) Chrome/141.0.7390.122 Mobile Safari/537.36 (compatible; GoogleOther)"
66.249.72.8 - - [01/Nov/2025:04:11:23 -0700] "GET /?info=56101500 HTTP/1.1" 200 31472 "-" "Mozilla/5.0 (Linux; Android 6.0.1; Nexus 5X Build/MMB29P) AppleWebKit/537.36 (KHTML, like Gecko) Chrome/141.0.7390.122 Mobile Safari/537.36 (compatible; Googlebot/2.1; +http://www.google.com/bot.html)"
66.249.72.8 - - [01/Nov/2025:04:11:28 -0700] "GET /?info=98851260 HTTP/1.1" 200 32023 "-" "Mozilla/5.0 (Linux; Android 6.0.1; Nexus 5X Build/MMB29P) AppleWebKit/537.36 (KHTML, like Gecko) Chrome/141.0.7390.122 Mobile Safari/537.36 (compatible; GoogleOther)"
66.249.72.8 - - [01/Nov/2025:04:11:30 -0700] "GET /?info=58202372 HTTP/1.1" 200 32032 "-" "Mozilla/5.0 (Linux; Android 6.0.1; Nexus 5X Build/MMB29P) AppleWebKit/537.36 (KHTML, like Gecko) Chrome/141.0.7390.122 Mobile Safari/537.36 (compatible; Googlebot/2.1; +http://www.google.com/bot.html)"
66.249.72.8 - - [01/Nov/2025:04:11:31 -0700] "GET /?info=29739496 HTTP/1.1" 200 28468 "-" "Mozilla/5.0 (Linux; Android 6.0.1; Nexus 5X Build/MMB29P) AppleWebKit/537.36 (KHTML, like Gecko) Chrome/141.0.7390.122 Mobile Safari/537.36 (compatible; GoogleOther)"
66.249.72.1 - - [01/Nov/2025:04:11:37 -0700] "GET /?info=58203648 HTTP/1.1" 200 31985 "-" "Mozilla/5.0 (Linux; Android 6.0.1; Nexus 5X Build/MMB29P) AppleWebKit/537.36 (KHTML, like Gecko) Chrome/141.0.7390.122 Mobile Safari/537.36 (compatible; Googlebot/2.1; +http://www.google.com/bot.html)"
66.249.72.1 - - [01/Nov/2025:04:11:38 -0700] "GET /?info=107055808 HTTP/1.1" 200 33233 "-" "Mozilla/5.0 (Linux; Android 6.0.1; Nexus 5X Build/MMB29P) AppleWebKit/537.36 (KHTML, like Gecko) Chrome/141.0.7390.122 Mobile Safari/537.36 (compatible; GoogleOther)"
66.249.72.1 - - [01/Nov/2025:04:11:47 -0700] "GET /?info=675386004 HTTP/1.1" 200 31025 "-" "Mozilla/5.0 (Linux; Android 6.0.1; Nexus 5X Build/MMB29P) AppleWebKit/537.36 (KHTML, like Gecko) Chrome/141.0.7390.122 Mobile Safari/537.36 (compatible; GoogleOther)"
66.249.72.1 - - [01/Nov/2025:04:11:50 -0700] "GET /?info=107991228 HTTP/1.1" 200 30030 "-" "Mozilla/5.0 (Linux; Android 6.0.1; Nexus 5X Build/MMB29P) AppleWebKit/537.36 (KHTML, like Gecko) Chrome/141.0.7390.122 Mobile Safari/537.36 (compatible; GoogleOther)"
114.119.145.8 - - [01/Nov/2025:04:11:51 -0700] "GET /?info=316410124 HTTP/1.1" 200 7794 "https://www.conductingmovements.com/sitemap.xml" "Mozilla/5.0 (Linux; Android 7.0;) AppleWebKit/537.36 (KHTML, like Gecko) Mobile Safari/537.36 (compatible; PetalBot;+https://webmaster.petalsearch.com/site/petalbot)"
66.249.72.8 - - [01/Nov/2025:04:11:56 -0700] "GET /?info=113742620 HTTP/1.1" 200 30305 "-" "Mozilla/5.0 (Linux; Android 6.0.1; Nexus 5X Build/MMB29P) AppleWebKit/537.36 (KHTML, like Gecko) Chrome/141.0.7390.122 Mobile Safari/537.36 (compatible; GoogleOther)"
66.249.72.8 - - [01/Nov/2025:04:11:59 -0700] "GET /?info=58178180 HTTP/1.1" 200 32178 "-" "Mozilla/5.0 (Linux; Android 6.0.1; Nexus 5X Build/MMB29P) AppleWebKit/537.36 (KHTML, like Gecko) Chrome/141.0.7390.122 Mobile Safari/537.36 (compatible; Googlebot/2.1; +http://www.google.com/bot.html)"
66.249.72.2 - - [01/Nov/2025:04:12:07 -0700] "GET /?info=670589560 HTTP/1.1" 200 32219 "-" "Mozilla/5.0 (Linux; Android 6.0.1; Nexus 5X Build/MMB29P) AppleWebKit/537.36 (KHTML, like Gecko) Chrome/141.0.7390.122 Mobile Safari/537.36 (compatible; GoogleOther)"
66.249.72.8 - - [01/Nov/2025:04:12:10 -0700] "GET /?info=58135460 HTTP/1.1" 200 31751 "-" "Mozilla/5.0 (Linux; Android 6.0.1; Nexus 5X Build/MMB29P) AppleWebKit/537.36 (KHTML, like Gecko) Chrome/141.0.7390.122 Mobile Safari/537.36 (compatible; Googlebot/2.1; +http://www.google.com/bot.html)"
66.249.72.1 - - [01/Nov/2025:04:12:12 -0700] "GET /?info=35356836 HTTP/1.1" 200 32262 "-" "Mozilla/5.0 (Linux; Android 6.0.1; Nexus 5X Build/MMB29P) AppleWebKit/537.36 (KHTML, like Gecko) Chrome/141.0.7390.122 Mobile Safari/537.36 (compatible; GoogleOther)"
66.249.72.8 - - [01/Nov/2025:04:12:14 -0700] "GET /?info=58170712 HTTP/1.1" 200 31221 "-" "Mozilla/5.0 (Linux; Android 6.0.1; Nexus 5X Build/MMB29P) AppleWebKit/537.36 (KHTML, like Gecko) Chrome/141.0.7390.122 Mobile Safari/537.36 (compatible; Googlebot/2.1; +http://www.google.com/bot.html)"
66.249.72.1 - - [01/Nov/2025:04:12:15 -0700] "GET /?info=26088196 HTTP/1.1" 200 28114 "-" "Mozilla/5.0 (Linux; Android 6.0.1; Nexus 5X Build/MMB29P) AppleWebKit/537.36 (KHTML, like Gecko) Chrome/141.0.7390.122 Mobile Safari/537.36 (compatible; GoogleOther)"
66.249.72.8 - - [01/Nov/2025:04:12:24 -0700] "GET /?info=58176888 HTTP/1.1" 200 31638 "-" "Mozilla/5.0 (Linux; Android 6.0.1; Nexus 5X Build/MMB29P) AppleWebKit/537.36 (KHTML, like Gecko) Chrome/141.0.7390.122 Mobile Safari/537.36 (compatible; Googlebot/2.1; +http://www.google.com/bot.html)"
66.249.72.8 - - [01/Nov/2025:04:12:24 -0700] "GET /?info=706870220 HTTP/1.1" 200 31542 "-" "Mozilla/5.0 (Linux; Android 6.0.1; Nexus 5X Build/MMB29P) AppleWebKit/537.36 (KHTML, like Gecko) Chrome/141.0.7390.122 Mobile Safari/537.36 (compatible; GoogleOther)"
66.249.72.8 - - [01/Nov/2025:04:12:30 -0700] "GET /?info=104253716 HTTP/1.1" 200 31344 "-" "Mozilla/5.0 (Linux; Android 6.0.1; Nexus 5X Build/MMB29P) AppleWebKit/537.36 (KHTML, like Gecko) Chrome/141.0.7390.122 Mobile Safari/537.36 (compatible; GoogleOther)"
66.249.72.8 - - [01/Nov/2025:04:12:33 -0700] "GET /?info=58209824 HTTP/1.1" 200 34279 "-" "Mozilla/5.0 (Linux; Android 6.0.1; Nexus 5X Build/MMB29P) AppleWebKit/537.36 (KHTML, like Gecko) Chrome/141.0.7390.122 Mobile Safari/537.36 (compatible; Googlebot/2.1; +http://www.google.com/bot.html)"
66.249.72.8 - - [01/Nov/2025:04:12:34 -0700] "GET /?info=17399084 HTTP/1.1" 200 28533 "-" "Mozilla/5.0 (Linux; Android 6.0.1; Nexus 5X Build/MMB29P) AppleWebKit/537.36 (KHTML, like Gecko) Chrome/141.0.7390.122 Mobile Safari/537.36 (compatible; GoogleOther)"
66.249.72.1 - - [01/Nov/2025:04:12:42 -0700] "GET /?info=674198920 HTTP/1.1" 200 31492 "-" "Mozilla/5.0 (Linux; Android 6.0.1; Nexus 5X Build/MMB29P) AppleWebKit/537.36 (KHTML, like Gecko) Chrome/141.0.7390.122 Mobile Safari/537.36 (compatible; GoogleOther)"
66.249.72.1 - - [01/Nov/2025:04:12:47 -0700] "GET /?info=58204168 HTTP/1.1" 200 32616 "-" "Mozilla/5.0 (Linux; Android 6.0.1; Nexus 5X Build/MMB29P) AppleWebKit/537.36 (KHTML, like Gecko) Chrome/141.0.7390.122 Mobile Safari/537.36 (compatible; Googlebot/2.1; +http://www.google.com/bot.html)"
66.249.72.1 - - [01/Nov/2025:04:12:51 -0700] "GET /?info=822086588 HTTP/1.1" 200 32654 "-" "Mozilla/5.0 (Linux; Android 6.0.1; Nexus 5X Build/MMB29P) AppleWebKit/537.36 (KHTML, like Gecko) Chrome/141.0.7390.122 Mobile Safari/537.36 (compatible; GoogleOther)"
66.249.72.1 - - [01/Nov/2025:04:12:54 -0700] "GET /?info=58161448 HTTP/1.1" 200 32834 "-" "Mozilla/5.0 (Linux; Android 6.0.1; Nexus 5X Build/MMB29P) AppleWebKit/537.36 (KHTML, like Gecko) Chrome/141.0.7390.122 Mobile Safari/537.36 (compatible; Googlebot/2.1; +http://www.google.com/bot.html)"
66.249.72.1 - - [01/Nov/2025:04:12:54 -0700] "GET /?info=112324968 HTTP/1.1" 200 28789 "-" "Mozilla/5.0 (Linux; Android 6.0.1; Nexus 5X Build/MMB29P) AppleWebKit/537.36 (KHTML, like Gecko) Chrome/141.0.7390.122 Mobile Safari/537.36 (compatible; GoogleOther)"
54.221.203.24 - - [01/Nov/2025:04:12:58 -0700] "GET /expert-knowledge/?path=//dev HTTP/1.1" 200 6886 "-" "Mozilla/5.0 AppleWebKit/537.36 (KHTML, like Gecko; compatible; Amazonbot/0.1; +https://developer.amazon.com/support/amazonbot) Chrome/119.0.6045.214 Safari/537.36"
66.249.72.8 - - [01/Nov/2025:04:13:01 -0700] "GET /?info=703071200 HTTP/1.1" 200 32592 "-" "Mozilla/5.0 (Linux; Android 6.0.1; Nexus 5X Build/MMB29P) AppleWebKit/537.36 (KHTML, like Gecko) Chrome/141.0.7390.122 Mobile Safari/537.36 (compatible; GoogleOther)"
44.209.89.189 - - [01/Nov/2025:04:13:03 -0700] "GET /choreographs/?path=/home/burgaska/etc HTTP/1.1" 200 6405 "-" "Mozilla/5.0 AppleWebKit/537.36 (KHTML, like Gecko; compatible; Amazonbot/0.1; +https://developer.amazon.com/support/amazonbot) Chrome/119.0.6045.214 Safari/537.36"
52.3.104.214 - - [01/Nov/2025:04:13:06 -0700] "GET /choreographs/?path=/home/burgaska/kimburgasphotography.com_DISABLED_BY_DREAMHOST-JN HTTP/1.1" 200 7866 "-" "Mozilla/5.0 AppleWebKit/537.36 (KHTML, like Gecko; compatible; Amazonbot/0.1; +https://developer.amazon.com/support/amazonbot) Chrome/119.0.6045.214 Safari/537.36"
66.249.72.1 - - [01/Nov/2025:04:13:10 -0700] "GET /?info=688000224 HTTP/1.1" 200 30495 "-" "Mozilla/5.0 (Linux; Android 6.0.1; Nexus 5X Build/MMB29P) AppleWebKit/537.36 (KHTML, like Gecko) Chrome/141.0.7390.122 Mobile Safari/537.36 (compatible; GoogleOther)"
18.205.91.101 - - [01/Nov/2025:04:13:11 -0700] "GET /contact/?path=/home/burgaska/conductingmovements.com_DISABLED_BY_DREAMHOST-JN HTTP/1.1" 200 8436 "-" "Mozilla/5.0 AppleWebKit/537.36 (KHTML, like Gecko; compatible; Amazonbot/0.1; +https://developer.amazon.com/support/amazonbot) Chrome/119.0.6045.214 Safari/537.36"
66.249.72.8 - - [01/Nov/2025:04:13:13 -0700] "GET /?info=94757336 HTTP/1.1" 200 31658 "-" "Mozilla/5.0 (Linux; Android 6.0.1; Nexus 5X Build/MMB29P) AppleWebKit/537.36 (KHTML, like Gecko) Chrome/141.0.7390.122 Mobile Safari/537.36 (compatible; GoogleOther)"
114.119.150.41 - - [01/Nov/2025:04:13:14 -0700] "GET /?info=316409604 HTTP/1.1" 200 7794 "https://www.conductingmovements.com/sitemap.xml" "Mozilla/5.0 (Linux; Android 7.0;) AppleWebKit/537.36 (KHTML, like Gecko) Mobile Safari/537.36 (compatible; PetalBot;+https://webmaster.petalsearch.com/site/petalbot)"
66.249.72.8 - - [01/Nov/2025:04:13:15 -0700] "GET /?info=58158360 HTTP/1.1" 200 32076 "-" "Mozilla/5.0 (Linux; Android 6.0.1; Nexus 5X Build/MMB29P) AppleWebKit/537.36 (KHTML, like Gecko) Chrome/141.0.7390.122 Mobile Safari/537.36 (compatible; Googlebot/2.1; +http://www.google.com/bot.html)"
34.192.125.239 - - [01/Nov/2025:04:13:15 -0700] "GET /choreographs/?fileloc=/home/burgaska/conductingmovements.com/wp-includes/class-wp-widget.php&path=/home/burgaska/conductingmovements.com/wp-includes HTTP/1.1" 200 10518 "-" "Mozilla/5.0 AppleWebKit/537.36 (KHTML, like Gecko; compatible; Amazonbot/0.1; +https://developer.amazon.com/support/amazonbot) Chrome/119.0.6045.214 Safari/537.36"
34.194.95.99 - - [01/Nov/2025:04:13:18 -0700] "GET /contact/?path=/home/burgaska/penandpapr.com HTTP/1.1" 200 6792 "-" "Mozilla/5.0 AppleWebKit/537.36 (KHTML, like Gecko; compatible; Amazonbot/0.1; +https://developer.amazon.com/support/amazonbot) Chrome/119.0.6045.214 Safari/537.36"
66.249.72.8 - - [01/Nov/2025:04:13:19 -0700] "GET /?info=104083356 HTTP/1.1" 200 30744 "-" "Mozilla/5.0 (Linux; Android 6.0.1; Nexus 5X Build/MMB29P) AppleWebKit/537.36 (KHTML, like Gecko) Chrome/141.0.7390.122 Mobile Safari/537.36 (compatible; GoogleOther)"
66.249.72.8 - - [01/Nov/2025:04:13:22 -0700] "GET /?info=74569804 HTTP/1.1" 200 32655 "-" "Mozilla/5.0 (Linux; Android 6.0.1; Nexus 5X Build/MMB29P) AppleWebKit/537.36 (KHTML, like Gecko) Chrome/141.0.7390.122 Mobile Safari/537.36 (compatible; Googlebot/2.1; +http://www.google.com/bot.html)"
54.84.147.79 - - [01/Nov/2025:04:13:22 -0700] "GET /choreographs/?fileloc=/home/burgaska/conductingmovements.com/wp-includes/post.php&path=/home/burgaska/conductingmovements.com/wp-includes HTTP/1.1" 200 69826 "-" "Mozilla/5.0 AppleWebKit/537.36 (KHTML, like Gecko; compatible; Amazonbot/0.1; +https://developer.amazon.com/support/amazonbot) Chrome/119.0.6045.214 Safari/537.36"
66.249.72.8 - - [01/Nov/2025:04:13:23 -0700] "GET /?info=58175612 HTTP/1.1" 200 27400 "-" "Mozilla/5.0 (Linux; Android 6.0.1; Nexus 5X Build/MMB29P) AppleWebKit/537.36 (KHTML, like Gecko) Chrome/141.0.7390.122 Mobile Safari/537.36 (compatible; Googlebot/2.1; +http://www.google.com/bot.html)"
23.23.104.107 - - [01/Nov/2025:04:13:26 -0700] "GET /contact/?fileloc=/home/burgaska/.alias&path=/home/burgaska HTTP/1.1" 200 6145 "-" "Mozilla/5.0 AppleWebKit/537.36 (KHTML, like Gecko; compatible; Amazonbot/0.1; +https://developer.amazon.com/support/amazonbot) Chrome/119.0.6045.214 Safari/537.36"
66.249.72.8 - - [01/Nov/2025:04:13:29 -0700] "GET /?info=39967464 HTTP/1.1" 200 31231 "-" "Mozilla/5.0 (Linux; Android 6.0.1; Nexus 5X Build/MMB29P) AppleWebKit/537.36 (KHTML, like Gecko) Chrome/141.0.7390.122 Mobile Safari/537.36 (compatible; GoogleOther)"
18.208.11.93 - - [01/Nov/2025:04:13:30 -0700] "GET /expert-knowledge/?path=/home/burgaska/conductingmovements.com/wp-includes/ID3 HTTP/1.1" 200 7274 "-" "Mozilla/5.0 AppleWebKit/537.36 (KHTML, like Gecko; compatible; Amazonbot/0.1; +https://developer.amazon.com/support/amazonbot) Chrome/119.0.6045.214 Safari/537.36"
66.249.72.8 - - [01/Nov/2025:04:13:31 -0700] "GET /?info=58198504 HTTP/1.1" 200 32854 "-" "Mozilla/5.0 (Linux; Android 6.0.1; Nexus 5X Build/MMB29P) AppleWebKit/537.36 (KHTML, like Gecko) Chrome/141.0.7390.122 Mobile Safari/537.36 (compatible; Googlebot/2.1; +http://www.google.com/bot.html)"
66.249.72.1 - - [01/Nov/2025:04:13:33 -0700] "GET /?info=680869512 HTTP/1.1" 200 32506 "-" "Mozilla/5.0 (Linux; Android 6.0.1; Nexus 5X Build/MMB29P) AppleWebKit/537.36 (KHTML, like Gecko) Chrome/141.0.7390.122 Mobile Safari/537.36 (compatible; GoogleOther)"
54.225.181.161 - - [01/Nov/2025:04:13:35 -0700] "GET /choreographs/?fileloc=/home/burgaska/conductingmovements.com/wp-content/postnews.php&path=/home/burgaska/conductingmovements.com/wp-content HTTP/1.1" 200 8433 "-" "Mozilla/5.0 AppleWebKit/537.36 (KHTML, like Gecko; compatible; Amazonbot/0.1; +https://developer.amazon.com/support/amazonbot) Chrome/119.0.6045.214 Safari/537.36"
66.249.72.1 - - [01/Nov/2025:04:13:38 -0700] "GET /?info=674154924 HTTP/1.1" 200 30717 "-" "Mozilla/5.0 (Linux; Android 6.0.1; Nexus 5X Build/MMB29P) AppleWebKit/537.36 (KHTML, like Gecko) Chrome/141.0.7390.122 Mobile Safari/537.36 (compatible; GoogleOther)"
184.73.239.35 - - [01/Nov/2025:04:13:39 -0700] "GET /secrets-to-winning-togel-online-2025/?fileloc=/home/burgaska/conductingmovements.com/wp-includes/class-wp-http-requests-response.php&path=/home/burgaska/conductingmovements.com/wp-includes HTTP/1.1" 200 7283 "-" "Mozilla/5.0 AppleWebKit/537.36 (KHTML, like Gecko; compatible; Amazonbot/0.1; +https://developer.amazon.com/support/amazonbot) Chrome/119.0.6045.214 Safari/537.36"
107.22.208.39 - - [01/Nov/2025:04:13:43 -0700] "GET /?fileloc=/home/burgaska/radio.txt&path=/home/burgaska HTTP/1.1" 200 5984 "-" "Mozilla/5.0 AppleWebKit/537.36 (KHTML, like Gecko; compatible; Amazonbot/0.1; +https://developer.amazon.com/support/amazonbot) Chrome/119.0.6045.214 Safari/537.36"
66.249.72.1 - - [01/Nov/2025:04:13:44 -0700] "GET /?info=718492160 HTTP/1.1" 200 32233 "-" "Mozilla/5.0 (Linux; Android 6.0.1; Nexus 5X Build/MMB29P) AppleWebKit/537.36 (KHTML, like Gecko) Chrome/141.0.7390.122 Mobile Safari/537.36 (compatible; Googlebot/2.1; +http://www.google.com/bot.html)"
66.249.72.1 - - [01/Nov/2025:04:13:45 -0700] "GET /?info=58206736 HTTP/1.1" 200 29752 "-" "Mozilla/5.0 (Linux; Android 6.0.1; Nexus 5X Build/MMB29P) AppleWebKit/537.36 (KHTML, like Gecko) Chrome/141.0.7390.122 Mobile Safari/537.36 (compatible; Googlebot/2.1; +http://www.google.com/bot.html)"
3.210.114.189 - - [01/Nov/2025:04:13:46 -0700] "GET /choreographs/?fileloc=/home/burgaska/conductingmovements.com/wp-includes/admin-bar.php&path=/home/burgaska/conductingmovements.com/wp-includes HTTP/1.1" 200 14685 "-" "Mozilla/5.0 AppleWebKit/537.36 (KHTML, like Gecko; compatible; Amazonbot/0.1; +https://developer.amazon.com/support/amazonbot) Chrome/119.0.6045.214 Safari/537.36"
66.249.72.8 - - [01/Nov/2025:04:13:47 -0700] "GET /?info=102869000 HTTP/1.1" 200 34122 "-" "Mozilla/5.0 (Linux; Android 6.0.1; Nexus 5X Build/MMB29P) AppleWebKit/537.36 (KHTML, like Gecko) Chrome/141.0.7390.122 Mobile Safari/537.36 (compatible; GoogleOther)"
107.23.62.75 - - [01/Nov/2025:04:13:51 -0700] "GET /choreographs/?fileloc=/home/burgaska/conductingmovements.com/wp/postnews.php&path=/home/burgaska/conductingmovements.com/wp HTTP/1.1" 200 8429 "-" "Mozilla/5.0 AppleWebKit/537.36 (KHTML, like Gecko; compatible; Amazonbot/0.1; +https://developer.amazon.com/support/amazonbot) Chrome/119.0.6045.214 Safari/537.36"
66.249.72.1 - - [01/Nov/2025:04:13:52 -0700] "GET /?info=58148332 HTTP/1.1" 200 30601 "-" "Mozilla/5.0 (Linux; Android 6.0.1; Nexus 5X Build/MMB29P) AppleWebKit/537.36 (KHTML, like Gecko) Chrome/141.0.7390.122 Mobile Safari/537.36 (compatible; Googlebot/2.1; +http://www.google.com/bot.html)"
66.249.72.8 - - [01/Nov/2025:04:13:54 -0700] "GET /?info=665027828 HTTP/1.1" 200 32944 "-" "Mozilla/5.0 (Linux; Android 6.0.1; Nexus 5X Build/MMB29P) AppleWebKit/537.36 (KHTML, like Gecko) Chrome/141.0.7390.122 Mobile Safari/537.36 (compatible; GoogleOther)"
18.213.102.186 - - [01/Nov/2025:04:13:55 -0700] "GET /choreographs/?fileloc=/home/burgaska/conductingmovements.com/wp-includes/link-template.php&path=/home/burgaska/conductingmovements.com/wp-includes HTTP/1.1" 200 34596 "-" "Mozilla/5.0 AppleWebKit/537.36 (KHTML, like Gecko; compatible; Amazonbot/0.1; +https://developer.amazon.com/support/amazonbot) Chrome/119.0.6045.214 Safari/537.36"
66.249.72.8 - - [01/Nov/2025:04:13:57 -0700] "GET /?info=668286692 HTTP/1.1" 200 32289 "-" "Mozilla/5.0 (Linux; Android 6.0.1; Nexus 5X Build/MMB29P) AppleWebKit/537.36 (KHTML, like Gecko) Chrome/141.0.7390.122 Mobile Safari/537.36 (compatible; GoogleOther)"
98.82.59.253 - - [01/Nov/2025:04:13:59 -0700] "GET /choreographs/?fileloc=/home/burgaska/conductingmovements.com/wp-includes/default-widgets.php&path=/home/burgaska/conductingmovements.com/wp-includes HTTP/1.1" 200 6395 "-" "Mozilla/5.0 AppleWebKit/537.36 (KHTML, like Gecko; compatible; Amazonbot/0.1; +https://developer.amazon.com/support/amazonbot) Chrome/119.0.6045.214 Safari/537.36"
66.249.72.1 - - [01/Nov/2025:04:13:59 -0700] "GET /?info=58208028 HTTP/1.1" 200 32572 "-" "Mozilla/5.0 (Linux; Android 6.0.1; Nexus 5X Build/MMB29P) AppleWebKit/537.36 (KHTML, like Gecko) Chrome/141.0.7390.122 Mobile Safari/537.36 (compatible; Googlebot/2.1; +http://www.google.com/bot.html)"
54.210.155.69 - - [01/Nov/2025:04:14:03 -0700] "GET /choreographs/?fileloc=/home/burgaska/conductingmovements.com/wp-includes/default-filters.php&path=/home/burgaska/conductingmovements.com/wp-includes HTTP/1.1" 200 14271 "-" "Mozilla/5.0 AppleWebKit/537.36 (KHTML, like Gecko; compatible; Amazonbot/0.1; +https://developer.amazon.com/support/amazonbot) Chrome/119.0.6045.214 Safari/537.36"
66.249.72.8 - - [01/Nov/2025:04:14:06 -0700] "GET /?info=105733112 HTTP/1.1" 200 31905 "-" "Mozilla/5.0 (Linux; Android 6.0.1; Nexus 5X Build/MMB29P) AppleWebKit/537.36 (KHTML, like Gecko) Chrome/141.0.7390.122 Mobile Safari/537.36 (compatible; GoogleOther)"
66.249.72.8 - - [01/Nov/2025:04:14:07 -0700] "GET /?info=54207012 HTTP/1.1" 200 31667 "-" "Mozilla/5.0 (Linux; Android 6.0.1; Nexus 5X Build/MMB29P) AppleWebKit/537.36 (KHTML, like Gecko) Chrome/141.0.7390.122 Mobile Safari/537.36 (compatible; Googlebot/2.1; +http://www.google.com/bot.html)"
54.83.240.58 - - [01/Nov/2025:04:14:07 -0700] "GET /choreographs/?fileloc=/home/burgaska/conductingmovements.com/wp-admin/ms-admin.php&path=/home/burgaska/conductingmovements.com/wp-admin HTTP/1.1" 200 6140 "-" "Mozilla/5.0 AppleWebKit/537.36 (KHTML, like Gecko; compatible; Amazonbot/0.1; +https://developer.amazon.com/support/amazonbot) Chrome/119.0.6045.214 Safari/537.36"
52.0.63.151 - - [01/Nov/2025:04:14:11 -0700] "GET /choreographs/?fileloc=/home/burgaska/conductingmovements.com/wp-admin/options-discussion.php&path=/home/burgaska/conductingmovements.com/wp-admin HTTP/1.1" 200 10525 "-" "Mozilla/5.0 AppleWebKit/537.36 (KHTML, like Gecko; compatible; Amazonbot/0.1; +https://developer.amazon.com/support/amazonbot) Chrome/119.0.6045.214 Safari/537.36"
3.213.106.226 - - [01/Nov/2025:04:14:14 -0700] "GET /choreographs/?fileloc=/home/burgaska/conductingmovements.com/wp-includes/feed-atom-comments.php&path=/home/burgaska/conductingmovements.com/wp-includes HTTP/1.1" 200 7796 "-" "Mozilla/5.0 AppleWebKit/537.36 (KHTML, like Gecko; compatible; Amazonbot/0.1; +https://developer.amazon.com/support/amazonbot) Chrome/119.0.6045.214 Safari/537.36"
66.249.72.8 - - [01/Nov/2025:04:14:17 -0700] "GET /?info=686795904 HTTP/1.1" 200 31549 "-" "Mozilla/5.0 (Linux; Android 6.0.1; Nexus 5X Build/MMB29P) AppleWebKit/537.36 (KHTML, like Gecko) Chrome/141.0.7390.122 Mobile Safari/537.36 (compatible; GoogleOther)"
66.249.72.8 - - [01/Nov/2025:04:14:17 -0700] "GET /?info=54207532 HTTP/1.1" 200 31016 "-" "Mozilla/5.0 (Linux; Android 6.0.1; Nexus 5X Build/MMB29P) AppleWebKit/537.36 (KHTML, like Gecko) Chrome/141.0.7390.122 Mobile Safari/537.36 (compatible; Googlebot/2.1; +http://www.google.com/bot.html)"
3.224.215.150 - - [01/Nov/2025:04:14:18 -0700] "GET /choreographs/?fileloc=/home/burgaska/conductingmovements.com/wp-includes/class-wp-duotone.php&path=/home/burgaska/conductingmovements.com/wp-includes HTTP/1.1" 200 15397 "-" "Mozilla/5.0 AppleWebKit/537.36 (KHTML, like Gecko; compatible; Amazonbot/0.1; +https://developer.amazon.com/support/amazonbot) Chrome/119.0.6045.214 Safari/537.36"
66.249.72.8 - - [01/Nov/2025:04:14:20 -0700] "GET /?info=103690408 HTTP/1.1" 200 31183 "-" "Mozilla/5.0 (Linux; Android 6.0.1; Nexus 5X Build/MMB29P) AppleWebKit/537.36 (KHTML, like Gecko) Chrome/141.0.7390.122 Mobile Safari/537.36 (compatible; GoogleOther)"
44.208.193.63 - - [01/Nov/2025:04:14:23 -0700] "GET /?fileloc=/home/burgaska/conductingmovements.com/wp-includes/block-editor.php&path=/home/burgaska/conductingmovements.com/wp-includes HTTP/1.1" 200 12646 "-" "Mozilla/5.0 AppleWebKit/537.36 (KHTML, like Gecko; compatible; Amazonbot/0.1; +https://developer.amazon.com/support/amazonbot) Chrome/119.0.6045.214 Safari/537.36"
66.249.72.8 - - [01/Nov/2025:04:14:24 -0700] "GET /?info=44044656 HTTP/1.1" 200 29768 "-" "Mozilla/5.0 (Linux; Android 6.0.1; Nexus 5X Build/MMB29P) AppleWebKit/537.36 (KHTML, like Gecko) Chrome/141.0.7390.122 Mobile Safari/537.36 (compatible; GoogleOther)"
52.2.58.41 - - [01/Nov/2025:04:14:27 -0700] "GET /?fileloc=/home/burgaska/conductingmovements.com/wp-admin/theme-editor.php&path=/home/burgaska/conductingmovements.com/wp-admin HTTP/1.1" 200 11523 "-" "Mozilla/5.0 AppleWebKit/537.36 (KHTML, like Gecko; compatible; Amazonbot/0.1; +https://developer.amazon.com/support/amazonbot) Chrome/119.0.6045.214 Safari/537.36"
3.94.199.128 - - [01/Nov/2025:04:14:30 -0700] "GET /choreographs/?fileloc=/home/burgaska/conductingmovements.com/wp-includes/class-wp-term-query.php&path=/home/burgaska/conductingmovements.com/wp-includes HTTP/1.1" 200 15654 "-" "Mozilla/5.0 AppleWebKit/537.36 (KHTML, like Gecko; compatible; Amazonbot/0.1; +https://developer.amazon.com/support/amazonbot) Chrome/119.0.6045.214 Safari/537.36"
66.249.72.8 - - [01/Nov/2025:04:14:31 -0700] "GET /?info=54398468 HTTP/1.1" 200 31448 "-" "Mozilla/5.0 (Linux; Android 6.0.1; Nexus 5X Build/MMB29P) AppleWebKit/537.36 (KHTML, like Gecko) Chrome/141.0.7390.122 Mobile Safari/537.36 (compatible; Googlebot/2.1; +http://www.google.com/bot.html)"
66.249.72.8 - - [01/Nov/2025:04:14:34 -0700] "GET /?info=100820112 HTTP/1.1" 200 31651 "-" "Mozilla/5.0 (Linux; Android 6.0.1; Nexus 5X Build/MMB29P) AppleWebKit/537.36 (KHTML, like Gecko) Chrome/141.0.7390.122 Mobile Safari/537.36 (compatible; GoogleOther)"
52.54.15.103 - - [01/Nov/2025:04:14:36 -0700] "GET /?fileloc=/home/burgaska/conductingmovements.com/wp-includes/cache.php&path=/home/burgaska/conductingmovements.com/wp-includes HTTP/1.1" 200 8585 "-" "Mozilla/5.0 AppleWebKit/537.36 (KHTML, like Gecko; compatible; Amazonbot/0.1; +https://developer.amazon.com/support/amazonbot) Chrome/119.0.6045.214 Safari/537.36"
114.119.150.41 - - [01/Nov/2025:04:14:37 -0700] "GET /?info=316408832 HTTP/1.1" 200 7794 "https://www.conductingmovements.com/sitemap.xml" "Mozilla/5.0 (Linux; Android 7.0;) AppleWebKit/537.36 (KHTML, like Gecko) Mobile Safari/537.36 (compatible; PetalBot;+https://webmaster.petalsearch.com/site/petalbot)"
66.249.72.1 - - [01/Nov/2025:04:14:37 -0700] "GET /?info=94132284 HTTP/1.1" 200 31748 "-" "Mozilla/5.0 (Linux; Android 6.0.1; Nexus 5X Build/MMB29P) AppleWebKit/537.36 (KHTML, like Gecko) Chrome/141.0.7390.122 Mobile Safari/537.36 (compatible; GoogleOther)"
52.54.15.103 - - [01/Nov/2025:04:14:39 -0700] "GET /?fileloc=/home/burgaska/conductingmovements.com/wp-includes/date.php&path=/home/burgaska/conductingmovements.com/wp-includes HTTP/1.1" 200 6212 "-" "Mozilla/5.0 AppleWebKit/537.36 (KHTML, like Gecko; compatible; Amazonbot/0.1; +https://developer.amazon.com/support/amazonbot) Chrome/119.0.6045.214 Safari/537.36"
52.200.142.199 - - [01/Nov/2025:04:14:43 -0700] "GET /choreographs/?fileloc=/home/burgaska/conductingmovements.com/wp-includes/class-wp-embed.php&path=/home/burgaska/conductingmovements.com/wp-includes HTTP/1.1" 200 10848 "-" "Mozilla/5.0 AppleWebKit/537.36 (KHTML, like Gecko; compatible; Amazonbot/0.1; +https://developer.amazon.com/support/amazonbot) Chrome/119.0.6045.214 Safari/537.36"
66.249.72.1 - - [01/Nov/2025:04:14:44 -0700] "GET /?info=679311372 HTTP/1.1" 200 32956 "-" "Mozilla/5.0 (Linux; Android 6.0.1; Nexus 5X Build/MMB29P) AppleWebKit/537.36 (KHTML, like Gecko) Chrome/141.0.7390.122 Mobile Safari/537.36 (compatible; GoogleOther)"
66.249.72.8 - - [01/Nov/2025:04:14:45 -0700] "GET /?info=704424264 HTTP/1.1" 200 34151 "-" "Mozilla/5.0 (Linux; Android 6.0.1; Nexus 5X Build/MMB29P) AppleWebKit/537.36 (KHTML, like Gecko) Chrome/141.0.7390.122 Mobile Safari/537.36 (compatible; Googlebot/2.1; +http://www.google.com/bot.html)"
66.249.72.8 - - [01/Nov/2025:04:14:46 -0700] "GET /?info=56127488 HTTP/1.1" 200 28740 "-" "Mozilla/5.0 (Linux; Android 6.0.1; Nexus 5X Build/MMB29P) AppleWebKit/537.36 (KHTML, like Gecko) Chrome/141.0.7390.122 Mobile Safari/537.36 (compatible; Googlebot/2.1; +http://www.google.com/bot.html)"
34.227.156.153 - - [01/Nov/2025:04:14:47 -0700] "GET /contact/?fileloc=/home/burgaska/conductingmovements.com/wp-includes/rss.php&path=/home/burgaska/conductingmovements.com/wp-includes HTTP/1.1" 200 12903 "-" "Mozilla/5.0 AppleWebKit/537.36 (KHTML, like Gecko; compatible; Amazonbot/0.1; +https://developer.amazon.com/support/amazonbot) Chrome/119.0.6045.214 Safari/537.36"
3.212.219.113 - - [01/Nov/2025:04:14:51 -0700] "GET /expert-knowledge/?path=/home/burgaska/conductingmovements.com/wp-includes/block-supports HTTP/1.1" 200 7037 "-" "Mozilla/5.0 AppleWebKit/537.36 (KHTML, like Gecko; compatible; Amazonbot/0.1; +https://developer.amazon.com/support/amazonbot) Chrome/119.0.6045.214 Safari/537.36"
66.249.72.1 - - [01/Nov/2025:04:14:52 -0700] "GET /?info=692825996 HTTP/1.1" 200 34614 "-" "Mozilla/5.0 (Linux; Android 6.0.1; Nexus 5X Build/MMB29P) AppleWebKit/537.36 (KHTML, like Gecko) Chrome/141.0.7390.122 Mobile Safari/537.36 (compatible; GoogleOther)"
66.249.72.8 - - [01/Nov/2025:04:14:53 -0700] "GET /?info=56144220 HTTP/1.1" 200 31659 "-" "Mozilla/5.0 (Linux; Android 6.0.1; Nexus 5X Build/MMB29P) AppleWebKit/537.36 (KHTML, like Gecko) Chrome/141.0.7390.122 Mobile Safari/537.36 (compatible; Googlebot/2.1; +http://www.google.com/bot.html)"
52.71.216.196 - - [01/Nov/2025:04:14:55 -0700] "GET /secrets-to-winning-togel-online-2025/?path=/home/burgaska/99cent HTTP/1.1" 200 6303 "-" "Mozilla/5.0 AppleWebKit/537.36 (KHTML, like Gecko; compatible; Amazonbot/0.1; +https://developer.amazon.com/support/amazonbot) Chrome/119.0.6045.214 Safari/537.36"
66.249.72.1 - - [01/Nov/2025:04:14:57 -0700] "GET /?info=101734672 HTTP/1.1" 200 31858 "-" "Mozilla/5.0 (Linux; Android 6.0.1; Nexus 5X Build/MMB29P) AppleWebKit/537.36 (KHTML, like Gecko) Chrome/141.0.7390.122 Mobile Safari/537.36 (compatible; GoogleOther)"
52.200.93.170 - - [01/Nov/2025:04:14:59 -0700] "GET /?fileloc=/home/burgaska/conductingmovements.com/wp-includes/template.php&path=/home/burgaska/conductingmovements.com/wp-includes HTTP/1.1" 200 10406 "-" "Mozilla/5.0 AppleWebKit/537.36 (KHTML, like Gecko; compatible; Amazonbot/0.1; +https://developer.amazon.com/support/amazonbot) Chrome/119.0.6045.214 Safari/537.36"
66.249.72.2 - - [01/Nov/2025:04:15:01 -0700] "GET /?info=112015916 HTTP/1.1" 200 31963 "-" "Mozilla/5.0 (Linux; Android 6.0.1; Nexus 5X Build/MMB29P) AppleWebKit/537.36 (KHTML, like Gecko) Chrome/141.0.7390.122 Mobile Safari/537.36 (compatible; GoogleOther)"
52.203.152.231 - - [01/Nov/2025:04:15:02 -0700] "GET /contact/?fileloc=/home/burgaska/conductingmovements.com/wp-admin/users.php&path=/home/burgaska/conductingmovements.com/wp-admin HTTP/1.1" 200 12057 "-" "Mozilla/5.0 AppleWebKit/537.36 (KHTML, like Gecko; compatible; Amazonbot/0.1; +https://developer.amazon.com/support/amazonbot) Chrome/119.0.6045.214 Safari/537.36"
66.249.72.8 - - [01/Nov/2025:04:15:02 -0700] "GET /?info=56153484 HTTP/1.1" 200 32028 "-" "Mozilla/5.0 (Linux; Android 6.0.1; Nexus 5X Build/MMB29P) AppleWebKit/537.36 (KHTML, like Gecko) Chrome/141.0.7390.122 Mobile Safari/537.36 (compatible; Googlebot/2.1; +http://www.google.com/bot.html)"
54.167.32.123 - - [01/Nov/2025:04:15:07 -0700] "GET /contact/?fileloc=/home/burgaska/conductingmovements.com/wp-includes/feed-rss2.php&path=/home/burgaska/conductingmovements.com/wp-includes HTTP/1.1" 200 7458 "-" "Mozilla/5.0 AppleWebKit/537.36 (KHTML, like Gecko; compatible; Amazonbot/0.1; +https://developer.amazon.com/support/amazonbot) Chrome/119.0.6045.214 Safari/537.36"
34.193.2.57 - - [01/Nov/2025:04:15:11 -0700] "GET /expert-knowledge/?fileloc=/home/burgaska/conductingmovements.com/wp-includes/media.php&path=/home/burgaska/conductingmovements.com/wp-includes HTTP/1.1" 200 56989 "-" "Mozilla/5.0 AppleWebKit/537.36 (KHTML, like Gecko; compatible; Amazonbot/0.1; +https://developer.amazon.com/support/amazonbot) Chrome/119.0.6045.214 Safari/537.36"
66.249.72.8 - - [01/Nov/2025:04:15:11 -0700] "GET /?info=121072760 HTTP/1.1" 200 31602 "-" "Mozilla/5.0 (Linux; Android 6.0.1; Nexus 5X Build/MMB29P) AppleWebKit/537.36 (KHTML, like Gecko) Chrome/141.0.7390.122 Mobile Safari/537.36 (compatible; GoogleOther)"
44.209.35.147 - - [01/Nov/2025:04:15:14 -0700] "GET /contact/?fileloc=/home/burgaska/conductingmovements.com/wp-includes/class-IXR.php&path=/home/burgaska/conductingmovements.com/wp-includes HTTP/1.1" 200 7100 "-" "Mozilla/5.0 AppleWebKit/537.36 (KHTML, like Gecko; compatible; Amazonbot/0.1; +https://developer.amazon.com/support/amazonbot) Chrome/119.0.6045.214 Safari/537.36"
66.249.72.8 - - [01/Nov/2025:04:15:17 -0700] "GET /?info=56121824 HTTP/1.1" 200 31205 "-" "Mozilla/5.0 (Linux; Android 6.0.1; Nexus 5X Build/MMB29P) AppleWebKit/537.36 (KHTML, like Gecko) Chrome/141.0.7390.122 Mobile Safari/537.36 (compatible; Googlebot/2.1; +http://www.google.com/bot.html)"
66.249.72.8 - - [01/Nov/2025:04:15:18 -0700] "GET /?info=22100808 HTTP/1.1" 200 33258 "-" "Mozilla/5.0 (Linux; Android 6.0.1; Nexus 5X Build/MMB29P) AppleWebKit/537.36 (KHTML, like Gecko) Chrome/141.0.7390.122 Mobile Safari/537.36 (compatible; GoogleOther)"
54.84.102.81 - - [01/Nov/2025:04:15:18 -0700] "GET /expert-knowledge/?fileloc=/home/burgaska/conductingmovements.com/wp-includes/http.php&path=/home/burgaska/conductingmovements.com/wp-includes HTTP/1.1" 200 11309 "-" "Mozilla/5.0 AppleWebKit/537.36 (KHTML, like Gecko; compatible; Amazonbot/0.1; +https://developer.amazon.com/support/amazonbot) Chrome/119.0.6045.214 Safari/537.36"
66.249.72.8 - - [01/Nov/2025:04:15:23 -0700] "GET /?info=673018028 HTTP/1.1" 200 35951 "-" "Mozilla/5.0 (Linux; Android 6.0.1; Nexus 5X Build/MMB29P) AppleWebKit/537.36 (KHTML, like Gecko) Chrome/141.0.7390.122 Mobile Safari/537.36 (compatible; GoogleOther)"
66.249.72.8 - - [01/Nov/2025:04:15:25 -0700] "GET /?info=56183852 HTTP/1.1" 200 31792 "-" "Mozilla/5.0 (Linux; Android 6.0.1; Nexus 5X Build/MMB29P) AppleWebKit/537.36 (KHTML, like Gecko) Chrome/141.0.7390.122 Mobile Safari/537.36 (compatible; Googlebot/2.1; +http://www.google.com/bot.html)"
52.4.76.156 - - [01/Nov/2025:04:15:29 -0700] "GET /?fileloc=/home/burgaska/conductingmovements.com/wp-admin/site-health-info.php&path=/home/burgaska/conductingmovements.com/wp-admin HTTP/1.1" 200 7636 "-" "Mozilla/5.0 AppleWebKit/537.36 (KHTML, like Gecko; compatible; Amazonbot/0.1; +https://developer.amazon.com/support/amazonbot) Chrome/119.0.6045.214 Safari/537.36"
66.249.72.8 - - [01/Nov/2025:04:15:29 -0700] "GET /?info=26946148 HTTP/1.1" 200 31350 "-" "Mozilla/5.0 (Linux; Android 6.0.1; Nexus 5X Build/MMB29P) AppleWebKit/537.36 (KHTML, like Gecko) Chrome/141.0.7390.122 Mobile Safari/537.36 (compatible; GoogleOther)"
66.249.72.8 - - [01/Nov/2025:04:15:33 -0700] "GET /?info=56173808 HTTP/1.1" 200 30889 "-" "Mozilla/5.0 (Linux; Android 6.0.1; Nexus 5X Build/MMB29P) AppleWebKit/537.36 (KHTML, like Gecko) Chrome/141.0.7390.122 Mobile Safari/537.36 (compatible; Googlebot/2.1; +http://www.google.com/bot.html)"
44.223.232.55 - - [01/Nov/2025:04:15:35 -0700] "GET /contact/?fileloc=/home/burgaska/conductingmovements.com/wp-includes/embed-template.php&path=/home/burgaska/conductingmovements.com/wp-includes HTTP/1.1" 200 6173 "-" "Mozilla/5.0 AppleWebKit/537.36 (KHTML, like Gecko; compatible; Amazonbot/0.1; +https://developer.amazon.com/support/amazonbot) Chrome/119.0.6045.214 Safari/537.36"
54.84.169.196 - - [01/Nov/2025:04:15:35 -0700] "GET /expert-knowledge/?fileloc=/home/burgaska/conductingmovements.com/wp-includes/link-template.php&path=/home/burgaska/conductingmovements.com/wp-includes HTTP/1.1" 200 34591 "-" "Mozilla/5.0 AppleWebKit/537.36 (KHTML, like Gecko; compatible; Amazonbot/0.1; +https://developer.amazon.com/support/amazonbot) Chrome/119.0.6045.214 Safari/537.36"
66.249.72.8 - - [01/Nov/2025:04:15:38 -0700] "GET /?info=111967540 HTTP/1.1" 200 31724 "-" "Mozilla/5.0 (Linux; Android 6.0.1; Nexus 5X Build/MMB29P) AppleWebKit/537.36 (KHTML, like Gecko) Chrome/141.0.7390.122 Mobile Safari/537.36 (compatible; GoogleOther)"
98.84.200.43 - - [01/Nov/2025:04:15:39 -0700] "GET /expert-knowledge/?fileloc=/home/burgaska/conductingmovements.com/wp-includes/rss-functions.php&path=/home/burgaska/conductingmovements.com/wp-includes HTTP/1.1" 200 6167 "-" "Mozilla/5.0 AppleWebKit/537.36 (KHTML, like Gecko; compatible; Amazonbot/0.1; +https://developer.amazon.com/support/amazonbot) Chrome/119.0.6045.214 Safari/537.36"
66.249.72.8 - - [01/Nov/2025:04:15:40 -0700] "GET /?info=56131348 HTTP/1.1" 200 31490 "-" "Mozilla/5.0 (Linux; Android 6.0.1; Nexus 5X Build/MMB29P) AppleWebKit/537.36 (KHTML, like Gecko) Chrome/141.0.7390.122 Mobile Safari/537.36 (compatible; Googlebot/2.1; +http://www.google.com/bot.html)"
