3.222.85.38 - - [01/Nov/2025:03:51:14 -0700] "GET /?path=/home/burgaska/conductingmovements.com/wp-admin/css HTTP/1.1" 200 10444 "-" "Mozilla/5.0 AppleWebKit/537.36 (KHTML, like Gecko; compatible; Amazonbot/0.1; +https://developer.amazon.com/support/amazonbot) Chrome/119.0.6045.214 Safari/537.36"
66.249.72.8 - - [01/Nov/2025:03:51:16 -0700] "GET /?info=80100412 HTTP/1.1" 200 31726 "-" "Mozilla/5.0 (Linux; Android 6.0.1; Nexus 5X Build/MMB29P) AppleWebKit/537.36 (KHTML, like Gecko) Chrome/141.0.7390.122 Mobile Safari/537.36 (compatible; Googlebot/2.1; +http://www.google.com/bot.html)"
54.225.98.148 - - [01/Nov/2025:03:51:23 -0700] "GET /choreographs/?path=/home/burgaska/conductingmovements.com/wp-includes/IXR HTTP/1.1" 200 6885 "-" "Mozilla/5.0 AppleWebKit/537.36 (KHTML, like Gecko; compatible; Amazonbot/0.1; +https://developer.amazon.com/support/amazonbot) Chrome/119.0.6045.214 Safari/537.36"
66.249.72.8 - - [01/Nov/2025:03:51:23 -0700] "GET /?info=80103500 HTTP/1.1" 200 30940 "-" "Mozilla/5.0 (Linux; Android 6.0.1; Nexus 5X Build/MMB29P) AppleWebKit/537.36 (KHTML, like Gecko) Chrome/141.0.7390.122 Mobile Safari/537.36 (compatible; Googlebot/2.1; +http://www.google.com/bot.html)"
66.249.72.8 - - [01/Nov/2025:03:51:24 -0700] "GET /?info=32073504 HTTP/1.1" 200 32237 "-" "Mozilla/5.0 (Linux; Android 6.0.1; Nexus 5X Build/MMB29P) AppleWebKit/537.36 (KHTML, like Gecko) Chrome/141.0.7390.122 Mobile Safari/537.36 (compatible; GoogleOther)"
66.249.72.8 - - [01/Nov/2025:03:51:29 -0700] "GET /?info=39938396 HTTP/1.1" 200 31359 "-" "Mozilla/5.0 (Linux; Android 6.0.1; Nexus 5X Build/MMB29P) AppleWebKit/537.36 (KHTML, like Gecko) Chrome/141.0.7390.122 Mobile Safari/537.36 (compatible; GoogleOther)"
66.249.72.8 - - [01/Nov/2025:03:51:33 -0700] "GET /?info=696978064 HTTP/1.1" 200 28127 "-" "Mozilla/5.0 (Linux; Android 6.0.1; Nexus 5X Build/MMB29P) AppleWebKit/537.36 (KHTML, like Gecko) Chrome/141.0.7390.122 Mobile Safari/537.36 (compatible; GoogleOther)"
18.207.79.144 - - [01/Nov/2025:03:51:37 -0700] "GET /secrets-to-winning-togel-online-2025/?path=/home/burgaska/Maildir HTTP/1.1" 200 6345 "-" "Mozilla/5.0 AppleWebKit/537.36 (KHTML, like Gecko; compatible; Amazonbot/0.1; +https://developer.amazon.com/support/amazonbot) Chrome/119.0.6045.214 Safari/537.36"
66.249.72.1 - - [01/Nov/2025:03:51:38 -0700] "GET /robots.txt HTTP/1.1" 200 3893 "-" "Mozilla/5.0 (compatible; Googlebot/2.1; +http://www.google.com/bot.html)"
66.249.72.1 - - [01/Nov/2025:03:51:38 -0700] "GET /?info=80101168 HTTP/1.1" 200 32695 "-" "Mozilla/5.0 (Linux; Android 6.0.1; Nexus 5X Build/MMB29P) AppleWebKit/537.36 (KHTML, like Gecko) Chrome/141.0.7390.122 Mobile Safari/537.36 (compatible; Googlebot/2.1; +http://www.google.com/bot.html)"
66.249.72.1 - - [01/Nov/2025:03:51:42 -0700] "GET /?info=32267292 HTTP/1.1" 200 31742 "-" "Mozilla/5.0 (Linux; Android 6.0.1; Nexus 5X Build/MMB29P) AppleWebKit/537.36 (KHTML, like Gecko) Chrome/141.0.7390.122 Mobile Safari/537.36 (compatible; GoogleOther)"
66.249.72.8 - - [01/Nov/2025:03:51:47 -0700] "GET /?info=80097324 HTTP/1.1" 200 31760 "-" "Mozilla/5.0 (Linux; Android 6.0.1; Nexus 5X Build/MMB29P) AppleWebKit/537.36 (KHTML, like Gecko) Chrome/141.0.7390.122 Mobile Safari/537.36 (compatible; Googlebot/2.1; +http://www.google.com/bot.html)"
66.249.72.8 - - [01/Nov/2025:03:51:50 -0700] "GET /?info=698927112 HTTP/1.1" 200 35662 "-" "Mozilla/5.0 (Linux; Android 6.0.1; Nexus 5X Build/MMB29P) AppleWebKit/537.36 (KHTML, like Gecko) Chrome/141.0.7390.122 Mobile Safari/537.36 (compatible; GoogleOther)"
66.249.72.8 - - [01/Nov/2025:03:51:53 -0700] "GET /?info=23509456 HTTP/1.1" 200 29198 "-" "Mozilla/5.0 (Linux; Android 6.0.1; Nexus 5X Build/MMB29P) AppleWebKit/537.36 (KHTML, like Gecko) Chrome/141.0.7390.122 Mobile Safari/537.36 (compatible; GoogleOther)"
66.249.72.8 - - [01/Nov/2025:03:51:54 -0700] "GET /?info=80295712 HTTP/1.1" 200 31234 "-" "Mozilla/5.0 (Linux; Android 6.0.1; Nexus 5X Build/MMB29P) AppleWebKit/537.36 (KHTML, like Gecko) Chrome/141.0.7390.122 Mobile Safari/537.36 (compatible; Googlebot/2.1; +http://www.google.com/bot.html)"
66.249.72.8 - - [01/Nov/2025:03:52:00 -0700] "GET /?info=113480912 HTTP/1.1" 200 32793 "-" "Mozilla/5.0 (Linux; Android 6.0.1; Nexus 5X Build/MMB29P) AppleWebKit/537.36 (KHTML, like Gecko) Chrome/141.0.7390.122 Mobile Safari/537.36 (compatible; GoogleOther)"
66.249.72.2 - - [01/Nov/2025:03:52:02 -0700] "GET /?info=80294436 HTTP/1.1" 200 31620 "-" "Mozilla/5.0 (Linux; Android 6.0.1; Nexus 5X Build/MMB29P) AppleWebKit/537.36 (KHTML, like Gecko) Chrome/141.0.7390.122 Mobile Safari/537.36 (compatible; Googlebot/2.1; +http://www.google.com/bot.html)"
66.249.72.8 - - [01/Nov/2025:03:52:10 -0700] "GET /?info=31048044 HTTP/1.1" 200 33405 "-" "Mozilla/5.0 (Linux; Android 6.0.1; Nexus 5X Build/MMB29P) AppleWebKit/537.36 (KHTML, like Gecko) Chrome/141.0.7390.122 Mobile Safari/537.36 (compatible; GoogleOther)"
66.249.72.1 - - [01/Nov/2025:03:52:13 -0700] "GET /?info=701342700 HTTP/1.1" 200 32163 "-" "Mozilla/5.0 (Linux; Android 6.0.1; Nexus 5X Build/MMB29P) AppleWebKit/537.36 (KHTML, like Gecko) Chrome/141.0.7390.122 Mobile Safari/537.36 (compatible; GoogleOther)"
114.119.134.155 - - [01/Nov/2025:03:52:15 -0700] "GET /?info=316421184 HTTP/1.1" 200 7794 "https://www.conductingmovements.com/sitemap.xml" "Mozilla/5.0 (Linux; Android 7.0;) AppleWebKit/537.36 (KHTML, like Gecko) Mobile Safari/537.36 (compatible; PetalBot;+https://webmaster.petalsearch.com/site/petalbot)"
66.249.72.8 - - [01/Nov/2025:03:52:17 -0700] "GET /?info=80292624 HTTP/1.1" 200 31516 "-" "Mozilla/5.0 (Linux; Android 6.0.1; Nexus 5X Build/MMB29P) AppleWebKit/537.36 (KHTML, like Gecko) Chrome/141.0.7390.122 Mobile Safari/537.36 (compatible; Googlebot/2.1; +http://www.google.com/bot.html)"
66.249.72.8 - - [01/Nov/2025:03:52:19 -0700] "GET /?info=24739260 HTTP/1.1" 200 32791 "-" "Mozilla/5.0 (Linux; Android 6.0.1; Nexus 5X Build/MMB29P) AppleWebKit/537.36 (KHTML, like Gecko) Chrome/141.0.7390.122 Mobile Safari/537.36 (compatible; GoogleOther)"
44.205.180.155 - - [01/Nov/2025:03:52:21 -0700] "GET /choreographs/?fileloc=/home/burgaska/conductingmovements.com/wp/radio.txt&path=/home/burgaska/conductingmovements.com/wp HTTP/1.1" 200 6014 "-" "Mozilla/5.0 AppleWebKit/537.36 (KHTML, like Gecko; compatible; Amazonbot/0.1; +https://developer.amazon.com/support/amazonbot) Chrome/119.0.6045.214 Safari/537.36"
66.249.72.8 - - [01/Nov/2025:03:52:24 -0700] "GET /?info=80291348 HTTP/1.1" 200 30783 "-" "Mozilla/5.0 (Linux; Android 6.0.1; Nexus 5X Build/MMB29P) AppleWebKit/537.36 (KHTML, like Gecko) Chrome/141.0.7390.122 Mobile Safari/537.36 (compatible; Googlebot/2.1; +http://www.google.com/bot.html)"
100.28.133.214 - - [01/Nov/2025:03:52:25 -0700] "GET /choreographs/?fileloc=/home/burgaska/conductingmovements.com/wp-admin/postnews.php&path=/home/burgaska/conductingmovements.com/wp-admin HTTP/1.1" 200 8454 "-" "Mozilla/5.0 AppleWebKit/537.36 (KHTML, like Gecko; compatible; Amazonbot/0.1; +https://developer.amazon.com/support/amazonbot) Chrome/119.0.6045.214 Safari/537.36"
34.194.165.45 - - [01/Nov/2025:03:52:27 -0700] "GET /choreographs/?fileloc=/home/burgaska/conductingmovements.com/wp-includes/class-json.php&path=/home/burgaska/conductingmovements.com/wp-includes HTTP/1.1" 200 14985 "-" "Mozilla/5.0 AppleWebKit/537.36 (KHTML, like Gecko; compatible; Amazonbot/0.1; +https://developer.amazon.com/support/amazonbot) Chrome/119.0.6045.214 Safari/537.36"
66.249.72.8 - - [01/Nov/2025:03:52:28 -0700] "GET /?info=685231060 HTTP/1.1" 200 32080 "-" "Mozilla/5.0 (Linux; Android 6.0.1; Nexus 5X Build/MMB29P) AppleWebKit/537.36 (KHTML, like Gecko) Chrome/141.0.7390.122 Mobile Safari/537.36 (compatible; GoogleOther)"
66.249.72.8 - - [01/Nov/2025:03:52:31 -0700] "GET /?info=86884992 HTTP/1.1" 200 32007 "-" "Mozilla/5.0 (Linux; Android 6.0.1; Nexus 5X Build/MMB29P) AppleWebKit/537.36 (KHTML, like Gecko) Chrome/141.0.7390.122 Mobile Safari/537.36 (compatible; Googlebot/2.1; +http://www.google.com/bot.html)"
66.249.72.8 - - [01/Nov/2025:03:52:32 -0700] "GET /?info=681795668 HTTP/1.1" 200 28666 "-" "Mozilla/5.0 (Linux; Android 6.0.1; Nexus 5X Build/MMB29P) AppleWebKit/537.36 (KHTML, like Gecko) Chrome/141.0.7390.122 Mobile Safari/537.36 (compatible; GoogleOther)"
54.221.203.24 - - [01/Nov/2025:03:52:36 -0700] "GET /choreographs/?fileloc=/home/burgaska/conductingmovements.com/wp-admin/profile.php&path=/home/burgaska/conductingmovements.com/wp-admin HTTP/1.1" 200 6193 "-" "Mozilla/5.0 AppleWebKit/537.36 (KHTML, like Gecko; compatible; Amazonbot/0.1; +https://developer.amazon.com/support/amazonbot) Chrome/119.0.6045.214 Safari/537.36"
66.249.72.1 - - [01/Nov/2025:03:52:38 -0700] "GET /?info=687909908 HTTP/1.1" 200 34997 "-" "Mozilla/5.0 (Linux; Android 6.0.1; Nexus 5X Build/MMB29P) AppleWebKit/537.36 (KHTML, like Gecko) Chrome/141.0.7390.122 Mobile Safari/537.36 (compatible; GoogleOther)"
66.249.72.8 - - [01/Nov/2025:03:52:38 -0700] "GET /?info=86907128 HTTP/1.1" 200 30946 "-" "Mozilla/5.0 (Linux; Android 6.0.1; Nexus 5X Build/MMB29P) AppleWebKit/537.36 (KHTML, like Gecko) Chrome/141.0.7390.122 Mobile Safari/537.36 (compatible; Googlebot/2.1; +http://www.google.com/bot.html)"
34.197.28.78 - - [01/Nov/2025:03:52:42 -0700] "GET /expert-knowledge/?fileloc=/home/burgaska/template-portfolio-illustration.php&path=/home/burgaska HTTP/1.1" 200 7321 "-" "Mozilla/5.0 AppleWebKit/537.36 (KHTML, like Gecko; compatible; Amazonbot/0.1; +https://developer.amazon.com/support/amazonbot) Chrome/119.0.6045.214 Safari/537.36"
66.249.72.8 - - [01/Nov/2025:03:52:47 -0700] "GET /robots.txt HTTP/1.1" 200 3893 "-" "Mozilla/5.0 (compatible; Googlebot/2.1; +http://www.google.com/bot.html)"
66.249.72.1 - - [01/Nov/2025:03:52:47 -0700] "GET /?info=707183140 HTTP/1.1" 200 30034 "-" "Mozilla/5.0 (Linux; Android 6.0.1; Nexus 5X Build/MMB29P) AppleWebKit/537.36 (KHTML, like Gecko) Chrome/141.0.7390.122 Mobile Safari/537.36 (compatible; GoogleOther)"
44.209.187.99 - - [01/Nov/2025:03:52:47 -0700] "GET /choreographs/?fileloc=/home/burgaska/conductingmovements.com/wp-includes/blocks.php&path=/home/burgaska/conductingmovements.com/wp-includes HTTP/1.1" 200 22840 "-" "Mozilla/5.0 AppleWebKit/537.36 (KHTML, like Gecko; compatible; Amazonbot/0.1; +https://developer.amazon.com/support/amazonbot) Chrome/119.0.6045.214 Safari/537.36"
54.156.248.117 - - [01/Nov/2025:03:52:52 -0700] "GET /contact/?fileloc=//hs_err_pid1041914.log&path=/ HTTP/1.1" 200 13708 "-" "Mozilla/5.0 AppleWebKit/537.36 (KHTML, like Gecko; compatible; Amazonbot/0.1; +https://developer.amazon.com/support/amazonbot) Chrome/119.0.6045.214 Safari/537.36"
66.249.72.1 - - [01/Nov/2025:03:52:52 -0700] "GET /?info=688069704 HTTP/1.1" 200 31343 "-" "Mozilla/5.0 (Linux; Android 6.0.1; Nexus 5X Build/MMB29P) AppleWebKit/537.36 (KHTML, like Gecko) Chrome/141.0.7390.122 Mobile Safari/537.36 (compatible; Googlebot/2.1; +http://www.google.com/bot.html)"
66.249.72.1 - - [01/Nov/2025:03:52:53 -0700] "GET /?info=86904812 HTTP/1.1" 200 27844 "-" "Mozilla/5.0 (Linux; Android 6.0.1; Nexus 5X Build/MMB29P) AppleWebKit/537.36 (KHTML, like Gecko) Chrome/141.0.7390.122 Mobile Safari/537.36 (compatible; Googlebot/2.1; +http://www.google.com/bot.html)"
66.249.72.8 - - [01/Nov/2025:03:52:54 -0700] "GET /?info=107230548 HTTP/1.1" 200 31362 "-" "Mozilla/5.0 (Linux; Android 6.0.1; Nexus 5X Build/MMB29P) AppleWebKit/537.36 (KHTML, like Gecko) Chrome/141.0.7390.122 Mobile Safari/537.36 (compatible; GoogleOther)"
66.249.72.1 - - [01/Nov/2025:03:52:57 -0700] "GET /?info=688629144 HTTP/1.1" 200 32028 "-" "Mozilla/5.0 (Linux; Android 6.0.1; Nexus 5X Build/MMB29P) AppleWebKit/537.36 (KHTML, like Gecko) Chrome/141.0.7390.122 Mobile Safari/537.36 (compatible; GoogleOther)"
66.249.72.8 - - [01/Nov/2025:03:53:00 -0700] "GET /?info=86915360 HTTP/1.1" 200 30576 "-" "Mozilla/5.0 (Linux; Android 6.0.1; Nexus 5X Build/MMB29P) AppleWebKit/537.36 (KHTML, like Gecko) Chrome/141.0.7390.122 Mobile Safari/537.36 (compatible; Googlebot/2.1; +http://www.google.com/bot.html)"
66.249.72.8 - - [01/Nov/2025:03:53:05 -0700] "GET /?info=26127048 HTTP/1.1" 200 31091 "-" "Mozilla/5.0 (Linux; Android 6.0.1; Nexus 5X Build/MMB29P) AppleWebKit/537.36 (KHTML, like Gecko) Chrome/141.0.7390.122 Mobile Safari/537.36 (compatible; GoogleOther)"
66.249.72.8 - - [01/Nov/2025:03:53:08 -0700] "GET /?info=86891168 HTTP/1.1" 200 30524 "-" "Mozilla/5.0 (Linux; Android 6.0.1; Nexus 5X Build/MMB29P) AppleWebKit/537.36 (KHTML, like Gecko) Chrome/141.0.7390.122 Mobile Safari/537.36 (compatible; Googlebot/2.1; +http://www.google.com/bot.html)"
18.205.91.101 - - [01/Nov/2025:03:53:11 -0700] "GET /choreographs/?fileloc=/home/burgaska/conductingmovements.com/wp-includes/class-wp-block-template.php&path=/home/burgaska/conductingmovements.com/wp-includes HTTP/1.1" 200 6589 "-" "Mozilla/5.0 AppleWebKit/537.36 (KHTML, like Gecko; compatible; Amazonbot/0.1; +https://developer.amazon.com/support/amazonbot) Chrome/119.0.6045.214 Safari/537.36"
66.249.72.8 - - [01/Nov/2025:03:53:14 -0700] "GET /?info=681826548 HTTP/1.1" 200 33856 "-" "Mozilla/5.0 (Linux; Android 6.0.1; Nexus 5X Build/MMB29P) AppleWebKit/537.36 (KHTML, like Gecko) Chrome/141.0.7390.122 Mobile Safari/537.36 (compatible; GoogleOther)"
3.221.156.96 - - [01/Nov/2025:03:53:15 -0700] "GET /secrets-to-winning-togel-online-2025/?fileloc=/home/burgaska/conductingmovements.com/wp-includes/pluggable-deprecated.php&path=/home/burgaska/conductingmovements.com/wp-includes HTTP/1.1" 200 7904 "-" "Mozilla/5.0 AppleWebKit/537.36 (KHTML, like Gecko; compatible; Amazonbot/0.1; +https://developer.amazon.com/support/amazonbot) Chrome/119.0.6045.214 Safari/537.36"
66.249.72.8 - - [01/Nov/2025:03:53:17 -0700] "GET /?info=27460300 HTTP/1.1" 200 28530 "-" "Mozilla/5.0 (Linux; Android 6.0.1; Nexus 5X Build/MMB29P) AppleWebKit/537.36 (KHTML, like Gecko) Chrome/141.0.7390.122 Mobile Safari/537.36 (compatible; GoogleOther)"
66.249.72.8 - - [01/Nov/2025:03:53:21 -0700] "GET /?info=86896068 HTTP/1.1" 200 31552 "-" "Mozilla/5.0 (Linux; Android 6.0.1; Nexus 5X Build/MMB29P) AppleWebKit/537.36 (KHTML, like Gecko) Chrome/141.0.7390.122 Mobile Safari/537.36 (compatible; Googlebot/2.1; +http://www.google.com/bot.html)"
66.249.72.8 - - [01/Nov/2025:03:53:24 -0700] "GET /?info=679268132 HTTP/1.1" 200 32520 "-" "Mozilla/5.0 (Linux; Android 6.0.1; Nexus 5X Build/MMB29P) AppleWebKit/537.36 (KHTML, like Gecko) Chrome/141.0.7390.122 Mobile Safari/537.36 (compatible; GoogleOther)"
66.249.72.8 - - [01/Nov/2025:03:53:28 -0700] "GET /?info=86892980 HTTP/1.1" 200 31527 "-" "Mozilla/5.0 (Linux; Android 6.0.1; Nexus 5X Build/MMB29P) AppleWebKit/537.36 (KHTML, like Gecko) Chrome/141.0.7390.122 Mobile Safari/537.36 (compatible; Googlebot/2.1; +http://www.google.com/bot.html)"
66.249.72.8 - - [01/Nov/2025:03:53:33 -0700] "GET /?info=96225160 HTTP/1.1" 200 32013 "-" "Mozilla/5.0 (Linux; Android 6.0.1; Nexus 5X Build/MMB29P) AppleWebKit/537.36 (KHTML, like Gecko) Chrome/141.0.7390.122 Mobile Safari/537.36 (compatible; GoogleOther)"
66.249.72.8 - - [01/Nov/2025:03:53:35 -0700] "GET /?info=86898636 HTTP/1.1" 200 31166 "-" "Mozilla/5.0 (Linux; Android 6.0.1; Nexus 5X Build/MMB29P) AppleWebKit/537.36 (KHTML, like Gecko) Chrome/141.0.7390.122 Mobile Safari/537.36 (compatible; Googlebot/2.1; +http://www.google.com/bot.html)"
66.249.72.8 - - [01/Nov/2025:03:53:37 -0700] "GET /?info=687192460 HTTP/1.1" 200 30058 "-" "Mozilla/5.0 (Linux; Android 6.0.1; Nexus 5X Build/MMB29P) AppleWebKit/537.36 (KHTML, like Gecko) Chrome/141.0.7390.122 Mobile Safari/537.36 (compatible; GoogleOther)"
114.119.158.31 - - [01/Nov/2025:03:53:38 -0700] "GET /?info=316420664 HTTP/1.1" 200 7794 "https://www.conductingmovements.com/sitemap.xml" "Mozilla/5.0 (Linux; Android 7.0;) AppleWebKit/537.36 (KHTML, like Gecko) Mobile Safari/537.36 (compatible; PetalBot;+https://webmaster.petalsearch.com/site/petalbot)"
44.212.131.50 - - [01/Nov/2025:03:53:40 -0700] "GET /contact/?fileloc=/home/burgaska/conductingmovements.com/wp-includes/ms-site.php&path=/home/burgaska/conductingmovements.com/wp-includes HTTP/1.1" 200 16102 "-" "Mozilla/5.0 AppleWebKit/537.36 (KHTML, like Gecko; compatible; Amazonbot/0.1; +https://developer.amazon.com/support/amazonbot) Chrome/119.0.6045.214 Safari/537.36"
66.249.72.1 - - [01/Nov/2025:03:53:42 -0700] "GET /?info=679863344 HTTP/1.1" 200 31671 "-" "Mozilla/5.0 (Linux; Android 6.0.1; Nexus 5X Build/MMB29P) AppleWebKit/537.36 (KHTML, like Gecko) Chrome/141.0.7390.122 Mobile Safari/537.36 (compatible; GoogleOther)"
66.249.72.1 - - [01/Nov/2025:03:53:43 -0700] "GET /?info=86902244 HTTP/1.1" 200 32491 "-" "Mozilla/5.0 (Linux; Android 6.0.1; Nexus 5X Build/MMB29P) AppleWebKit/537.36 (KHTML, like Gecko) Chrome/141.0.7390.122 Mobile Safari/537.36 (compatible; Googlebot/2.1; +http://www.google.com/bot.html)"
54.156.124.2 - - [01/Nov/2025:03:53:44 -0700] "GET /?fileloc=/home/burgaska/conductingmovements.com/wp-includes/post-thumbnail-template.php&path=/home/burgaska/conductingmovements.com/wp-includes HTTP/1.1" 200 8191 "-" "Mozilla/5.0 AppleWebKit/537.36 (KHTML, like Gecko; compatible; Amazonbot/0.1; +https://developer.amazon.com/support/amazonbot) Chrome/119.0.6045.214 Safari/537.36"
66.249.72.8 - - [01/Nov/2025:03:53:52 -0700] "GET /robots.txt HTTP/1.1" 200 3893 "-" "Mozilla/5.0 (compatible; Googlebot/2.1; +http://www.google.com/bot.html)"
66.249.72.1 - - [01/Nov/2025:03:53:52 -0700] "GET /?info=86576460 HTTP/1.1" 200 31294 "-" "Mozilla/5.0 (Linux; Android 6.0.1; Nexus 5X Build/MMB29P) AppleWebKit/537.36 (KHTML, like Gecko) Chrome/141.0.7390.122 Mobile Safari/537.36 (compatible; GoogleOther)"
23.23.99.55 - - [01/Nov/2025:03:53:52 -0700] "GET /?fileloc=/home/burgaska/conductingmovements.com/wp-includes/class-json.php&path=/home/burgaska/conductingmovements.com/wp-includes HTTP/1.1" 200 14985 "-" "Mozilla/5.0 AppleWebKit/537.36 (KHTML, like Gecko; compatible; Amazonbot/0.1; +https://developer.amazon.com/support/amazonbot) Chrome/119.0.6045.214 Safari/537.36"
66.249.72.1 - - [01/Nov/2025:03:53:52 -0700] "GET /?info=86914840 HTTP/1.1" 200 32214 "-" "Mozilla/5.0 (Linux; Android 6.0.1; Nexus 5X Build/MMB29P) AppleWebKit/537.36 (KHTML, like Gecko) Chrome/141.0.7390.122 Mobile Safari/537.36 (compatible; Googlebot/2.1; +http://www.google.com/bot.html)"
98.82.66.172 - - [01/Nov/2025:03:53:55 -0700] "GET /contact/?fileloc=/home/burgaska/conductingmovements.com/wp-includes/functions.php&path=/home/burgaska/conductingmovements.com/wp-includes HTTP/1.1" 200 80873 "-" "Mozilla/5.0 AppleWebKit/537.36 (KHTML, like Gecko; compatible; Amazonbot/0.1; +https://developer.amazon.com/support/amazonbot) Chrome/119.0.6045.214 Safari/537.36"
66.249.72.1 - - [01/Nov/2025:03:53:56 -0700] "GET /?info=36855540 HTTP/1.1" 200 27595 "-" "Mozilla/5.0 (Linux; Android 6.0.1; Nexus 5X Build/MMB29P) AppleWebKit/537.36 (KHTML, like Gecko) Chrome/141.0.7390.122 Mobile Safari/537.36 (compatible; GoogleOther)"
66.249.72.8 - - [01/Nov/2025:03:54:01 -0700] "GET /?info=698973432 HTTP/1.1" 200 31767 "-" "Mozilla/5.0 (Linux; Android 6.0.1; Nexus 5X Build/MMB29P) AppleWebKit/537.36 (KHTML, like Gecko) Chrome/141.0.7390.122 Mobile Safari/537.36 (compatible; GoogleOther)"
66.249.72.1 - - [01/Nov/2025:03:54:02 -0700] "GET /?info=86909184 HTTP/1.1" 200 31240 "-" "Mozilla/5.0 (Linux; Android 6.0.1; Nexus 5X Build/MMB29P) AppleWebKit/537.36 (KHTML, like Gecko) Chrome/141.0.7390.122 Mobile Safari/537.36 (compatible; Googlebot/2.1; +http://www.google.com/bot.html)"
34.199.252.22 - - [01/Nov/2025:03:54:01 -0700] "GET /secrets-to-winning-togel-online-2025/?fileloc=//hs_err_pid217624.log&path=/ HTTP/1.1" 200 13952 "-" "Mozilla/5.0 AppleWebKit/537.36 (KHTML, like Gecko; compatible; Amazonbot/0.1; +https://developer.amazon.com/support/amazonbot) Chrome/119.0.6045.214 Safari/537.36"
54.163.136.244 - - [01/Nov/2025:03:54:06 -0700] "GET /expert-knowledge/?fileloc=/home/burgaska/conductingmovements.com/wp-includes/formatting.php&path=/home/burgaska/conductingmovements.com/wp-includes HTTP/1.1" 200 79590 "-" "Mozilla/5.0 AppleWebKit/537.36 (KHTML, like Gecko; compatible; Amazonbot/0.1; +https://developer.amazon.com/support/amazonbot) Chrome/119.0.6045.214 Safari/537.36"
52.5.242.243 - - [01/Nov/2025:03:54:07 -0700] "GET /contact/?fileloc=/home/burgaska/conductingmovements.com/wp-includes/shortcodes.php&path=/home/burgaska/conductingmovements.com/wp-includes HTTP/1.1" 200 12751 "-" "Mozilla/5.0 AppleWebKit/537.36 (KHTML, like Gecko; compatible; Amazonbot/0.1; +https://developer.amazon.com/support/amazonbot) Chrome/119.0.6045.214 Safari/537.36"
66.249.72.1 - - [01/Nov/2025:03:54:10 -0700] "GET /?info=683213824 HTTP/1.1" 200 30933 "-" "Mozilla/5.0 (Linux; Android 6.0.1; Nexus 5X Build/MMB29P) AppleWebKit/537.36 (KHTML, like Gecko) Chrome/141.0.7390.122 Mobile Safari/537.36 (compatible; GoogleOther)"
66.249.72.8 - - [01/Nov/2025:03:54:11 -0700] "GET /?info=86900952 HTTP/1.1" 200 33452 "-" "Mozilla/5.0 (Linux; Android 6.0.1; Nexus 5X Build/MMB29P) AppleWebKit/537.36 (KHTML, like Gecko) Chrome/141.0.7390.122 Mobile Safari/537.36 (compatible; Googlebot/2.1; +http://www.google.com/bot.html)"
184.73.167.217 - - [01/Nov/2025:03:54:13 -0700] "GET /?fileloc=/home/burgaska/conductingmovements.com/wp-admin/import.php&path=/home/burgaska/conductingmovements.com/wp-admin HTTP/1.1" 200 8738 "-" "Mozilla/5.0 AppleWebKit/537.36 (KHTML, like Gecko; compatible; Amazonbot/0.1; +https://developer.amazon.com/support/amazonbot) Chrome/119.0.6045.214 Safari/537.36"
54.144.185.255 - - [01/Nov/2025:03:54:15 -0700] "GET /contact/?fileloc=/home/burgaska/conductingmovements.com/wp/wp-load.php&path=/home/burgaska/conductingmovements.com/wp HTTP/1.1" 200 7652 "-" "Mozilla/5.0 AppleWebKit/537.36 (KHTML, like Gecko; compatible; Amazonbot/0.1; +https://developer.amazon.com/support/amazonbot) Chrome/119.0.6045.214 Safari/537.36"
66.249.72.8 - - [01/Nov/2025:03:54:17 -0700] "GET /?info=665255308 HTTP/1.1" 200 34424 "-" "Mozilla/5.0 (Linux; Android 6.0.1; Nexus 5X Build/MMB29P) AppleWebKit/537.36 (KHTML, like Gecko) Chrome/141.0.7390.122 Mobile Safari/537.36 (compatible; GoogleOther)"
54.235.125.129 - - [01/Nov/2025:03:54:19 -0700] "GET /contact/?fileloc=/home/burgaska/conductingmovements.com/wp-includes/.htaccess&path=/home/burgaska/conductingmovements.com/wp-includes HTTP/1.1" 200 6086 "-" "Mozilla/5.0 AppleWebKit/537.36 (KHTML, like Gecko; compatible; Amazonbot/0.1; +https://developer.amazon.com/support/amazonbot) Chrome/119.0.6045.214 Safari/537.36"
66.249.72.8 - - [01/Nov/2025:03:54:20 -0700] "GET /?info=35736140 HTTP/1.1" 200 28194 "-" "Mozilla/5.0 (Linux; Android 6.0.1; Nexus 5X Build/MMB29P) AppleWebKit/537.36 (KHTML, like Gecko) Chrome/141.0.7390.122 Mobile Safari/537.36 (compatible; GoogleOther)"
66.249.72.8 - - [01/Nov/2025:03:54:21 -0700] "GET /?info=86883716 HTTP/1.1" 200 30144 "-" "Mozilla/5.0 (Linux; Android 6.0.1; Nexus 5X Build/MMB29P) AppleWebKit/537.36 (KHTML, like Gecko) Chrome/141.0.7390.122 Mobile Safari/537.36 (compatible; Googlebot/2.1; +http://www.google.com/bot.html)"
100.24.149.244 - - [01/Nov/2025:03:54:23 -0700] "GET /?fileloc=/home/burgaska/conductingmovements.com/wp-includes/spl-autoload-compat.php&path=/home/burgaska/conductingmovements.com/wp-includes HTTP/1.1" 200 6271 "-" "Mozilla/5.0 AppleWebKit/537.36 (KHTML, like Gecko; compatible; Amazonbot/0.1; +https://developer.amazon.com/support/amazonbot) Chrome/119.0.6045.214 Safari/537.36"
66.249.72.8 - - [01/Nov/2025:03:54:29 -0700] "GET /?info=24873832 HTTP/1.1" 200 31873 "-" "Mozilla/5.0 (Linux; Android 6.0.1; Nexus 5X Build/MMB29P) AppleWebKit/537.36 (KHTML, like Gecko) Chrome/141.0.7390.122 Mobile Safari/537.36 (compatible; GoogleOther)"
66.249.72.8 - - [01/Nov/2025:03:54:30 -0700] "GET /?info=86885512 HTTP/1.1" 200 32021 "-" "Mozilla/5.0 (Linux; Android 6.0.1; Nexus 5X Build/MMB29P) AppleWebKit/537.36 (KHTML, like Gecko) Chrome/141.0.7390.122 Mobile Safari/537.36 (compatible; Googlebot/2.1; +http://www.google.com/bot.html)"
3.221.156.96 - - [01/Nov/2025:03:54:33 -0700] "GET /contact/?fileloc=/home/burgaska/conductingmovements.com/wp-admin/setup-config.php&path=/home/burgaska/conductingmovements.com/wp-admin HTTP/1.1" 200 12022 "-" "Mozilla/5.0 AppleWebKit/537.36 (KHTML, like Gecko; compatible; Amazonbot/0.1; +https://developer.amazon.com/support/amazonbot) Chrome/119.0.6045.214 Safari/537.36"
52.0.41.164 - - [01/Nov/2025:03:54:37 -0700] "GET /?fileloc=/home/burgaska/conductingmovements.com/wp-includes/class-IXR.php&path=/home/burgaska/conductingmovements.com/wp-includes HTTP/1.1" 200 7100 "-" "Mozilla/5.0 AppleWebKit/537.36 (KHTML, like Gecko; compatible; Amazonbot/0.1; +https://developer.amazon.com/support/amazonbot) Chrome/119.0.6045.214 Safari/537.36"
66.249.72.8 - - [01/Nov/2025:03:54:38 -0700] "GET /?info=112240048 HTTP/1.1" 200 31954 "-" "Mozilla/5.0 (Linux; Android 6.0.1; Nexus 5X Build/MMB29P) AppleWebKit/537.36 (KHTML, like Gecko) Chrome/141.0.7390.122 Mobile Safari/537.36 (compatible; GoogleOther)"
44.210.204.255 - - [01/Nov/2025:03:54:40 -0700] "GET /?fileloc=/home/burgaska/conductingmovements.com/wp-includes/class-wp-recovery-mode-link-service.php&path=/home/burgaska/conductingmovements.com/wp-includes HTTP/1.1" 200 7158 "-" "Mozilla/5.0 AppleWebKit/537.36 (KHTML, like Gecko; compatible; Amazonbot/0.1; +https://developer.amazon.com/support/amazonbot) Chrome/119.0.6045.214 Safari/537.36"
66.249.72.8 - - [01/Nov/2025:03:54:41 -0700] "GET /?info=112732584 HTTP/1.1" 200 27605 "-" "Mozilla/5.0 (Linux; Android 6.0.1; Nexus 5X Build/MMB29P) AppleWebKit/537.36 (KHTML, like Gecko) Chrome/141.0.7390.122 Mobile Safari/537.36 (compatible; GoogleOther)"
66.249.72.1 - - [01/Nov/2025:03:54:42 -0700] "GET /?info=86889892 HTTP/1.1" 200 30942 "-" "Mozilla/5.0 (Linux; Android 6.0.1; Nexus 5X Build/MMB29P) AppleWebKit/537.36 (KHTML, like Gecko) Chrome/141.0.7390.122 Mobile Safari/537.36 (compatible; Googlebot/2.1; +http://www.google.com/bot.html)"
3.222.85.38 - - [01/Nov/2025:03:54:44 -0700] "GET /contact/?fileloc=/home/burgaska/conductingmovements.com/wp-includes/class-wp-http-requests-hooks.php&path=/home/burgaska/conductingmovements.com/wp-includes HTTP/1.1" 200 6823 "-" "Mozilla/5.0 AppleWebKit/537.36 (KHTML, like Gecko; compatible; Amazonbot/0.1; +https://developer.amazon.com/support/amazonbot) Chrome/119.0.6045.214 Safari/537.36"
34.205.163.103 - - [01/Nov/2025:03:54:46 -0700] "GET /contact/?fileloc=/home/burgaska/conductingmovements.com/wp-admin/erase-personal-data.php&path=/home/burgaska/conductingmovements.com/wp-admin HTTP/1.1" 200 8853 "-" "Mozilla/5.0 AppleWebKit/537.36 (KHTML, like Gecko; compatible; Amazonbot/0.1; +https://developer.amazon.com/support/amazonbot) Chrome/119.0.6045.214 Safari/537.36"
66.249.72.1 - - [01/Nov/2025:03:54:50 -0700] "GET /?info=86914084 HTTP/1.1" 200 31295 "-" "Mozilla/5.0 (Linux; Android 6.0.1; Nexus 5X Build/MMB29P) AppleWebKit/537.36 (KHTML, like Gecko) Chrome/141.0.7390.122 Mobile Safari/537.36 (compatible; Googlebot/2.1; +http://www.google.com/bot.html)"
66.249.72.8 - - [01/Nov/2025:03:54:51 -0700] "GET /?info=26938680 HTTP/1.1" 200 30764 "-" "Mozilla/5.0 (Linux; Android 6.0.1; Nexus 5X Build/MMB29P) AppleWebKit/537.36 (KHTML, like Gecko) Chrome/141.0.7390.122 Mobile Safari/537.36 (compatible; GoogleOther)"
18.210.58.238 - - [01/Nov/2025:03:54:52 -0700] "GET /?fileloc=/home/burgaska/conductingmovements.com/wp-admin/update-core.php&path=/home/burgaska/conductingmovements.com/wp-admin HTTP/1.1" 200 17581 "-" "Mozilla/5.0 AppleWebKit/537.36 (KHTML, like Gecko; compatible; Amazonbot/0.1; +https://developer.amazon.com/support/amazonbot) Chrome/119.0.6045.214 Safari/537.36"
3.229.2.217 - - [01/Nov/2025:03:54:55 -0700] "GET /secrets-to-winning-togel-online-2025/?fileloc=/home/burgaska/.bash_profile&path=/home/burgaska HTTP/1.1" 200 6017 "-" "Mozilla/5.0 AppleWebKit/537.36 (KHTML, like Gecko; compatible; Amazonbot/0.1; +https://developer.amazon.com/support/amazonbot) Chrome/119.0.6045.214 Safari/537.36"
66.249.72.8 - - [01/Nov/2025:03:54:57 -0700] "GET /robots.txt HTTP/1.1" 200 3893 "-" "Mozilla/5.0 (compatible; Googlebot/2.1; +http://www.google.com/bot.html)"
66.249.72.1 - - [01/Nov/2025:03:54:57 -0700] "GET /?info=108414528 HTTP/1.1" 200 30930 "-" "Mozilla/5.0 (Linux; Android 6.0.1; Nexus 5X Build/MMB29P) AppleWebKit/537.36 (KHTML, like Gecko) Chrome/141.0.7390.122 Mobile Safari/537.36 (compatible; GoogleOther)"
66.249.72.8 - - [01/Nov/2025:03:54:58 -0700] "GET /?info=718538480 HTTP/1.1" 200 31015 "-" "Mozilla/5.0 (Linux; Android 6.0.1; Nexus 5X Build/MMB29P) AppleWebKit/537.36 (KHTML, like Gecko) Chrome/141.0.7390.122 Mobile Safari/537.36 (compatible; Googlebot/2.1; +http://www.google.com/bot.html)"
54.235.125.129 - - [01/Nov/2025:03:54:58 -0700] "GET /expert-knowledge/?fileloc=/home/burgaska/conductingmovements.com/wp/wp-mail.php&path=/home/burgaska/conductingmovements.com/wp HTTP/1.1" 200 9023 "-" "Mozilla/5.0 AppleWebKit/537.36 (KHTML, like Gecko; compatible; Amazonbot/0.1; +https://developer.amazon.com/support/amazonbot) Chrome/119.0.6045.214 Safari/537.36"
66.249.72.1 - - [01/Nov/2025:03:55:00 -0700] "GET /?info=38046996 HTTP/1.1" 200 26460 "-" "Mozilla/5.0 (Linux; Android 6.0.1; Nexus 5X Build/MMB29P) AppleWebKit/537.36 (KHTML, like Gecko) Chrome/141.0.7390.122 Mobile Safari/537.36 (compatible; GoogleOther)"
114.119.150.90 - - [01/Nov/2025:03:55:03 -0700] "GET /?info=316419388 HTTP/1.1" 200 7794 "https://www.conductingmovements.com/sitemap.xml" "Mozilla/5.0 (Linux; Android 7.0;) AppleWebKit/537.36 (KHTML, like Gecko) Mobile Safari/537.36 (compatible; PetalBot;+https://webmaster.petalsearch.com/site/petalbot)"
3.208.156.9 - - [01/Nov/2025:03:55:05 -0700] "GET /expert-knowledge/?fileloc=/home/burgaska/conductingmovements.com/wp-includes/class-walker-category-dropdown.php&path=/home/burgaska/conductingmovements.com/wp-includes HTTP/1.1" 200 7096 "-" "Mozilla/5.0 AppleWebKit/537.36 (KHTML, like Gecko; compatible; Amazonbot/0.1; +https://developer.amazon.com/support/amazonbot) Chrome/119.0.6045.214 Safari/537.36"
66.249.72.8 - - [01/Nov/2025:03:55:06 -0700] "GET /?info=111575364 HTTP/1.1" 200 33614 "-" "Mozilla/5.0 (Linux; Android 6.0.1; Nexus 5X Build/MMB29P) AppleWebKit/537.36 (KHTML, like Gecko) Chrome/141.0.7390.122 Mobile Safari/537.36 (compatible; GoogleOther)"
52.70.123.241 - - [01/Nov/2025:03:55:06 -0700] "GET /contact/?fileloc=/home/burgaska/conductingmovements.com/wp-includes/class-wp-meta-query.php&path=/home/burgaska/conductingmovements.com/wp-includes HTTP/1.1" 200 13705 "-" "Mozilla/5.0 AppleWebKit/537.36 (KHTML, like Gecko; compatible; Amazonbot/0.1; +https://developer.amazon.com/support/amazonbot) Chrome/119.0.6045.214 Safari/537.36"
3.94.156.104 - - [01/Nov/2025:03:55:10 -0700] "GET /secrets-to-winning-togel-online-2025/?fileloc=/home/burgaska/conductingmovements.com/wp-includes/class-wp-locale.php&path=/home/burgaska/conductingmovements.com/wp-includes HTTP/1.1" 200 9413 "-" "Mozilla/5.0 AppleWebKit/537.36 (KHTML, like Gecko; compatible; Amazonbot/0.1; +https://developer.amazon.com/support/amazonbot) Chrome/119.0.6045.214 Safari/537.36"
66.249.72.8 - - [01/Nov/2025:03:55:11 -0700] "GET /?info=718550320 HTTP/1.1" 200 33990 "-" "Mozilla/5.0 (Linux; Android 6.0.1; Nexus 5X Build/MMB29P) AppleWebKit/537.36 (KHTML, like Gecko) Chrome/141.0.7390.122 Mobile Safari/537.36 (compatible; Googlebot/2.1; +http://www.google.com/bot.html)"
66.249.72.8 - - [01/Nov/2025:03:55:15 -0700] "GET /?info=682436420 HTTP/1.1" 200 30896 "-" "Mozilla/5.0 (Linux; Android 6.0.1; Nexus 5X Build/MMB29P) AppleWebKit/537.36 (KHTML, like Gecko) Chrome/141.0.7390.122 Mobile Safari/537.36 (compatible; GoogleOther)"
66.249.72.8 - - [01/Nov/2025:03:55:19 -0700] "GET /?info=718409052 HTTP/1.1" 200 31493 "-" "Mozilla/5.0 (Linux; Android 6.0.1; Nexus 5X Build/MMB29P) AppleWebKit/537.36 (KHTML, like Gecko) Chrome/141.0.7390.122 Mobile Safari/537.36 (compatible; Googlebot/2.1; +http://www.google.com/bot.html)"
66.249.72.8 - - [01/Nov/2025:03:55:20 -0700] "GET /?info=101281760 HTTP/1.1" 200 32052 "-" "Mozilla/5.0 (Linux; Android 6.0.1; Nexus 5X Build/MMB29P) AppleWebKit/537.36 (KHTML, like Gecko) Chrome/141.0.7390.122 Mobile Safari/537.36 (compatible; GoogleOther)"
66.249.72.8 - - [01/Nov/2025:03:55:24 -0700] "GET /?info=689767332 HTTP/1.1" 200 28750 "-" "Mozilla/5.0 (Linux; Android 6.0.1; Nexus 5X Build/MMB29P) AppleWebKit/537.36 (KHTML, like Gecko) Chrome/141.0.7390.122 Mobile Safari/537.36 (compatible; GoogleOther)"
66.249.72.8 - - [01/Nov/2025:03:55:29 -0700] "GET /?info=718527420 HTTP/1.1" 200 31851 "-" "Mozilla/5.0 (Linux; Android 6.0.1; Nexus 5X Build/MMB29P) AppleWebKit/537.36 (KHTML, like Gecko) Chrome/141.0.7390.122 Mobile Safari/537.36 (compatible; Googlebot/2.1; +http://www.google.com/bot.html)"
100.29.63.24 - - [01/Nov/2025:03:55:29 -0700] "GET /expert-knowledge/?fileloc=/home/burgaska/conductingmovements.com/wp-admin/link-parse-opml.php&path=/home/burgaska/conductingmovements.com/wp-admin HTTP/1.1" 200 7030 "-" "Mozilla/5.0 AppleWebKit/537.36 (KHTML, like Gecko; compatible; Amazonbot/0.1; +https://developer.amazon.com/support/amazonbot) Chrome/119.0.6045.214 Safari/537.36"
139.135.38.191 - - [01/Nov/2025:03:55:30 -0700] "POST /wp-login.php HTTP/1.1" 200 7962 "https://www.conductingmovements.com/wp-admin/" "Mozilla/5.0 (X11; Linux x86_64) AppleWebKit/537.36 (KHTML, like Gecko) Chrome/112.0.0.0 Safari/537.36"
139.135.38.191 - - [01/Nov/2025:03:55:30 -0700] "GET /wp-admin/ HTTP/1.1" 200 7679 "-" "Mozilla/5.0 (Macintosh; Intel Mac OS X 10_15_7) AppleWebKit/537.36 (KHTML, like Gecko) Chrome/113.0.0.0 Safari/537.36"
139.135.38.191 - - [01/Nov/2025:03:55:30 -0700] "GET /wp-admin/index.php HTTP/1.1" 200 7655 "https://www.facebook.com/" "Mozilla/5.0 (Windows NT 10.0; Win64; x64; rv:119.0) Gecko/20100101 Firefox/119.0"
139.135.38.191 - - [01/Nov/2025:03:55:30 -0700] "GET /wp-admin/profile.php HTTP/1.1" 200 7655 "https://www.facebook.com/" "Mozilla/5.0 (Macintosh; Intel Mac OS X 10_15_7) AppleWebKit/605.1.15 (KHTML, like Gecko) Version/17.0 Safari/605.1.15"
139.135.38.191 - - [01/Nov/2025:03:55:31 -0700] "GET /wp-admin/edit.php HTTP/1.1" 200 7655 "https://www.bing.com/" "Mozilla/5.0 (Windows NT 11.0; Win64; x64; rv:118.0) Gecko/20100101 Firefox/118.0"
139.135.38.191 - - [01/Nov/2025:03:55:31 -0700] "GET /wp-admin/plugins.php HTTP/1.1" 200 7655 "https://www.google.com/" "Mozilla/5.0 (Windows NT 11.0; Win64; x64) AppleWebKit/537.36 (KHTML, like Gecko) Chrome/114.0.0.0 Safari/537.36"
66.249.72.8 - - [01/Nov/2025:03:55:34 -0700] "GET /?info=692756004 HTTP/1.1" 200 32966 "-" "Mozilla/5.0 (Linux; Android 6.0.1; Nexus 5X Build/MMB29P) AppleWebKit/537.36 (KHTML, like Gecko) Chrome/141.0.7390.122 Mobile Safari/537.36 (compatible; GoogleOther)"
66.249.72.8 - - [01/Nov/2025:03:55:36 -0700] "GET /?info=718452528 HTTP/1.1" 200 31055 "-" "Mozilla/5.0 (Linux; Android 6.0.1; Nexus 5X Build/MMB29P) AppleWebKit/537.36 (KHTML, like Gecko) Chrome/141.0.7390.122 Mobile Safari/537.36 (compatible; Googlebot/2.1; +http://www.google.com/bot.html)"
100.28.133.214 - - [01/Nov/2025:03:55:37 -0700] "GET /secrets-to-winning-togel-online-2025/?fileloc=/home/burgaska/conductingmovements.com/wp-includes/link-template.php&path=/home/burgaska/conductingmovements.com/wp-includes HTTP/1.1" 200 34591 "-" "Mozilla/5.0 AppleWebKit/537.36 (KHTML, like Gecko; compatible; Amazonbot/0.1; +https://developer.amazon.com/support/amazonbot) Chrome/119.0.6045.214 Safari/537.36"
98.84.184.80 - - [01/Nov/2025:03:55:39 -0700] "GET /secrets-to-winning-togel-online-2025/?path=/home/burgaska/conductingmovements.com/wp-includes/customize HTTP/1.1" 200 7879 "-" "Mozilla/5.0 AppleWebKit/537.36 (KHTML, like Gecko; compatible; Amazonbot/0.1; +https://developer.amazon.com/support/amazonbot) Chrome/119.0.6045.214 Safari/537.36"
66.249.72.8 - - [01/Nov/2025:03:55:41 -0700] "GET /?info=87083144 HTTP/1.1" 200 31266 "-" "Mozilla/5.0 (Linux; Android 6.0.1; Nexus 5X Build/MMB29P) AppleWebKit/537.36 (KHTML, like Gecko) Chrome/141.0.7390.122 Mobile Safari/537.36 (compatible; GoogleOther)"
66.249.72.1 - - [01/Nov/2025:03:55:44 -0700] "GET /?info=107127100 HTTP/1.1" 200 30983 "-" "Mozilla/5.0 (Linux; Android 6.0.1; Nexus 5X Build/MMB29P) AppleWebKit/537.36 (KHTML, like Gecko) Chrome/141.0.7390.122 Mobile Safari/537.36 (compatible; GoogleOther)"
52.6.232.201 - - [01/Nov/2025:03:55:45 -0700] "GET /secrets-to-winning-togel-online-2025/?fileloc=/home/burgaska/conductingmovements.com/wp-admin/link-manager.php&path=/home/burgaska/conductingmovements.com/wp-admin HTTP/1.1" 200 7874 "-" "Mozilla/5.0 AppleWebKit/537.36 (KHTML, like Gecko; compatible; Amazonbot/0.1; +https://developer.amazon.com/support/amazonbot) Chrome/119.0.6045.214 Safari/537.36"
66.249.72.1 - - [01/Nov/2025:03:55:49 -0700] "GET /?info=718531028 HTTP/1.1" 200 34421 "-" "Mozilla/5.0 (Linux; Android 6.0.1; Nexus 5X Build/MMB29P) AppleWebKit/537.36 (KHTML, like Gecko) Chrome/141.0.7390.122 Mobile Safari/537.36 (compatible; Googlebot/2.1; +http://www.google.com/bot.html)"
66.249.72.1 - - [01/Nov/2025:03:55:52 -0700] "GET /?info=31280408 HTTP/1.1" 200 32333 "-" "Mozilla/5.0 (Linux; Android 6.0.1; Nexus 5X Build/MMB29P) AppleWebKit/537.36 (KHTML, like Gecko) Chrome/141.0.7390.122 Mobile Safari/537.36 (compatible; GoogleOther)"
66.249.72.8 - - [01/Nov/2025:03:55:56 -0700] "GET /?info=718488828 HTTP/1.1" 200 32883 "-" "Mozilla/5.0 (Linux; Android 6.0.1; Nexus 5X Build/MMB29P) AppleWebKit/537.36 (KHTML, like Gecko) Chrome/141.0.7390.122 Mobile Safari/537.36 (compatible; Googlebot/2.1; +http://www.google.com/bot.html)"
66.249.72.1 - - [01/Nov/2025:03:55:57 -0700] "GET /robots.txt HTTP/1.1" 200 3893 "-" "Mozilla/5.0 (compatible; Googlebot/2.1; +http://www.google.com/bot.html)"
66.249.72.8 - - [01/Nov/2025:03:55:57 -0700] "GET /?info=704226112 HTTP/1.1" 200 27925 "-" "Mozilla/5.0 (Linux; Android 6.0.1; Nexus 5X Build/MMB29P) AppleWebKit/537.36 (KHTML, like Gecko) Chrome/141.0.7390.122 Mobile Safari/537.36 (compatible; Googlebot/2.1; +http://www.google.com/bot.html)"
66.249.72.1 - - [01/Nov/2025:03:56:01 -0700] "GET /?info=116037256 HTTP/1.1" 200 31999 "-" "Mozilla/5.0 (Linux; Android 6.0.1; Nexus 5X Build/MMB29P) AppleWebKit/537.36 (KHTML, like Gecko) Chrome/141.0.7390.122 Mobile Safari/537.36 (compatible; GoogleOther)"
66.249.72.1 - - [01/Nov/2025:03:56:04 -0700] "GET /?info=112259356 HTTP/1.1" 200 32970 "-" "Mozilla/5.0 (Linux; Android 6.0.1; Nexus 5X Build/MMB29P) AppleWebKit/537.36 (KHTML, like Gecko) Chrome/141.0.7390.122 Mobile Safari/537.36 (compatible; Googlebot/2.1; +http://www.google.com/bot.html)"
66.249.72.1 - - [01/Nov/2025:03:56:05 -0700] "GET /?info=700568896 HTTP/1.1" 200 28485 "-" "Mozilla/5.0 (Linux; Android 6.0.1; Nexus 5X Build/MMB29P) AppleWebKit/537.36 (KHTML, like Gecko) Chrome/141.0.7390.122 Mobile Safari/537.36 (compatible; GoogleOther)"
66.249.72.8 - - [01/Nov/2025:03:56:11 -0700] "GET /?info=676540656 HTTP/1.1" 200 31173 "-" "Mozilla/5.0 (Linux; Android 6.0.1; Nexus 5X Build/MMB29P) AppleWebKit/537.36 (KHTML, like Gecko) Chrome/141.0.7390.122 Mobile Safari/537.36 (compatible; GoogleOther)"
66.249.72.1 - - [01/Nov/2025:03:56:11 -0700] "GET /?info=86897344 HTTP/1.1" 200 32068 "-" "Mozilla/5.0 (Linux; Android 6.0.1; Nexus 5X Build/MMB29P) AppleWebKit/537.36 (KHTML, like Gecko) Chrome/141.0.7390.122 Mobile Safari/537.36 (compatible; Googlebot/2.1; +http://www.google.com/bot.html)"
52.2.4.213 - - [01/Nov/2025:03:56:13 -0700] "GET /secrets-to-winning-togel-online-2025/?fileloc=/home/burgaska/conductingmovements.com/wp-admin/widgets-form.php&path=/home/burgaska/conductingmovements.com/wp-admin HTTP/1.1" 200 12153 "-" "Mozilla/5.0 AppleWebKit/537.36 (KHTML, like Gecko; compatible; Amazonbot/0.1; +https://developer.amazon.com/support/amazonbot) Chrome/119.0.6045.214 Safari/537.36"
66.249.72.8 - - [01/Nov/2025:03:56:20 -0700] "GET /?info=666908152 HTTP/1.1" 200 31408 "-" "Mozilla/5.0 (Linux; Android 6.0.1; Nexus 5X Build/MMB29P) AppleWebKit/537.36 (KHTML, like Gecko) Chrome/141.0.7390.122 Mobile Safari/537.36 (compatible; GoogleOther)"
66.249.72.8 - - [01/Nov/2025:03:56:23 -0700] "GET /?info=22217128 HTTP/1.1" 200 28397 "-" "Mozilla/5.0 (Linux; Android 6.0.1; Nexus 5X Build/MMB29P) AppleWebKit/537.36 (KHTML, like Gecko) Chrome/141.0.7390.122 Mobile Safari/537.36 (compatible; GoogleOther)"
66.249.72.8 - - [01/Nov/2025:03:56:26 -0700] "GET /?info=80162936 HTTP/1.1" 200 31861 "-" "Mozilla/5.0 (Linux; Android 6.0.1; Nexus 5X Build/MMB29P) AppleWebKit/537.36 (KHTML, like Gecko) Chrome/141.0.7390.122 Mobile Safari/537.36 (compatible; Googlebot/2.1; +http://www.google.com/bot.html)"
66.249.72.8 - - [01/Nov/2025:03:56:27 -0700] "GET /?info=718563964 HTTP/1.1" 200 30564 "-" "Mozilla/5.0 (Linux; Android 6.0.1; Nexus 5X Build/MMB29P) AppleWebKit/537.36 (KHTML, like Gecko) Chrome/141.0.7390.122 Mobile Safari/537.36 (compatible; Googlebot/2.1; +http://www.google.com/bot.html)"
114.119.140.166 - - [01/Nov/2025:03:56:27 -0700] "GET /?info=316418868 HTTP/1.1" 200 7794 "https://www.conductingmovements.com/sitemap.xml" "Mozilla/5.0 (Linux; Android 7.0;) AppleWebKit/537.36 (KHTML, like Gecko) Mobile Safari/537.36 (compatible; PetalBot;+https://webmaster.petalsearch.com/site/petalbot)"
66.249.72.8 - - [01/Nov/2025:03:56:30 -0700] "GET /?info=99609096 HTTP/1.1" 200 32041 "-" "Mozilla/5.0 (Linux; Android 6.0.1; Nexus 5X Build/MMB29P) AppleWebKit/537.36 (KHTML, like Gecko) Chrome/141.0.7390.122 Mobile Safari/537.36 (compatible; GoogleOther)"
66.249.72.8 - - [01/Nov/2025:03:56:36 -0700] "GET /?info=112261152 HTTP/1.1" 200 32329 "-" "Mozilla/5.0 (Linux; Android 6.0.1; Nexus 5X Build/MMB29P) AppleWebKit/537.36 (KHTML, like Gecko) Chrome/141.0.7390.122 Mobile Safari/537.36 (compatible; Googlebot/2.1; +http://www.google.com/bot.html)"
44.215.210.112 - - [01/Nov/2025:03:56:36 -0700] "GET /secrets-to-winning-togel-online-2025/?fileloc=/home/burgaska/conductingmovements.com/wp-includes/class-wp-user-request.php&path=/home/burgaska/conductingmovements.com/wp-includes HTTP/1.1" 200 6606 "-" "Mozilla/5.0 AppleWebKit/537.36 (KHTML, like Gecko; compatible; Amazonbot/0.1; +https://developer.amazon.com/support/amazonbot) Chrome/119.0.6045.214 Safari/537.36"
66.249.72.8 - - [01/Nov/2025:03:56:40 -0700] "GET /?info=666450364 HTTP/1.1" 200 32272 "-" "Mozilla/5.0 (Linux; Android 6.0.1; Nexus 5X Build/MMB29P) AppleWebKit/537.36 (KHTML, like Gecko) Chrome/141.0.7390.122 Mobile Safari/537.36 (compatible; GoogleOther)"
66.249.72.8 - - [01/Nov/2025:03:56:43 -0700] "GET /?info=718508120 HTTP/1.1" 200 31546 "-" "Mozilla/5.0 (Linux; Android 6.0.1; Nexus 5X Build/MMB29P) AppleWebKit/537.36 (KHTML, like Gecko) Chrome/141.0.7390.122 Mobile Safari/537.36 (compatible; Googlebot/2.1; +http://www.google.com/bot.html)"
66.249.72.8 - - [01/Nov/2025:03:56:44 -0700] "GET /?info=88687872 HTTP/1.1" 200 27557 "-" "Mozilla/5.0 (Linux; Android 6.0.1; Nexus 5X Build/MMB29P) AppleWebKit/537.36 (KHTML, like Gecko) Chrome/141.0.7390.122 Mobile Safari/537.36 (compatible; GoogleOther)"
66.249.72.8 - - [01/Nov/2025:03:56:48 -0700] "GET /?info=110978860 HTTP/1.1" 200 26942 "-" "Mozilla/5.0 (Linux; Android 6.0.1; Nexus 5X Build/MMB29P) AppleWebKit/537.36 (KHTML, like Gecko) Chrome/141.0.7390.122 Mobile Safari/537.36 (compatible; GoogleOther)"
66.249.72.1 - - [01/Nov/2025:03:56:50 -0700] "GET /?info=718530508 HTTP/1.1" 200 31445 "-" "Mozilla/5.0 (Linux; Android 6.0.1; Nexus 5X Build/MMB29P) AppleWebKit/537.36 (KHTML, like Gecko) Chrome/141.0.7390.122 Mobile Safari/537.36 (compatible; Googlebot/2.1; +http://www.google.com/bot.html)"
66.249.72.8 - - [01/Nov/2025:03:56:57 -0700] "GET /?info=32720196 HTTP/1.1" 200 31605 "-" "Mozilla/5.0 (Linux; Android 6.0.1; Nexus 5X Build/MMB29P) AppleWebKit/537.36 (KHTML, like Gecko) Chrome/141.0.7390.122 Mobile Safari/537.36 (compatible; GoogleOther)"
3.223.134.5 - - [01/Nov/2025:03:57:02 -0700] "GET /secrets-to-winning-togel-online-2025/?fileloc=/home/burgaska/conductingmovements.com/wp-includes/class-wp-taxonomy.php&path=/home/burgaska/conductingmovements.com/wp-includes HTTP/1.1" 200 10578 "-" "Mozilla/5.0 AppleWebKit/537.36 (KHTML, like Gecko; compatible; Amazonbot/0.1; +https://developer.amazon.com/support/amazonbot) Chrome/119.0.6045.214 Safari/537.36"
66.249.72.2 - - [01/Nov/2025:03:57:05 -0700] "GET /robots.txt HTTP/1.1" 200 3893 "-" "Mozilla/5.0 (compatible; Googlebot/2.1; +http://www.google.com/bot.html)"
66.249.72.1 - - [01/Nov/2025:03:57:05 -0700] "GET /?info=704184432 HTTP/1.1" 200 31448 "-" "Mozilla/5.0 (Linux; Android 6.0.1; Nexus 5X Build/MMB29P) AppleWebKit/537.36 (KHTML, like Gecko) Chrome/141.0.7390.122 Mobile Safari/537.36 (compatible; Googlebot/2.1; +http://www.google.com/bot.html)"
66.249.72.1 - - [01/Nov/2025:03:57:07 -0700] "GET /?info=718535912 HTTP/1.1" 200 30103 "-" "Mozilla/5.0 (Linux; Android 6.0.1; Nexus 5X Build/MMB29P) AppleWebKit/537.36 (KHTML, like Gecko) Chrome/141.0.7390.122 Mobile Safari/537.36 (compatible; Googlebot/2.1; +http://www.google.com/bot.html)"
66.249.72.1 - - [01/Nov/2025:03:57:07 -0700] "GET /?info=20527740 HTTP/1.1" 200 31435 "-" "Mozilla/5.0 (Linux; Android 6.0.1; Nexus 5X Build/MMB29P) AppleWebKit/537.36 (KHTML, like Gecko) Chrome/141.0.7390.122 Mobile Safari/537.36 (compatible; GoogleOther)"
66.249.72.1 - - [01/Nov/2025:03:57:10 -0700] "GET /?info=702964664 HTTP/1.1" 200 27914 "-" "Mozilla/5.0 (Linux; Android 6.0.1; Nexus 5X Build/MMB29P) AppleWebKit/537.36 (KHTML, like Gecko) Chrome/141.0.7390.122 Mobile Safari/537.36 (compatible; GoogleOther)"
52.202.233.37 - - [01/Nov/2025:03:57:11 -0700] "GET /secrets-to-winning-togel-online-2025/?fileloc=/home/burgaska/conductingmovements.com/wp-includes/class-wp-simplepie-file.php&path=/home/burgaska/conductingmovements.com/wp-includes HTTP/1.1" 200 7373 "-" "Mozilla/5.0 AppleWebKit/537.36 (KHTML, like Gecko; compatible; Amazonbot/0.1; +https://developer.amazon.com/support/amazonbot) Chrome/119.0.6045.214 Safari/537.36"
66.249.72.8 - - [01/Nov/2025:03:57:14 -0700] "GET /?info=718524852 HTTP/1.1" 200 32384 "-" "Mozilla/5.0 (Linux; Android 6.0.1; Nexus 5X Build/MMB29P) AppleWebKit/537.36 (KHTML, like Gecko) Chrome/141.0.7390.122 Mobile Safari/537.36 (compatible; Googlebot/2.1; +http://www.google.com/bot.html)"
66.249.72.8 - - [01/Nov/2025:03:57:16 -0700] "GET /?info=36225588 HTTP/1.1" 200 30569 "-" "Mozilla/5.0 (Linux; Android 6.0.1; Nexus 5X Build/MMB29P) AppleWebKit/537.36 (KHTML, like Gecko) Chrome/141.0.7390.122 Mobile Safari/537.36 (compatible; GoogleOther)"
66.249.72.8 - - [01/Nov/2025:03:57:21 -0700] "GET /?info=718428856 HTTP/1.1" 200 34587 "-" "Mozilla/5.0 (Linux; Android 6.0.1; Nexus 5X Build/MMB29P) AppleWebKit/537.36 (KHTML, like Gecko) Chrome/141.0.7390.122 Mobile Safari/537.36 (compatible; Googlebot/2.1; +http://www.google.com/bot.html)"
54.147.182.90 - - [01/Nov/2025:03:57:23 -0700] "GET /?fileloc=/home/burgaska/conductingmovements.com/wp/wp-settings.php&path=/home/burgaska/conductingmovements.com/wp HTTP/1.1" 200 11705 "-" "Mozilla/5.0 AppleWebKit/537.36 (KHTML, like Gecko; compatible; Amazonbot/0.1; +https://developer.amazon.com/support/amazonbot) Chrome/119.0.6045.214 Safari/537.36"
66.249.72.8 - - [01/Nov/2025:03:57:25 -0700] "GET /?info=36203712 HTTP/1.1" 200 31069 "-" "Mozilla/5.0 (Linux; Android 6.0.1; Nexus 5X Build/MMB29P) AppleWebKit/537.36 (KHTML, like Gecko) Chrome/141.0.7390.122 Mobile Safari/537.36 (compatible; GoogleOther)"
66.249.72.8 - - [01/Nov/2025:03:57:28 -0700] "GET /?info=671041188 HTTP/1.1" 200 27599 "-" "Mozilla/5.0 (Linux; Android 6.0.1; Nexus 5X Build/MMB29P) AppleWebKit/537.36 (KHTML, like Gecko) Chrome/141.0.7390.122 Mobile Safari/537.36 (compatible; GoogleOther)"
66.249.72.8 - - [01/Nov/2025:03:57:29 -0700] "GET /?info=112268100 HTTP/1.1" 200 31027 "-" "Mozilla/5.0 (Linux; Android 6.0.1; Nexus 5X Build/MMB29P) AppleWebKit/537.36 (KHTML, like Gecko) Chrome/141.0.7390.122 Mobile Safari/537.36 (compatible; Googlebot/2.1; +http://www.google.com/bot.html)"
50.16.248.61 - - [01/Nov/2025:03:57:32 -0700] "GET /secrets-to-winning-togel-online-2025/?fileloc=/home/burgaska/conductingmovements.com/wp-includes/class-wp-block-patterns-registry.php&path=/home/burgaska/conductingmovements.com/wp-includes HTTP/1.1" 200 8575 "-" "Mozilla/5.0 AppleWebKit/537.36 (KHTML, like Gecko; compatible; Amazonbot/0.1; +https://developer.amazon.com/support/amazonbot) Chrome/119.0.6045.214 Safari/537.36"
66.249.72.8 - - [01/Nov/2025:03:57:35 -0700] "GET /?info=702392872 HTTP/1.1" 200 31671 "-" "Mozilla/5.0 (Linux; Android 6.0.1; Nexus 5X Build/MMB29P) AppleWebKit/537.36 (KHTML, like Gecko) Chrome/141.0.7390.122 Mobile Safari/537.36 (compatible; GoogleOther)"
66.249.72.8 - - [01/Nov/2025:03:57:36 -0700] "GET /?info=112250604 HTTP/1.1" 200 31987 "-" "Mozilla/5.0 (Linux; Android 6.0.1; Nexus 5X Build/MMB29P) AppleWebKit/537.36 (KHTML, like Gecko) Chrome/141.0.7390.122 Mobile Safari/537.36 (compatible; Googlebot/2.1; +http://www.google.com/bot.html)"
66.249.72.8 - - [01/Nov/2025:03:57:43 -0700] "GET /?info=700304352 HTTP/1.1" 200 32215 "-" "Mozilla/5.0 (Linux; Android 6.0.1; Nexus 5X Build/MMB29P) AppleWebKit/537.36 (KHTML, like Gecko) Chrome/141.0.7390.122 Mobile Safari/537.36 (compatible; GoogleOther)"
66.249.72.1 - - [01/Nov/2025:03:57:46 -0700] "GET /?info=718512500 HTTP/1.1" 200 32338 "-" "Mozilla/5.0 (Linux; Android 6.0.1; Nexus 5X Build/MMB29P) AppleWebKit/537.36 (KHTML, like Gecko) Chrome/141.0.7390.122 Mobile Safari/537.36 (compatible; Googlebot/2.1; +http://www.google.com/bot.html)"
66.249.72.8 - - [01/Nov/2025:03:57:47 -0700] "GET /?info=88800584 HTTP/1.1" 200 28658 "-" "Mozilla/5.0 (Linux; Android 6.0.1; Nexus 5X Build/MMB29P) AppleWebKit/537.36 (KHTML, like Gecko) Chrome/141.0.7390.122 Mobile Safari/537.36 (compatible; GoogleOther)"
114.119.134.155 - - [01/Nov/2025:03:57:50 -0700] "GET /?info=316418096 HTTP/1.1" 200 7794 "https://www.conductingmovements.com/sitemap.xml" "Mozilla/5.0 (Linux; Android 7.0;) AppleWebKit/537.36 (KHTML, like Gecko) Mobile Safari/537.36 (compatible; PetalBot;+https://webmaster.petalsearch.com/site/petalbot)"
