66.249.72.1 - - [01/Nov/2025:02:21:52 -0700] "GET /?info=84435956 HTTP/1.1" 200 31787 "-" "Mozilla/5.0 (Linux; Android 6.0.1; Nexus 5X Build/MMB29P) AppleWebKit/537.36 (KHTML, like Gecko) Chrome/141.0.7390.122 Mobile Safari/537.36 (compatible; Googlebot/2.1; +http://www.google.com/bot.html)"
216.73.216.32 - - [01/Nov/2025:02:21:54 -0700] "GET /?info=382963212 HTTP/2.0" 200 4208 "-" "Mozilla/5.0 AppleWebKit/537.36 (KHTML, like Gecko; compatible; ClaudeBot/1.0; +claudebot@anthropic.com)"
216.73.216.32 - - [01/Nov/2025:02:21:57 -0700] "GET /?info=383015196 HTTP/2.0" 200 4208 "-" "Mozilla/5.0 AppleWebKit/537.36 (KHTML, like Gecko; compatible; ClaudeBot/1.0; +claudebot@anthropic.com)"
216.73.216.32 - - [01/Nov/2025:02:22:00 -0700] "GET /?info=382923580 HTTP/2.0" 200 4208 "-" "Mozilla/5.0 AppleWebKit/537.36 (KHTML, like Gecko; compatible; ClaudeBot/1.0; +claudebot@anthropic.com)"
66.249.72.2 - - [01/Nov/2025:02:22:01 -0700] "GET /?info=35596668 HTTP/1.1" 200 32241 "-" "Mozilla/5.0 (Linux; Android 6.0.1; Nexus 5X Build/MMB29P) AppleWebKit/537.36 (KHTML, like Gecko) Chrome/141.0.7390.122 Mobile Safari/537.36 (compatible; GoogleOther)"
216.73.216.32 - - [01/Nov/2025:02:22:03 -0700] "GET /?info=383333512 HTTP/2.0" 200 4208 "-" "Mozilla/5.0 AppleWebKit/537.36 (KHTML, like Gecko; compatible; ClaudeBot/1.0; +claudebot@anthropic.com)"
66.249.72.1 - - [01/Nov/2025:02:22:06 -0700] "GET /?info=84396332 HTTP/1.1" 200 31700 "-" "Mozilla/5.0 (Linux; Android 6.0.1; Nexus 5X Build/MMB29P) AppleWebKit/537.36 (KHTML, like Gecko) Chrome/141.0.7390.122 Mobile Safari/537.36 (compatible; Googlebot/2.1; +http://www.google.com/bot.html)"
216.73.216.32 - - [01/Nov/2025:02:22:06 -0700] "GET /?info=383529348 HTTP/2.0" 200 4208 "-" "Mozilla/5.0 AppleWebKit/537.36 (KHTML, like Gecko; compatible; ClaudeBot/1.0; +claudebot@anthropic.com)"
66.249.72.8 - - [01/Nov/2025:02:22:10 -0700] "GET /?info=673005156 HTTP/1.1" 200 32682 "-" "Mozilla/5.0 (Linux; Android 6.0.1; Nexus 5X Build/MMB29P) AppleWebKit/537.36 (KHTML, like Gecko) Chrome/141.0.7390.122 Mobile Safari/537.36 (compatible; GoogleOther)"
66.249.72.8 - - [01/Nov/2025:02:22:19 -0700] "GET /?info=693283028 HTTP/1.1" 200 32118 "-" "Mozilla/5.0 (Linux; Android 6.0.1; Nexus 5X Build/MMB29P) AppleWebKit/537.36 (KHTML, like Gecko) Chrome/141.0.7390.122 Mobile Safari/537.36 (compatible; GoogleOther)"
66.249.72.8 - - [01/Nov/2025:02:22:20 -0700] "GET /?info=84274868 HTTP/1.1" 200 31236 "-" "Mozilla/5.0 (Linux; Android 6.0.1; Nexus 5X Build/MMB29P) AppleWebKit/537.36 (KHTML, like Gecko) Chrome/141.0.7390.122 Mobile Safari/537.36 (compatible; Googlebot/2.1; +http://www.google.com/bot.html)"
216.73.216.32 - - [01/Nov/2025:02:22:20 -0700] "GET /?info=383419204 HTTP/2.0" 200 4266 "-" "Mozilla/5.0 AppleWebKit/537.36 (KHTML, like Gecko; compatible; ClaudeBot/1.0; +claudebot@anthropic.com)"
216.73.216.32 - - [01/Nov/2025:02:22:23 -0700] "GET /?info=382888832 HTTP/2.0" 200 4208 "-" "Mozilla/5.0 AppleWebKit/537.36 (KHTML, like Gecko; compatible; ClaudeBot/1.0; +claudebot@anthropic.com)"
216.73.216.32 - - [01/Nov/2025:02:22:26 -0700] "GET /?info=382849720 HTTP/2.0" 200 4208 "-" "Mozilla/5.0 AppleWebKit/537.36 (KHTML, like Gecko; compatible; ClaudeBot/1.0; +claudebot@anthropic.com)"
66.249.72.8 - - [01/Nov/2025:02:22:28 -0700] "GET /?info=32780924 HTTP/1.1" 200 31614 "-" "Mozilla/5.0 (Linux; Android 6.0.1; Nexus 5X Build/MMB29P) AppleWebKit/537.36 (KHTML, like Gecko) Chrome/141.0.7390.122 Mobile Safari/537.36 (compatible; GoogleOther)"
216.73.216.32 - - [01/Nov/2025:02:22:29 -0700] "GET /?info=383457544 HTTP/2.0" 200 4208 "-" "Mozilla/5.0 AppleWebKit/537.36 (KHTML, like Gecko; compatible; ClaudeBot/1.0; +claudebot@anthropic.com)"
216.73.216.32 - - [01/Nov/2025:02:22:32 -0700] "GET /?info=383145144 HTTP/2.0" 200 4208 "-" "Mozilla/5.0 AppleWebKit/537.36 (KHTML, like Gecko; compatible; ClaudeBot/1.0; +claudebot@anthropic.com)"
66.249.72.8 - - [01/Nov/2025:02:22:32 -0700] "GET /?info=701767040 HTTP/1.1" 200 28290 "-" "Mozilla/5.0 (Linux; Android 6.0.1; Nexus 5X Build/MMB29P) AppleWebKit/537.36 (KHTML, like Gecko) Chrome/141.0.7390.122 Mobile Safari/537.36 (compatible; GoogleOther)"
216.73.216.32 - - [01/Nov/2025:02:22:35 -0700] "GET /?info=383202264 HTTP/2.0" 200 4208 "-" "Mozilla/5.0 AppleWebKit/537.36 (KHTML, like Gecko; compatible; ClaudeBot/1.0; +claudebot@anthropic.com)"
66.249.72.8 - - [01/Nov/2025:02:22:37 -0700] "GET /?info=104016972 HTTP/1.1" 200 31312 "-" "Mozilla/5.0 (Linux; Android 6.0.1; Nexus 5X Build/MMB29P) AppleWebKit/537.36 (KHTML, like Gecko) Chrome/141.0.7390.122 Mobile Safari/537.36 (compatible; GoogleOther)"
216.73.216.32 - - [01/Nov/2025:02:22:38 -0700] "GET /?info=383321932 HTTP/2.0" 200 4208 "-" "Mozilla/5.0 AppleWebKit/537.36 (KHTML, like Gecko; compatible; ClaudeBot/1.0; +claudebot@anthropic.com)"
66.249.72.8 - - [01/Nov/2025:02:22:38 -0700] "GET /?info=84398128 HTTP/1.1" 200 31435 "-" "Mozilla/5.0 (Linux; Android 6.0.1; Nexus 5X Build/MMB29P) AppleWebKit/537.36 (KHTML, like Gecko) Chrome/141.0.7390.122 Mobile Safari/537.36 (compatible; Googlebot/2.1; +http://www.google.com/bot.html)"
216.73.216.32 - - [01/Nov/2025:02:22:41 -0700] "GET /?info=382870824 HTTP/2.0" 200 4208 "-" "Mozilla/5.0 AppleWebKit/537.36 (KHTML, like Gecko; compatible; ClaudeBot/1.0; +claudebot@anthropic.com)"
216.73.216.32 - - [01/Nov/2025:02:22:44 -0700] "GET /?info=383140260 HTTP/2.0" 200 4208 "-" "Mozilla/5.0 AppleWebKit/537.36 (KHTML, like Gecko; compatible; ClaudeBot/1.0; +claudebot@anthropic.com)"
66.249.72.1 - - [01/Nov/2025:02:22:46 -0700] "GET /?info=673058416 HTTP/1.1" 200 30979 "-" "Mozilla/5.0 (Linux; Android 6.0.1; Nexus 5X Build/MMB29P) AppleWebKit/537.36 (KHTML, like Gecko) Chrome/141.0.7390.122 Mobile Safari/537.36 (compatible; GoogleOther)"
216.73.216.32 - - [01/Nov/2025:02:22:47 -0700] "GET /?info=383497688 HTTP/2.0" 200 4208 "-" "Mozilla/5.0 AppleWebKit/537.36 (KHTML, like Gecko; compatible; ClaudeBot/1.0; +claudebot@anthropic.com)"
216.73.216.32 - - [01/Nov/2025:02:22:50 -0700] "GET /?info=383494080 HTTP/2.0" 200 4208 "-" "Mozilla/5.0 AppleWebKit/537.36 (KHTML, like Gecko; compatible; ClaudeBot/1.0; +claudebot@anthropic.com)"
66.249.72.1 - - [01/Nov/2025:02:22:51 -0700] "GET /?info=84263792 HTTP/1.1" 200 31548 "-" "Mozilla/5.0 (Linux; Android 6.0.1; Nexus 5X Build/MMB29P) AppleWebKit/537.36 (KHTML, like Gecko) Chrome/141.0.7390.122 Mobile Safari/537.36 (compatible; Googlebot/2.1; +http://www.google.com/bot.html)"
216.73.216.32 - - [01/Nov/2025:02:22:53 -0700] "GET /?info=383368260 HTTP/2.0" 200 4208 "-" "Mozilla/5.0 AppleWebKit/537.36 (KHTML, like Gecko; compatible; ClaudeBot/1.0; +claudebot@anthropic.com)"
66.249.72.1 - - [01/Nov/2025:02:22:56 -0700] "GET /?info=679462676 HTTP/1.1" 200 31688 "-" "Mozilla/5.0 (Linux; Android 6.0.1; Nexus 5X Build/MMB29P) AppleWebKit/537.36 (KHTML, like Gecko) Chrome/141.0.7390.122 Mobile Safari/537.36 (compatible; GoogleOther)"
216.73.216.32 - - [01/Nov/2025:02:22:56 -0700] "GET /?info=383244984 HTTP/2.0" 200 4208 "-" "Mozilla/5.0 AppleWebKit/537.36 (KHTML, like Gecko; compatible; ClaudeBot/1.0; +claudebot@anthropic.com)"
114.119.134.196 - - [01/Nov/2025:02:22:57 -0700] "GET /?info=316470852 HTTP/1.1" 200 7794 "https://www.conductingmovements.com/sitemap.xml" "Mozilla/5.0 (Linux; Android 7.0;) AppleWebKit/537.36 (KHTML, like Gecko) Mobile Safari/537.36 (compatible; PetalBot;+https://webmaster.petalsearch.com/site/petalbot)"
216.73.216.32 - - [01/Nov/2025:02:22:59 -0700] "GET /?info=383121212 HTTP/2.0" 200 4208 "-" "Mozilla/5.0 AppleWebKit/537.36 (KHTML, like Gecko; compatible; ClaudeBot/1.0; +claudebot@anthropic.com)"
66.249.72.8 - - [01/Nov/2025:02:23:01 -0700] "GET /-20_QL100_.jpg HTTP/1.1" 200 7831 "-" "Googlebot-Image/1.0"
216.73.216.32 - - [01/Nov/2025:02:23:02 -0700] "GET /?info=383351520 HTTP/2.0" 200 4208 "-" "Mozilla/5.0 AppleWebKit/537.36 (KHTML, like Gecko; compatible; ClaudeBot/1.0; +claudebot@anthropic.com)"
66.249.72.8 - - [01/Nov/2025:02:23:05 -0700] "GET /?info=696492224 HTTP/1.1" 200 27570 "-" "Mozilla/5.0 (Linux; Android 6.0.1; Nexus 5X Build/MMB29P) AppleWebKit/537.36 (KHTML, like Gecko) Chrome/141.0.7390.122 Mobile Safari/537.36 (compatible; GoogleOther)"
216.73.216.32 - - [01/Nov/2025:02:23:05 -0700] "GET /?info=383293880 HTTP/2.0" 200 4208 "-" "Mozilla/5.0 AppleWebKit/537.36 (KHTML, like Gecko; compatible; ClaudeBot/1.0; +claudebot@anthropic.com)"
66.249.72.8 - - [01/Nov/2025:02:23:06 -0700] "GET /?info=84341780 HTTP/1.1" 200 31715 "-" "Mozilla/5.0 (Linux; Android 6.0.1; Nexus 5X Build/MMB29P) AppleWebKit/537.36 (KHTML, like Gecko) Chrome/141.0.7390.122 Mobile Safari/537.36 (compatible; Googlebot/2.1; +http://www.google.com/bot.html)"
216.73.216.32 - - [01/Nov/2025:02:23:08 -0700] "GET /?info=383480452 HTTP/2.0" 200 4208 "-" "Mozilla/5.0 AppleWebKit/537.36 (KHTML, like Gecko; compatible; ClaudeBot/1.0; +claudebot@anthropic.com)"
216.73.216.32 - - [01/Nov/2025:02:23:11 -0700] "GET /?info=383127908 HTTP/2.0" 200 4208 "-" "Mozilla/5.0 AppleWebKit/537.36 (KHTML, like Gecko; compatible; ClaudeBot/1.0; +claudebot@anthropic.com)"
216.73.216.32 - - [01/Nov/2025:02:23:14 -0700] "GET /?info=383375192 HTTP/2.0" 200 4208 "-" "Mozilla/5.0 AppleWebKit/537.36 (KHTML, like Gecko; compatible; ClaudeBot/1.0; +claudebot@anthropic.com)"
66.249.72.8 - - [01/Nov/2025:02:23:14 -0700] "GET /?info=698875640 HTTP/1.1" 200 33641 "-" "Mozilla/5.0 (Linux; Android 6.0.1; Nexus 5X Build/MMB29P) AppleWebKit/537.36 (KHTML, like Gecko) Chrome/141.0.7390.122 Mobile Safari/537.36 (compatible; GoogleOther)"
216.73.216.32 - - [01/Nov/2025:02:23:17 -0700] "GET /?info=383365172 HTTP/2.0" 200 4208 "-" "Mozilla/5.0 AppleWebKit/537.36 (KHTML, like Gecko; compatible; ClaudeBot/1.0; +claudebot@anthropic.com)"
216.73.216.32 - - [01/Nov/2025:02:23:20 -0700] "GET /?info=383318072 HTTP/2.0" 200 4208 "-" "Mozilla/5.0 AppleWebKit/537.36 (KHTML, like Gecko; compatible; ClaudeBot/1.0; +claudebot@anthropic.com)"
66.249.72.8 - - [01/Nov/2025:02:23:20 -0700] "GET /?info=84273576 HTTP/1.1" 200 31588 "-" "Mozilla/5.0 (Linux; Android 6.0.1; Nexus 5X Build/MMB29P) AppleWebKit/537.36 (KHTML, like Gecko) Chrome/141.0.7390.122 Mobile Safari/537.36 (compatible; Googlebot/2.1; +http://www.google.com/bot.html)"
66.249.72.8 - - [01/Nov/2025:02:23:21 -0700] "GET /?info=76437256 HTTP/1.1" 200 27376 "-" "Mozilla/5.0 (Linux; Android 6.0.1; Nexus 5X Build/MMB29P) AppleWebKit/537.36 (KHTML, like Gecko) Chrome/141.0.7390.122 Mobile Safari/537.36 (compatible; Googlebot/2.1; +http://www.google.com/bot.html)"
216.73.216.32 - - [01/Nov/2025:02:23:23 -0700] "GET /?info=383248072 HTTP/2.0" 200 4208 "-" "Mozilla/5.0 AppleWebKit/537.36 (KHTML, like Gecko; compatible; ClaudeBot/1.0; +claudebot@anthropic.com)"
66.249.72.8 - - [01/Nov/2025:02:23:23 -0700] "GET /?info=696358668 HTTP/1.1" 200 31050 "-" "Mozilla/5.0 (Linux; Android 6.0.1; Nexus 5X Build/MMB29P) AppleWebKit/537.36 (KHTML, like Gecko) Chrome/141.0.7390.122 Mobile Safari/537.36 (compatible; GoogleOther)"
216.73.216.32 - - [01/Nov/2025:02:23:26 -0700] "GET /?info=382854100 HTTP/2.0" 200 4208 "-" "Mozilla/5.0 AppleWebKit/537.36 (KHTML, like Gecko; compatible; ClaudeBot/1.0; +claudebot@anthropic.com)"
66.249.72.8 - - [01/Nov/2025:02:23:27 -0700] "GET /?info=701792004 HTTP/1.1" 200 28539 "-" "Mozilla/5.0 (Linux; Android 6.0.1; Nexus 5X Build/MMB29P) AppleWebKit/537.36 (KHTML, like Gecko) Chrome/141.0.7390.122 Mobile Safari/537.36 (compatible; GoogleOther)"
216.73.216.32 - - [01/Nov/2025:02:23:29 -0700] "GET /?info=382977360 HTTP/2.0" 200 4208 "-" "Mozilla/5.0 AppleWebKit/537.36 (KHTML, like Gecko; compatible; ClaudeBot/1.0; +claudebot@anthropic.com)"
216.73.216.32 - - [01/Nov/2025:02:23:32 -0700] "GET /?info=383355908 HTTP/2.0" 200 4208 "-" "Mozilla/5.0 AppleWebKit/537.36 (KHTML, like Gecko; compatible; ClaudeBot/1.0; +claudebot@anthropic.com)"
66.249.72.8 - - [01/Nov/2025:02:23:32 -0700] "GET /?info=100284856 HTTP/1.1" 200 32056 "-" "Mozilla/5.0 (Linux; Android 6.0.1; Nexus 5X Build/MMB29P) AppleWebKit/537.36 (KHTML, like Gecko) Chrome/141.0.7390.122 Mobile Safari/537.36 (compatible; GoogleOther)"
66.249.72.8 - - [01/Nov/2025:02:23:34 -0700] "GET /?info=84386288 HTTP/1.1" 200 30793 "-" "Mozilla/5.0 (Linux; Android 6.0.1; Nexus 5X Build/MMB29P) AppleWebKit/537.36 (KHTML, like Gecko) Chrome/141.0.7390.122 Mobile Safari/537.36 (compatible; Googlebot/2.1; +http://www.google.com/bot.html)"
216.73.216.32 - - [01/Nov/2025:02:23:35 -0700] "GET /?info=383497168 HTTP/2.0" 200 4208 "-" "Mozilla/5.0 AppleWebKit/537.36 (KHTML, like Gecko; compatible; ClaudeBot/1.0; +claudebot@anthropic.com)"
216.73.216.32 - - [01/Nov/2025:02:23:38 -0700] "GET /?info=382965008 HTTP/2.0" 200 4208 "-" "Mozilla/5.0 AppleWebKit/537.36 (KHTML, like Gecko; compatible; ClaudeBot/1.0; +claudebot@anthropic.com)"
216.73.216.32 - - [01/Nov/2025:02:23:41 -0700] "GET /?info=383468100 HTTP/2.0" 200 4208 "-" "Mozilla/5.0 AppleWebKit/537.36 (KHTML, like Gecko; compatible; ClaudeBot/1.0; +claudebot@anthropic.com)"
66.249.72.8 - - [01/Nov/2025:02:23:41 -0700] "GET /?info=683638172 HTTP/1.1" 200 30573 "-" "Mozilla/5.0 (Linux; Android 6.0.1; Nexus 5X Build/MMB29P) AppleWebKit/537.36 (KHTML, like Gecko) Chrome/141.0.7390.122 Mobile Safari/537.36 (compatible; GoogleOther)"
216.73.216.32 - - [01/Nov/2025:02:23:44 -0700] "GET /?info=382895008 HTTP/2.0" 200 4208 "-" "Mozilla/5.0 AppleWebKit/537.36 (KHTML, like Gecko; compatible; ClaudeBot/1.0; +claudebot@anthropic.com)"
216.73.216.32 - - [01/Nov/2025:02:23:47 -0700] "GET /?info=383453172 HTTP/2.0" 200 4266 "-" "Mozilla/5.0 AppleWebKit/537.36 (KHTML, like Gecko; compatible; ClaudeBot/1.0; +claudebot@anthropic.com)"
66.249.72.8 - - [01/Nov/2025:02:23:48 -0700] "GET /?info=84303944 HTTP/1.1" 200 31422 "-" "Mozilla/5.0 (Linux; Android 6.0.1; Nexus 5X Build/MMB29P) AppleWebKit/537.36 (KHTML, like Gecko) Chrome/141.0.7390.122 Mobile Safari/537.36 (compatible; Googlebot/2.1; +http://www.google.com/bot.html)"
216.73.216.32 - - [01/Nov/2025:02:23:50 -0700] "GET /?info=382855896 HTTP/2.0" 200 4208 "-" "Mozilla/5.0 AppleWebKit/537.36 (KHTML, like Gecko; compatible; ClaudeBot/1.0; +claudebot@anthropic.com)"
66.249.72.8 - - [01/Nov/2025:02:23:50 -0700] "GET /?info=104995348 HTTP/1.1" 200 31654 "-" "Mozilla/5.0 (Linux; Android 6.0.1; Nexus 5X Build/MMB29P) AppleWebKit/537.36 (KHTML, like Gecko) Chrome/141.0.7390.122 Mobile Safari/537.36 (compatible; GoogleOther)"
216.73.216.32 - - [01/Nov/2025:02:23:53 -0700] "GET /?info=383399140 HTTP/2.0" 200 4208 "-" "Mozilla/5.0 AppleWebKit/537.36 (KHTML, like Gecko; compatible; ClaudeBot/1.0; +claudebot@anthropic.com)"
216.73.216.32 - - [01/Nov/2025:02:23:56 -0700] "GET /?info=382875204 HTTP/2.0" 200 4208 "-" "Mozilla/5.0 AppleWebKit/537.36 (KHTML, like Gecko; compatible; ClaudeBot/1.0; +claudebot@anthropic.com)"
216.73.216.32 - - [01/Nov/2025:02:23:59 -0700] "GET /?info=382860796 HTTP/2.0" 200 4208 "-" "Mozilla/5.0 AppleWebKit/537.36 (KHTML, like Gecko; compatible; ClaudeBot/1.0; +claudebot@anthropic.com)"
66.249.72.8 - - [01/Nov/2025:02:24:00 -0700] "GET /?info=689515668 HTTP/1.1" 200 32664 "-" "Mozilla/5.0 (Linux; Android 6.0.1; Nexus 5X Build/MMB29P) AppleWebKit/537.36 (KHTML, like Gecko) Chrome/141.0.7390.122 Mobile Safari/537.36 (compatible; GoogleOther)"
66.249.72.8 - - [01/Nov/2025:02:24:01 -0700] "GET /?info=84355408 HTTP/1.1" 200 31491 "-" "Mozilla/5.0 (Linux; Android 6.0.1; Nexus 5X Build/MMB29P) AppleWebKit/537.36 (KHTML, like Gecko) Chrome/141.0.7390.122 Mobile Safari/537.36 (compatible; Googlebot/2.1; +http://www.google.com/bot.html)"
216.73.216.32 - - [01/Nov/2025:02:24:02 -0700] "GET /?info=383337892 HTTP/2.0" 200 4208 "-" "Mozilla/5.0 AppleWebKit/537.36 (KHTML, like Gecko; compatible; ClaudeBot/1.0; +claudebot@anthropic.com)"
216.73.216.32 - - [01/Nov/2025:02:24:05 -0700] "GET /?info=383314984 HTTP/2.0" 200 4208 "-" "Mozilla/5.0 AppleWebKit/537.36 (KHTML, like Gecko; compatible; ClaudeBot/1.0; +claudebot@anthropic.com)"
216.73.216.32 - - [01/Nov/2025:02:24:08 -0700] "GET /?info=383141536 HTTP/2.0" 200 4208 "-" "Mozilla/5.0 AppleWebKit/537.36 (KHTML, like Gecko; compatible; ClaudeBot/1.0; +claudebot@anthropic.com)"
66.249.72.8 - - [01/Nov/2025:02:24:09 -0700] "GET /?info=93613744 HTTP/1.1" 200 36081 "-" "Mozilla/5.0 (Linux; Android 6.0.1; Nexus 5X Build/MMB29P) AppleWebKit/537.36 (KHTML, like Gecko) Chrome/141.0.7390.122 Mobile Safari/537.36 (compatible; GoogleOther)"
216.73.216.32 - - [01/Nov/2025:02:24:11 -0700] "GET /?info=383443136 HTTP/2.0" 200 4208 "-" "Mozilla/5.0 AppleWebKit/537.36 (KHTML, like Gecko; compatible; ClaudeBot/1.0; +claudebot@anthropic.com)"
216.73.216.32 - - [01/Nov/2025:02:24:14 -0700] "GET /?info=383147712 HTTP/2.0" 200 4208 "-" "Mozilla/5.0 AppleWebKit/537.36 (KHTML, like Gecko; compatible; ClaudeBot/1.0; +claudebot@anthropic.com)"
66.249.72.8 - - [01/Nov/2025:02:24:15 -0700] "GET /?info=84265604 HTTP/1.1" 200 32614 "-" "Mozilla/5.0 (Linux; Android 6.0.1; Nexus 5X Build/MMB29P) AppleWebKit/537.36 (KHTML, like Gecko) Chrome/141.0.7390.122 Mobile Safari/537.36 (compatible; Googlebot/2.1; +http://www.google.com/bot.html)"
216.73.216.32 - - [01/Nov/2025:02:24:17 -0700] "GET /?info=383243708 HTTP/2.0" 200 4208 "-" "Mozilla/5.0 AppleWebKit/537.36 (KHTML, like Gecko; compatible; ClaudeBot/1.0; +claudebot@anthropic.com)"
66.249.72.8 - - [01/Nov/2025:02:24:18 -0700] "GET /?info=96699168 HTTP/1.1" 200 31315 "-" "Mozilla/5.0 (Linux; Android 6.0.1; Nexus 5X Build/MMB29P) AppleWebKit/537.36 (KHTML, like Gecko) Chrome/141.0.7390.122 Mobile Safari/537.36 (compatible; GoogleOther)"
216.73.216.32 - - [01/Nov/2025:02:24:20 -0700] "GET /?info=383240620 HTTP/2.0" 200 4208 "-" "Mozilla/5.0 AppleWebKit/537.36 (KHTML, like Gecko; compatible; ClaudeBot/1.0; +claudebot@anthropic.com)"
114.119.134.196 - - [01/Nov/2025:02:24:21 -0700] "GET /?info=316469560 HTTP/1.1" 200 7794 "https://www.conductingmovements.com/sitemap.xml" "Mozilla/5.0 (Linux; Android 7.0;) AppleWebKit/537.36 (KHTML, like Gecko) Mobile Safari/537.36 (compatible; PetalBot;+https://webmaster.petalsearch.com/site/petalbot)"
66.249.72.8 - - [01/Nov/2025:02:24:21 -0700] "GET /?info=824309956 HTTP/1.1" 200 28869 "-" "Mozilla/5.0 (Linux; Android 6.0.1; Nexus 5X Build/MMB29P) AppleWebKit/537.36 (KHTML, like Gecko) Chrome/141.0.7390.122 Mobile Safari/537.36 (compatible; GoogleOther)"
216.73.216.32 - - [01/Nov/2025:02:24:23 -0700] "GET /?info=383000788 HTTP/2.0" 200 4208 "-" "Mozilla/5.0 AppleWebKit/537.36 (KHTML, like Gecko; compatible; ClaudeBot/1.0; +claudebot@anthropic.com)"
216.73.216.32 - - [01/Nov/2025:02:24:26 -0700] "GET /?info=382859504 HTTP/2.0" 200 4208 "-" "Mozilla/5.0 AppleWebKit/537.36 (KHTML, like Gecko; compatible; ClaudeBot/1.0; +claudebot@anthropic.com)"
66.249.72.8 - - [01/Nov/2025:02:24:27 -0700] "GET /?info=103166472 HTTP/1.1" 200 32510 "-" "Mozilla/5.0 (Linux; Android 6.0.1; Nexus 5X Build/MMB29P) AppleWebKit/537.36 (KHTML, like Gecko) Chrome/141.0.7390.122 Mobile Safari/537.36 (compatible; GoogleOther)"
216.73.216.32 - - [01/Nov/2025:02:24:29 -0700] "GET /?info=383221572 HTTP/2.0" 200 4208 "-" "Mozilla/5.0 AppleWebKit/537.36 (KHTML, like Gecko; compatible; ClaudeBot/1.0; +claudebot@anthropic.com)"
66.249.72.8 - - [01/Nov/2025:02:24:30 -0700] "GET /?info=84431576 HTTP/1.1" 200 31035 "-" "Mozilla/5.0 (Linux; Android 6.0.1; Nexus 5X Build/MMB29P) AppleWebKit/537.36 (KHTML, like Gecko) Chrome/141.0.7390.122 Mobile Safari/537.36 (compatible; Googlebot/2.1; +http://www.google.com/bot.html)"
216.73.216.32 - - [01/Nov/2025:02:24:32 -0700] "GET /?info=383485336 HTTP/2.0" 200 4208 "-" "Mozilla/5.0 AppleWebKit/537.36 (KHTML, like Gecko; compatible; ClaudeBot/1.0; +claudebot@anthropic.com)"
216.73.216.32 - - [01/Nov/2025:02:24:35 -0700] "GET /?info=383313188 HTTP/2.0" 200 4208 "-" "Mozilla/5.0 AppleWebKit/537.36 (KHTML, like Gecko; compatible; ClaudeBot/1.0; +claudebot@anthropic.com)"
66.249.72.8 - - [01/Nov/2025:02:24:36 -0700] "GET /?info=75174532 HTTP/1.1" 200 30729 "-" "Mozilla/5.0 (Linux; Android 6.0.1; Nexus 5X Build/MMB29P) AppleWebKit/537.36 (KHTML, like Gecko) Chrome/141.0.7390.122 Mobile Safari/537.36 (compatible; GoogleOther)"
216.73.216.32 - - [01/Nov/2025:02:24:38 -0700] "GET /?info=383399896 HTTP/2.0" 200 4208 "-" "Mozilla/5.0 AppleWebKit/537.36 (KHTML, like Gecko; compatible; ClaudeBot/1.0; +claudebot@anthropic.com)"
216.73.216.32 - - [01/Nov/2025:02:24:41 -0700] "GET /?info=383421000 HTTP/2.0" 200 4208 "-" "Mozilla/5.0 AppleWebKit/537.36 (KHTML, like Gecko; compatible; ClaudeBot/1.0; +claudebot@anthropic.com)"
66.249.72.8 - - [01/Nov/2025:02:24:43 -0700] "GET /?info=84434664 HTTP/1.1" 200 32399 "-" "Mozilla/5.0 (Linux; Android 6.0.1; Nexus 5X Build/MMB29P) AppleWebKit/537.36 (KHTML, like Gecko) Chrome/141.0.7390.122 Mobile Safari/537.36 (compatible; Googlebot/2.1; +http://www.google.com/bot.html)"
66.249.72.8 - - [01/Nov/2025:02:24:49 -0700] "GET /?info=100082340 HTTP/1.1" 200 30803 "-" "Mozilla/5.0 (Linux; Android 6.0.1; Nexus 5X Build/MMB29P) AppleWebKit/537.36 (KHTML, like Gecko) Chrome/141.0.7390.122 Mobile Safari/537.36 (compatible; GoogleOther)"
216.73.216.32 - - [01/Nov/2025:02:24:52 -0700] "GET /?info=383362840 HTTP/2.0" 200 4266 "-" "Mozilla/5.0 AppleWebKit/537.36 (KHTML, like Gecko; compatible; ClaudeBot/1.0; +claudebot@anthropic.com)"
216.73.216.32 - - [01/Nov/2025:02:24:54 -0700] "GET /?info=383127388 HTTP/2.0" 200 4208 "-" "Mozilla/5.0 AppleWebKit/537.36 (KHTML, like Gecko; compatible; ClaudeBot/1.0; +claudebot@anthropic.com)"
66.249.72.8 - - [01/Nov/2025:02:24:54 -0700] "GET /?info=28174660 HTTP/1.1" 200 31922 "-" "Mozilla/5.0 (Linux; Android 6.0.1; Nexus 5X Build/MMB29P) AppleWebKit/537.36 (KHTML, like Gecko) Chrome/141.0.7390.122 Mobile Safari/537.36 (compatible; GoogleOther)"
66.249.72.8 - - [01/Nov/2025:02:24:56 -0700] "GET /?info=84331736 HTTP/1.1" 200 31208 "-" "Mozilla/5.0 (Linux; Android 6.0.1; Nexus 5X Build/MMB29P) AppleWebKit/537.36 (KHTML, like Gecko) Chrome/141.0.7390.122 Mobile Safari/537.36 (compatible; Googlebot/2.1; +http://www.google.com/bot.html)"
216.73.216.32 - - [01/Nov/2025:02:24:57 -0700] "GET /?info=383215396 HTTP/2.0" 200 4208 "-" "Mozilla/5.0 AppleWebKit/537.36 (KHTML, like Gecko; compatible; ClaudeBot/1.0; +claudebot@anthropic.com)"
216.73.216.32 - - [01/Nov/2025:02:25:00 -0700] "GET /?info=383055340 HTTP/2.0" 200 4208 "-" "Mozilla/5.0 AppleWebKit/537.36 (KHTML, like Gecko; compatible; ClaudeBot/1.0; +claudebot@anthropic.com)"
216.73.216.32 - - [01/Nov/2025:02:25:03 -0700] "GET /?info=383104236 HTTP/2.0" 200 4208 "-" "Mozilla/5.0 AppleWebKit/537.36 (KHTML, like Gecko; compatible; ClaudeBot/1.0; +claudebot@anthropic.com)"
66.249.72.1 - - [01/Nov/2025:02:25:03 -0700] "GET /?info=26216868 HTTP/1.1" 200 31716 "-" "Mozilla/5.0 (Linux; Android 6.0.1; Nexus 5X Build/MMB29P) AppleWebKit/537.36 (KHTML, like Gecko) Chrome/141.0.7390.122 Mobile Safari/537.36 (compatible; GoogleOther)"
216.73.216.32 - - [01/Nov/2025:02:25:06 -0700] "GET /?info=383290272 HTTP/2.0" 200 4208 "-" "Mozilla/5.0 AppleWebKit/537.36 (KHTML, like Gecko; compatible; ClaudeBot/1.0; +claudebot@anthropic.com)"
216.73.216.32 - - [01/Nov/2025:02:25:09 -0700] "GET /?info=383238808 HTTP/2.0" 200 4208 "-" "Mozilla/5.0 AppleWebKit/537.36 (KHTML, like Gecko; compatible; ClaudeBot/1.0; +claudebot@anthropic.com)"
66.249.72.8 - - [01/Nov/2025:02:25:10 -0700] "GET /?info=84367240 HTTP/1.1" 200 32240 "-" "Mozilla/5.0 (Linux; Android 6.0.1; Nexus 5X Build/MMB29P) AppleWebKit/537.36 (KHTML, like Gecko) Chrome/141.0.7390.122 Mobile Safari/537.36 (compatible; Googlebot/2.1; +http://www.google.com/bot.html)"
216.73.216.32 - - [01/Nov/2025:02:25:12 -0700] "GET /?info=383065368 HTTP/2.0" 200 4208 "-" "Mozilla/5.0 AppleWebKit/537.36 (KHTML, like Gecko; compatible; ClaudeBot/1.0; +claudebot@anthropic.com)"
66.249.72.1 - - [01/Nov/2025:02:25:13 -0700] "GET /?info=28494268 HTTP/1.1" 200 30874 "-" "Mozilla/5.0 (Linux; Android 6.0.1; Nexus 5X Build/MMB29P) AppleWebKit/537.36 (KHTML, like Gecko) Chrome/141.0.7390.122 Mobile Safari/537.36 (compatible; GoogleOther)"
216.73.216.32 - - [01/Nov/2025:02:25:15 -0700] "GET /?info=383079532 HTTP/2.0" 200 4208 "-" "Mozilla/5.0 AppleWebKit/537.36 (KHTML, like Gecko; compatible; ClaudeBot/1.0; +claudebot@anthropic.com)"
66.249.72.8 - - [01/Nov/2025:02:25:16 -0700] "GET /?info=116747244 HTTP/1.1" 200 31516 "-" "Mozilla/5.0 (Linux; Android 6.0.1; Nexus 5X Build/MMB29P) AppleWebKit/537.36 (KHTML, like Gecko) Chrome/141.0.7390.122 Mobile Safari/537.36 (compatible; GoogleOther)"
216.73.216.32 - - [01/Nov/2025:02:25:18 -0700] "GET /?info=383006964 HTTP/2.0" 200 4208 "-" "Mozilla/5.0 AppleWebKit/537.36 (KHTML, like Gecko; compatible; ClaudeBot/1.0; +claudebot@anthropic.com)"
216.73.216.32 - - [01/Nov/2025:02:25:21 -0700] "GET /?info=383085188 HTTP/2.0" 200 4208 "-" "Mozilla/5.0 AppleWebKit/537.36 (KHTML, like Gecko; compatible; ClaudeBot/1.0; +claudebot@anthropic.com)"
66.249.72.8 - - [01/Nov/2025:02:25:22 -0700] "GET /?info=115601084 HTTP/1.1" 200 32381 "-" "Mozilla/5.0 (Linux; Android 6.0.1; Nexus 5X Build/MMB29P) AppleWebKit/537.36 (KHTML, like Gecko) Chrome/141.0.7390.122 Mobile Safari/537.36 (compatible; GoogleOther)"
66.249.72.8 - - [01/Nov/2025:02:25:23 -0700] "GET /?info=84422832 HTTP/1.1" 200 31826 "-" "Mozilla/5.0 (Linux; Android 6.0.1; Nexus 5X Build/MMB29P) AppleWebKit/537.36 (KHTML, like Gecko) Chrome/141.0.7390.122 Mobile Safari/537.36 (compatible; Googlebot/2.1; +http://www.google.com/bot.html)"
216.73.216.32 - - [01/Nov/2025:02:25:24 -0700] "GET /?info=382926668 HTTP/2.0" 200 4208 "-" "Mozilla/5.0 AppleWebKit/537.36 (KHTML, like Gecko; compatible; ClaudeBot/1.0; +claudebot@anthropic.com)"
216.73.216.32 - - [01/Nov/2025:02:25:27 -0700] "GET /?info=382882656 HTTP/2.0" 200 4208 "-" "Mozilla/5.0 AppleWebKit/537.36 (KHTML, like Gecko; compatible; ClaudeBot/1.0; +claudebot@anthropic.com)"
216.73.216.32 - - [01/Nov/2025:02:25:30 -0700] "GET /?info=383067180 HTTP/2.0" 200 4208 "-" "Mozilla/5.0 AppleWebKit/537.36 (KHTML, like Gecko; compatible; ClaudeBot/1.0; +claudebot@anthropic.com)"
66.249.72.8 - - [01/Nov/2025:02:25:31 -0700] "GET /?info=100711260 HTTP/1.1" 200 32209 "-" "Mozilla/5.0 (Linux; Android 6.0.1; Nexus 5X Build/MMB29P) AppleWebKit/537.36 (KHTML, like Gecko) Chrome/141.0.7390.122 Mobile Safari/537.36 (compatible; GoogleOther)"
216.73.216.32 - - [01/Nov/2025:02:25:33 -0700] "GET /?info=383138448 HTTP/2.0" 200 4208 "-" "Mozilla/5.0 AppleWebKit/537.36 (KHTML, like Gecko; compatible; ClaudeBot/1.0; +claudebot@anthropic.com)"
66.249.72.8 - - [01/Nov/2025:02:25:34 -0700] "GET /?info=84268692 HTTP/1.1" 200 31427 "-" "Mozilla/5.0 (Linux; Android 6.0.1; Nexus 5X Build/MMB29P) AppleWebKit/537.36 (KHTML, like Gecko) Chrome/141.0.7390.122 Mobile Safari/537.36 (compatible; Googlebot/2.1; +http://www.google.com/bot.html)"
216.73.216.32 - - [01/Nov/2025:02:25:36 -0700] "GET /?info=383422292 HTTP/2.0" 200 4208 "-" "Mozilla/5.0 AppleWebKit/537.36 (KHTML, like Gecko; compatible; ClaudeBot/1.0; +claudebot@anthropic.com)"
216.73.216.32 - - [01/Nov/2025:02:25:39 -0700] "GET /?info=383268656 HTTP/2.0" 200 4208 "-" "Mozilla/5.0 AppleWebKit/537.36 (KHTML, like Gecko; compatible; ClaudeBot/1.0; +claudebot@anthropic.com)"
66.249.72.8 - - [01/Nov/2025:02:25:40 -0700] "GET /?info=687872844 HTTP/1.1" 200 31814 "-" "Mozilla/5.0 (Linux; Android 6.0.1; Nexus 5X Build/MMB29P) AppleWebKit/537.36 (KHTML, like Gecko) Chrome/141.0.7390.122 Mobile Safari/537.36 (compatible; GoogleOther)"
216.73.216.32 - - [01/Nov/2025:02:25:42 -0700] "GET /?info=383199176 HTTP/2.0" 200 4208 "-" "Mozilla/5.0 AppleWebKit/537.36 (KHTML, like Gecko; compatible; ClaudeBot/1.0; +claudebot@anthropic.com)"
216.73.216.32 - - [01/Nov/2025:02:25:45 -0700] "GET /?info=383474276 HTTP/2.0" 200 4208 "-" "Mozilla/5.0 AppleWebKit/537.36 (KHTML, like Gecko; compatible; ClaudeBot/1.0; +claudebot@anthropic.com)"
114.119.134.196 - - [01/Nov/2025:02:25:46 -0700] "GET /?info=316469040 HTTP/1.1" 200 7794 "https://www.conductingmovements.com/sitemap.xml" "Mozilla/5.0 (Linux; Android 7.0;) AppleWebKit/537.36 (KHTML, like Gecko) Mobile Safari/537.36 (compatible; PetalBot;+https://webmaster.petalsearch.com/site/petalbot)"
66.249.72.1 - - [01/Nov/2025:02:25:47 -0700] "GET /?info=84409960 HTTP/1.1" 200 30542 "-" "Mozilla/5.0 (Linux; Android 6.0.1; Nexus 5X Build/MMB29P) AppleWebKit/537.36 (KHTML, like Gecko) Chrome/141.0.7390.122 Mobile Safari/537.36 (compatible; Googlebot/2.1; +http://www.google.com/bot.html)"
216.73.216.32 - - [01/Nov/2025:02:25:48 -0700] "GET /?info=383276644 HTTP/2.0" 200 4208 "-" "Mozilla/5.0 AppleWebKit/537.36 (KHTML, like Gecko; compatible; ClaudeBot/1.0; +claudebot@anthropic.com)"
66.249.72.1 - - [01/Nov/2025:02:25:49 -0700] "GET /?info=682634052 HTTP/1.1" 200 30792 "-" "Mozilla/5.0 (Linux; Android 6.0.1; Nexus 5X Build/MMB29P) AppleWebKit/537.36 (KHTML, like Gecko) Chrome/141.0.7390.122 Mobile Safari/537.36 (compatible; GoogleOther)"
216.73.216.32 - - [01/Nov/2025:02:25:51 -0700] "GET /?info=382891920 HTTP/2.0" 200 4208 "-" "Mozilla/5.0 AppleWebKit/537.36 (KHTML, like Gecko; compatible; ClaudeBot/1.0; +claudebot@anthropic.com)"
216.73.216.32 - - [01/Nov/2025:02:25:54 -0700] "GET /?info=383036812 HTTP/2.0" 200 4208 "-" "Mozilla/5.0 AppleWebKit/537.36 (KHTML, like Gecko; compatible; ClaudeBot/1.0; +claudebot@anthropic.com)"
216.73.216.32 - - [01/Nov/2025:02:25:57 -0700] "GET /?info=383108080 HTTP/2.0" 200 4208 "-" "Mozilla/5.0 AppleWebKit/537.36 (KHTML, like Gecko; compatible; ClaudeBot/1.0; +claudebot@anthropic.com)"
66.249.72.1 - - [01/Nov/2025:02:25:58 -0700] "GET /?info=107260136 HTTP/1.1" 200 30589 "-" "Mozilla/5.0 (Linux; Android 6.0.1; Nexus 5X Build/MMB29P) AppleWebKit/537.36 (KHTML, like Gecko) Chrome/141.0.7390.122 Mobile Safari/537.36 (compatible; GoogleOther)"
216.73.216.32 - - [01/Nov/2025:02:26:00 -0700] "GET /?info=383361564 HTTP/2.0" 200 4208 "-" "Mozilla/5.0 AppleWebKit/537.36 (KHTML, like Gecko; compatible; ClaudeBot/1.0; +claudebot@anthropic.com)"
66.249.72.8 - - [01/Nov/2025:02:26:01 -0700] "GET /?info=84337912 HTTP/1.1" 200 31328 "-" "Mozilla/5.0 (Linux; Android 6.0.1; Nexus 5X Build/MMB29P) AppleWebKit/537.36 (KHTML, like Gecko) Chrome/141.0.7390.122 Mobile Safari/537.36 (compatible; Googlebot/2.1; +http://www.google.com/bot.html)"
216.73.216.32 - - [01/Nov/2025:02:26:03 -0700] "GET /?info=383483540 HTTP/2.0" 200 4208 "-" "Mozilla/5.0 AppleWebKit/537.36 (KHTML, like Gecko; compatible; ClaudeBot/1.0; +claudebot@anthropic.com)"
216.73.216.32 - - [01/Nov/2025:02:26:06 -0700] "GET /?info=382992280 HTTP/2.0" 200 4208 "-" "Mozilla/5.0 AppleWebKit/537.36 (KHTML, like Gecko; compatible; ClaudeBot/1.0; +claudebot@anthropic.com)"
66.249.72.8 - - [01/Nov/2025:02:26:08 -0700] "GET /?info=75229604 HTTP/1.1" 200 31528 "-" "Mozilla/5.0 (Linux; Android 6.0.1; Nexus 5X Build/MMB29P) AppleWebKit/537.36 (KHTML, like Gecko) Chrome/141.0.7390.122 Mobile Safari/537.36 (compatible; GoogleOther)"
216.73.216.32 - - [01/Nov/2025:02:26:09 -0700] "GET /?info=383197900 HTTP/2.0" 200 4208 "-" "Mozilla/5.0 AppleWebKit/537.36 (KHTML, like Gecko; compatible; ClaudeBot/1.0; +claudebot@anthropic.com)"
66.249.72.8 - - [01/Nov/2025:02:26:11 -0700] "GET /?info=685250352 HTTP/1.1" 200 27790 "-" "Mozilla/5.0 (Linux; Android 6.0.1; Nexus 5X Build/MMB29P) AppleWebKit/537.36 (KHTML, like Gecko) Chrome/141.0.7390.122 Mobile Safari/537.36 (compatible; GoogleOther)"
216.73.216.32 - - [01/Nov/2025:02:26:12 -0700] "GET /?info=382985348 HTTP/2.0" 200 4208 "-" "Mozilla/5.0 AppleWebKit/537.36 (KHTML, like Gecko; compatible; ClaudeBot/1.0; +claudebot@anthropic.com)"
216.73.216.32 - - [01/Nov/2025:02:26:15 -0700] "GET /?info=382981740 HTTP/2.0" 200 4208 "-" "Mozilla/5.0 AppleWebKit/537.36 (KHTML, like Gecko; compatible; ClaudeBot/1.0; +claudebot@anthropic.com)"
66.249.72.8 - - [01/Nov/2025:02:26:16 -0700] "GET /?info=84278476 HTTP/1.1" 200 31288 "-" "Mozilla/5.0 (Linux; Android 6.0.1; Nexus 5X Build/MMB29P) AppleWebKit/537.36 (KHTML, like Gecko) Chrome/141.0.7390.122 Mobile Safari/537.36 (compatible; Googlebot/2.1; +http://www.google.com/bot.html)"
66.249.72.8 - - [01/Nov/2025:02:26:17 -0700] "GET /?info=683394732 HTTP/1.1" 200 32918 "-" "Mozilla/5.0 (Linux; Android 6.0.1; Nexus 5X Build/MMB29P) AppleWebKit/537.36 (KHTML, like Gecko) Chrome/141.0.7390.122 Mobile Safari/537.36 (compatible; GoogleOther)"
216.73.216.32 - - [01/Nov/2025:02:26:18 -0700] "GET /?info=383184256 HTTP/2.0" 200 4266 "-" "Mozilla/5.0 AppleWebKit/537.36 (KHTML, like Gecko; compatible; ClaudeBot/1.0; +claudebot@anthropic.com)"
216.73.216.32 - - [01/Nov/2025:02:26:21 -0700] "GET /?info=383515704 HTTP/2.0" 200 4208 "-" "Mozilla/5.0 AppleWebKit/537.36 (KHTML, like Gecko; compatible; ClaudeBot/1.0; +claudebot@anthropic.com)"
216.73.216.32 - - [01/Nov/2025:02:26:24 -0700] "GET /?info=383011588 HTTP/2.0" 200 4208 "-" "Mozilla/5.0 AppleWebKit/537.36 (KHTML, like Gecko; compatible; ClaudeBot/1.0; +claudebot@anthropic.com)"
66.249.72.8 - - [01/Nov/2025:02:26:26 -0700] "GET /?info=689386216 HTTP/1.1" 200 31519 "-" "Mozilla/5.0 (Linux; Android 6.0.1; Nexus 5X Build/MMB29P) AppleWebKit/537.36 (KHTML, like Gecko) Chrome/141.0.7390.122 Mobile Safari/537.36 (compatible; GoogleOther)"
216.73.216.32 - - [01/Nov/2025:02:26:27 -0700] "GET /?info=383275352 HTTP/2.0" 200 4208 "-" "Mozilla/5.0 AppleWebKit/537.36 (KHTML, like Gecko; compatible; ClaudeBot/1.0; +claudebot@anthropic.com)"
66.249.72.8 - - [01/Nov/2025:02:26:29 -0700] "GET /?info=84345624 HTTP/1.1" 200 32556 "-" "Mozilla/5.0 (Linux; Android 6.0.1; Nexus 5X Build/MMB29P) AppleWebKit/537.36 (KHTML, like Gecko) Chrome/141.0.7390.122 Mobile Safari/537.36 (compatible; Googlebot/2.1; +http://www.google.com/bot.html)"
216.73.216.32 - - [01/Nov/2025:02:26:30 -0700] "GET /?info=382881380 HTTP/2.0" 200 4208 "-" "Mozilla/5.0 AppleWebKit/537.36 (KHTML, like Gecko; compatible; ClaudeBot/1.0; +claudebot@anthropic.com)"
216.73.216.32 - - [01/Nov/2025:02:26:33 -0700] "GET /?info=383402228 HTTP/2.0" 200 4208 "-" "Mozilla/5.0 AppleWebKit/537.36 (KHTML, like Gecko; compatible; ClaudeBot/1.0; +claudebot@anthropic.com)"
66.249.72.8 - - [01/Nov/2025:02:26:35 -0700] "GET /?info=22972404 HTTP/1.1" 200 33372 "-" "Mozilla/5.0 (Linux; Android 6.0.1; Nexus 5X Build/MMB29P) AppleWebKit/537.36 (KHTML, like Gecko) Chrome/141.0.7390.122 Mobile Safari/537.36 (compatible; GoogleOther)"
216.73.216.32 - - [01/Nov/2025:02:26:36 -0700] "GET /?info=383195332 HTTP/2.0" 200 4208 "-" "Mozilla/5.0 AppleWebKit/537.36 (KHTML, like Gecko; compatible; ClaudeBot/1.0; +claudebot@anthropic.com)"
216.73.216.32 - - [01/Nov/2025:02:26:39 -0700] "GET /?info=383219004 HTTP/2.0" 200 4208 "-" "Mozilla/5.0 AppleWebKit/537.36 (KHTML, like Gecko; compatible; ClaudeBot/1.0; +claudebot@anthropic.com)"
216.73.216.32 - - [01/Nov/2025:02:26:42 -0700] "GET /?info=383391152 HTTP/2.0" 200 4208 "-" "Mozilla/5.0 AppleWebKit/537.36 (KHTML, like Gecko; compatible; ClaudeBot/1.0; +claudebot@anthropic.com)"
66.249.72.8 - - [01/Nov/2025:02:26:42 -0700] "GET /?info=84267400 HTTP/1.1" 200 30847 "-" "Mozilla/5.0 (Linux; Android 6.0.1; Nexus 5X Build/MMB29P) AppleWebKit/537.36 (KHTML, like Gecko) Chrome/141.0.7390.122 Mobile Safari/537.36 (compatible; Googlebot/2.1; +http://www.google.com/bot.html)"
66.249.72.8 - - [01/Nov/2025:02:26:43 -0700] "GET /?info=76439068 HTTP/1.1" 200 27634 "-" "Mozilla/5.0 (Linux; Android 6.0.1; Nexus 5X Build/MMB29P) AppleWebKit/537.36 (KHTML, like Gecko) Chrome/141.0.7390.122 Mobile Safari/537.36 (compatible; Googlebot/2.1; +http://www.google.com/bot.html)"
66.249.72.8 - - [01/Nov/2025:02:26:44 -0700] "GET /?info=688101876 HTTP/1.1" 200 34218 "-" "Mozilla/5.0 (Linux; Android 6.0.1; Nexus 5X Build/MMB29P) AppleWebKit/537.36 (KHTML, like Gecko) Chrome/141.0.7390.122 Mobile Safari/537.36 (compatible; GoogleOther)"
216.73.216.32 - - [01/Nov/2025:02:26:45 -0700] "GET /?info=383251160 HTTP/2.0" 200 4208 "-" "Mozilla/5.0 AppleWebKit/537.36 (KHTML, like Gecko; compatible; ClaudeBot/1.0; +claudebot@anthropic.com)"
216.73.216.32 - - [01/Nov/2025:02:26:48 -0700] "GET /?info=383299536 HTTP/2.0" 200 4208 "-" "Mozilla/5.0 AppleWebKit/537.36 (KHTML, like Gecko; compatible; ClaudeBot/1.0; +claudebot@anthropic.com)"
216.73.216.32 - - [01/Nov/2025:02:26:51 -0700] "GET /?info=383106804 HTTP/2.0" 200 4208 "-" "Mozilla/5.0 AppleWebKit/537.36 (KHTML, like Gecko; compatible; ClaudeBot/1.0; +claudebot@anthropic.com)"
66.249.72.1 - - [01/Nov/2025:02:26:53 -0700] "GET /?info=31986016 HTTP/1.1" 200 31250 "-" "Mozilla/5.0 (Linux; Android 6.0.1; Nexus 5X Build/MMB29P) AppleWebKit/537.36 (KHTML, like Gecko) Chrome/141.0.7390.122 Mobile Safari/537.36 (compatible; GoogleOther)"
216.73.216.32 - - [01/Nov/2025:02:26:54 -0700] "GET /?info=383168296 HTTP/2.0" 200 4208 "-" "Mozilla/5.0 AppleWebKit/537.36 (KHTML, like Gecko; compatible; ClaudeBot/1.0; +claudebot@anthropic.com)"
66.249.72.8 - - [01/Nov/2025:02:26:56 -0700] "GET /?info=84382680 HTTP/1.1" 200 32367 "-" "Mozilla/5.0 (Linux; Android 6.0.1; Nexus 5X Build/MMB29P) AppleWebKit/537.36 (KHTML, like Gecko) Chrome/141.0.7390.122 Mobile Safari/537.36 (compatible; Googlebot/2.1; +http://www.google.com/bot.html)"
216.73.216.32 - - [01/Nov/2025:02:26:57 -0700] "GET /?info=383466808 HTTP/2.0" 200 4208 "-" "Mozilla/5.0 AppleWebKit/537.36 (KHTML, like Gecko; compatible; ClaudeBot/1.0; +claudebot@anthropic.com)"
216.73.216.32 - - [01/Nov/2025:02:27:00 -0700] "GET /?info=383285908 HTTP/2.0" 200 4208 "-" "Mozilla/5.0 AppleWebKit/537.36 (KHTML, like Gecko; compatible; ClaudeBot/1.0; +claudebot@anthropic.com)"
66.249.72.2 - - [01/Nov/2025:02:27:02 -0700] "GET /?info=44096120 HTTP/1.1" 200 32288 "-" "Mozilla/5.0 (Linux; Android 6.0.1; Nexus 5X Build/MMB29P) AppleWebKit/537.36 (KHTML, like Gecko) Chrome/141.0.7390.122 Mobile Safari/537.36 (compatible; GoogleOther)"
216.73.216.32 - - [01/Nov/2025:02:27:03 -0700] "GET /?info=382922808 HTTP/2.0" 200 4208 "-" "Mozilla/5.0 AppleWebKit/537.36 (KHTML, like Gecko; compatible; ClaudeBot/1.0; +claudebot@anthropic.com)"
66.249.72.2 - - [01/Nov/2025:02:27:06 -0700] "GET /?info=703090508 HTTP/1.1" 200 29544 "-" "Mozilla/5.0 (Linux; Android 6.0.1; Nexus 5X Build/MMB29P) AppleWebKit/537.36 (KHTML, like Gecko) Chrome/141.0.7390.122 Mobile Safari/537.36 (compatible; GoogleOther)"
216.73.216.32 - - [01/Nov/2025:02:27:06 -0700] "GET /?info=383129704 HTTP/2.0" 200 4208 "-" "Mozilla/5.0 AppleWebKit/537.36 (KHTML, like Gecko; compatible; ClaudeBot/1.0; +claudebot@anthropic.com)"
114.119.145.8 - - [01/Nov/2025:02:27:09 -0700] "GET /?info=316468284 HTTP/1.1" 200 7794 "https://www.conductingmovements.com/sitemap.xml" "Mozilla/5.0 (Linux; Android 7.0;) AppleWebKit/537.36 (KHTML, like Gecko) Mobile Safari/537.36 (compatible; PetalBot;+https://webmaster.petalsearch.com/site/petalbot)"
216.73.216.32 - - [01/Nov/2025:02:27:09 -0700] "GET /?info=383278440 HTTP/2.0" 200 4208 "-" "Mozilla/5.0 AppleWebKit/537.36 (KHTML, like Gecko; compatible; ClaudeBot/1.0; +claudebot@anthropic.com)"
66.249.72.1 - - [01/Nov/2025:02:27:10 -0700] "GET /?info=84403784 HTTP/1.1" 200 31769 "-" "Mozilla/5.0 (Linux; Android 6.0.1; Nexus 5X Build/MMB29P) AppleWebKit/537.36 (KHTML, like Gecko) Chrome/141.0.7390.122 Mobile Safari/537.36 (compatible; Googlebot/2.1; +http://www.google.com/bot.html)"
66.249.72.8 - - [01/Nov/2025:02:27:10 -0700] "GET /?info=88528588 HTTP/1.1" 200 31670 "-" "Mozilla/5.0 (Linux; Android 6.0.1; Nexus 5X Build/MMB29P) AppleWebKit/537.36 (KHTML, like Gecko) Chrome/141.0.7390.122 Mobile Safari/537.36 (compatible; Googlebot/2.1; +http://www.google.com/bot.html)"
66.249.72.1 - - [01/Nov/2025:02:27:11 -0700] "GET /?info=672805712 HTTP/1.1" 200 31127 "-" "Mozilla/5.0 (Linux; Android 6.0.1; Nexus 5X Build/MMB29P) AppleWebKit/537.36 (KHTML, like Gecko) Chrome/141.0.7390.122 Mobile Safari/537.36 (compatible; GoogleOther)"
66.249.72.8 - - [01/Nov/2025:02:27:14 -0700] "GET /?info=60526856 HTTP/1.1" 200 27579 "-" "Mozilla/5.0 (Linux; Android 6.0.1; Nexus 5X Build/MMB29P) AppleWebKit/537.36 (KHTML, like Gecko) Chrome/141.0.7390.122 Mobile Safari/537.36 (compatible; Googlebot/2.1; +http://www.google.com/bot.html)"
66.249.72.8 - - [01/Nov/2025:02:27:21 -0700] "GET /?info=33615448 HTTP/1.1" 200 30869 "-" "Mozilla/5.0 (Linux; Android 6.0.1; Nexus 5X Build/MMB29P) AppleWebKit/537.36 (KHTML, like Gecko) Chrome/141.0.7390.122 Mobile Safari/537.36 (compatible; GoogleOther)"
66.249.72.8 - - [01/Nov/2025:02:27:23 -0700] "GET /?info=84380112 HTTP/1.1" 200 30935 "-" "Mozilla/5.0 (Linux; Android 6.0.1; Nexus 5X Build/MMB29P) AppleWebKit/537.36 (KHTML, like Gecko) Chrome/141.0.7390.122 Mobile Safari/537.36 (compatible; Googlebot/2.1; +http://www.google.com/bot.html)"
44.207.252.58 - - [01/Nov/2025:02:27:24 -0700] "GET /contact/?path=//bin HTTP/1.1" 200 100916 "-" "Mozilla/5.0 AppleWebKit/537.36 (KHTML, like Gecko; compatible; Amazonbot/0.1; +https://developer.amazon.com/support/amazonbot) Chrome/119.0.6045.214 Safari/537.36"
216.73.216.32 - - [01/Nov/2025:02:27:26 -0700] "GET /?info=383241896 HTTP/2.0" 200 4266 "-" "Mozilla/5.0 AppleWebKit/537.36 (KHTML, like Gecko; compatible; ClaudeBot/1.0; +claudebot@anthropic.com)"
52.73.142.41 - - [01/Nov/2025:02:27:26 -0700] "GET /expert-knowledge/?path=//media HTTP/1.1" 200 6004 "-" "Mozilla/5.0 AppleWebKit/537.36 (KHTML, like Gecko; compatible; Amazonbot/0.1; +https://developer.amazon.com/support/amazonbot) Chrome/119.0.6045.214 Safari/537.36"
216.73.216.32 - - [01/Nov/2025:02:27:29 -0700] "GET /?info=383416636 HTTP/2.0" 200 4208 "-" "Mozilla/5.0 AppleWebKit/537.36 (KHTML, like Gecko; compatible; ClaudeBot/1.0; +claudebot@anthropic.com)"
66.249.72.8 - - [01/Nov/2025:02:27:30 -0700] "GET /?info=37302268 HTTP/1.1" 200 31093 "-" "Mozilla/5.0 (Linux; Android 6.0.1; Nexus 5X Build/MMB29P) AppleWebKit/537.36 (KHTML, like Gecko) Chrome/141.0.7390.122 Mobile Safari/537.36 (compatible; GoogleOther)"
216.73.216.32 - - [01/Nov/2025:02:27:32 -0700] "GET /?info=382851532 HTTP/2.0" 200 4208 "-" "Mozilla/5.0 AppleWebKit/537.36 (KHTML, like Gecko; compatible; ClaudeBot/1.0; +claudebot@anthropic.com)"
66.249.72.8 - - [01/Nov/2025:02:27:32 -0700] "GET /?info=84384492 HTTP/1.1" 200 35139 "-" "Mozilla/5.0 (Linux; Android 6.0.1; Nexus 5X Build/MMB29P) AppleWebKit/537.36 (KHTML, like Gecko) Chrome/141.0.7390.122 Mobile Safari/537.36 (compatible; Googlebot/2.1; +http://www.google.com/bot.html)"
52.7.13.143 - - [01/Nov/2025:02:27:32 -0700] "GET /contact/?path=//libx32 HTTP/1.1" 200 6006 "-" "Mozilla/5.0 AppleWebKit/537.36 (KHTML, like Gecko; compatible; Amazonbot/0.1; +https://developer.amazon.com/support/amazonbot) Chrome/119.0.6045.214 Safari/537.36"
216.73.216.32 - - [01/Nov/2025:02:27:35 -0700] "GET /?info=383330424 HTTP/2.0" 200 4208 "-" "Mozilla/5.0 AppleWebKit/537.36 (KHTML, like Gecko; compatible; ClaudeBot/1.0; +claudebot@anthropic.com)"
184.73.195.18 - - [01/Nov/2025:02:27:35 -0700] "GET /choreographs/?fileloc=//error.log&path=/ HTTP/1.1" 200 5956 "-" "Mozilla/5.0 AppleWebKit/537.36 (KHTML, like Gecko; compatible; Amazonbot/0.1; +https://developer.amazon.com/support/amazonbot) Chrome/119.0.6045.214 Safari/537.36"
216.73.216.32 - - [01/Nov/2025:02:27:38 -0700] "GET /?info=383507732 HTTP/2.0" 200 4208 "-" "Mozilla/5.0 AppleWebKit/537.36 (KHTML, like Gecko; compatible; ClaudeBot/1.0; +claudebot@anthropic.com)"
23.23.103.31 - - [01/Nov/2025:02:27:38 -0700] "GET /choreographs/?path=/home/burgaska/conductingmovements.com/wp-includes/images HTTP/1.1" 200 7593 "-" "Mozilla/5.0 AppleWebKit/537.36 (KHTML, like Gecko; compatible; Amazonbot/0.1; +https://developer.amazon.com/support/amazonbot) Chrome/119.0.6045.214 Safari/537.36"
66.249.72.8 - - [01/Nov/2025:02:27:39 -0700] "GET /?info=674176028 HTTP/1.1" 200 33544 "-" "Mozilla/5.0 (Linux; Android 6.0.1; Nexus 5X Build/MMB29P) AppleWebKit/537.36 (KHTML, like Gecko) Chrome/141.0.7390.122 Mobile Safari/537.36 (compatible; GoogleOther)"
216.73.216.32 - - [01/Nov/2025:02:27:41 -0700] "GET /?info=383509008 HTTP/2.0" 200 4208 "-" "Mozilla/5.0 AppleWebKit/537.36 (KHTML, like Gecko; compatible; ClaudeBot/1.0; +claudebot@anthropic.com)"
66.249.72.8 - - [01/Nov/2025:02:27:42 -0700] "GET /?info=84447796 HTTP/1.1" 200 31548 "-" "Mozilla/5.0 (Linux; Android 6.0.1; Nexus 5X Build/MMB29P) AppleWebKit/537.36 (KHTML, like Gecko) Chrome/141.0.7390.122 Mobile Safari/537.36 (compatible; Googlebot/2.1; +http://www.google.com/bot.html)"
3.93.253.174 - - [01/Nov/2025:02:27:44 -0700] "GET /choreographs/?path=/home/burgaska/conductingmovements.com/wp-admin/network HTTP/1.1" 200 7669 "-" "Mozilla/5.0 AppleWebKit/537.36 (KHTML, like Gecko; compatible; Amazonbot/0.1; +https://developer.amazon.com/support/amazonbot) Chrome/119.0.6045.214 Safari/537.36"
216.73.216.32 - - [01/Nov/2025:02:27:47 -0700] "GET /?info=383149004 HTTP/2.0" 200 4266 "-" "Mozilla/5.0 AppleWebKit/537.36 (KHTML, like Gecko; compatible; ClaudeBot/1.0; +claudebot@anthropic.com)"
66.249.72.1 - - [01/Nov/2025:02:27:48 -0700] "GET /?info=121119340 HTTP/1.1" 200 32021 "-" "Mozilla/5.0 (Linux; Android 6.0.1; Nexus 5X Build/MMB29P) AppleWebKit/537.36 (KHTML, like Gecko) Chrome/141.0.7390.122 Mobile Safari/537.36 (compatible; GoogleOther)"
216.73.216.32 - - [01/Nov/2025:02:27:49 -0700] "GET /?info=382844064 HTTP/2.0" 200 4208 "-" "Mozilla/5.0 AppleWebKit/537.36 (KHTML, like Gecko; compatible; ClaudeBot/1.0; +claudebot@anthropic.com)"
52.200.93.170 - - [01/Nov/2025:02:27:48 -0700] "GET /contact/?path=/home/burgaska/kimburgasdesign.com_DISABLED_BY_DREAMHOST-JN HTTP/1.1" 200 7919 "-" "Mozilla/5.0 AppleWebKit/537.36 (KHTML, like Gecko; compatible; Amazonbot/0.1; +https://developer.amazon.com/support/amazonbot) Chrome/119.0.6045.214 Safari/537.36"
52.200.58.199 - - [01/Nov/2025:02:27:50 -0700] "GET /?path=/home/burgaska/conductingmovements.com/wp-includes/IXR HTTP/1.1" 200 6885 "-" "Mozilla/5.0 AppleWebKit/537.36 (KHTML, like Gecko; compatible; Amazonbot/0.1; +https://developer.amazon.com/support/amazonbot) Chrome/119.0.6045.214 Safari/537.36"
216.73.216.32 - - [01/Nov/2025:02:27:52 -0700] "GET /?info=382959864 HTTP/2.0" 200 4208 "-" "Mozilla/5.0 AppleWebKit/537.36 (KHTML, like Gecko; compatible; ClaudeBot/1.0; +claudebot@anthropic.com)"
18.205.91.101 - - [01/Nov/2025:02:27:54 -0700] "GET /choreographs/?path=/home/burgaska/conductingmovements.com/wp-content/upgrade HTTP/1.1" 200 6048 "-" "Mozilla/5.0 AppleWebKit/537.36 (KHTML, like Gecko; compatible; Amazonbot/0.1; +https://developer.amazon.com/support/amazonbot) Chrome/119.0.6045.214 Safari/537.36"
216.73.216.32 - - [01/Nov/2025:02:27:55 -0700] "GET /?info=383433872 HTTP/2.0" 200 4208 "-" "Mozilla/5.0 AppleWebKit/537.36 (KHTML, like Gecko; compatible; ClaudeBot/1.0; +claudebot@anthropic.com)"
66.249.72.8 - - [01/Nov/2025:02:27:54 -0700] "GET /?info=84348712 HTTP/1.1" 200 31258 "-" "Mozilla/5.0 (Linux; Android 6.0.1; Nexus 5X Build/MMB29P) AppleWebKit/537.36 (KHTML, like Gecko) Chrome/141.0.7390.122 Mobile Safari/537.36 (compatible; Googlebot/2.1; +http://www.google.com/bot.html)"
66.249.72.8 - - [01/Nov/2025:02:27:57 -0700] "GET /?info=27054480 HTTP/1.1" 200 30656 "-" "Mozilla/5.0 (Linux; Android 6.0.1; Nexus 5X Build/MMB29P) AppleWebKit/537.36 (KHTML, like Gecko) Chrome/141.0.7390.122 Mobile Safari/537.36 (compatible; GoogleOther)"
216.73.216.32 - - [01/Nov/2025:02:27:58 -0700] "GET /?info=382975564 HTTP/2.0" 200 4208 "-" "Mozilla/5.0 AppleWebKit/537.36 (KHTML, like Gecko; compatible; ClaudeBot/1.0; +claudebot@anthropic.com)"
18.214.138.148 - - [01/Nov/2025:02:28:00 -0700] "GET /?fileloc=/home/burgaska/radio.php&path=/home/burgaska HTTP/1.1" 200 6219 "-" "Mozilla/5.0 AppleWebKit/537.36 (KHTML, like Gecko; compatible; Amazonbot/0.1; +https://developer.amazon.com/support/amazonbot) Chrome/119.0.6045.214 Safari/537.36"
66.249.72.2 - - [01/Nov/2025:02:28:01 -0700] "GET /?info=697797164 HTTP/1.1" 200 33636 "-" "Mozilla/5.0 (Linux; Android 6.0.1; Nexus 5X Build/MMB29P) AppleWebKit/537.36 (KHTML, like Gecko) Chrome/141.0.7390.122 Mobile Safari/537.36 (compatible; GoogleOther)"
216.73.216.32 - - [01/Nov/2025:02:28:01 -0700] "GET /?info=383373916 HTTP/2.0" 200 4208 "-" "Mozilla/5.0 AppleWebKit/537.36 (KHTML, like Gecko; compatible; ClaudeBot/1.0; +claudebot@anthropic.com)"
216.73.216.32 - - [01/Nov/2025:02:28:04 -0700] "GET /?info=383220280 HTTP/2.0" 200 4208 "-" "Mozilla/5.0 AppleWebKit/537.36 (KHTML, like Gecko; compatible; ClaudeBot/1.0; +claudebot@anthropic.com)"
66.249.72.1 - - [01/Nov/2025:02:28:04 -0700] "GET /?info=84437752 HTTP/1.1" 200 31153 "-" "Mozilla/5.0 (Linux; Android 6.0.1; Nexus 5X Build/MMB29P) AppleWebKit/537.36 (KHTML, like Gecko) Chrome/141.0.7390.122 Mobile Safari/537.36 (compatible; Googlebot/2.1; +http://www.google.com/bot.html)"
44.214.19.8 - - [01/Nov/2025:02:28:04 -0700] "GET /choreographs/?fileloc=/home/burgaska/conductingmovements.com/wp-includes/class-wp-theme-json.php&path=/home/burgaska/conductingmovements.com/wp-includes HTTP/1.1" 200 36803 "-" "Mozilla/5.0 AppleWebKit/537.36 (KHTML, like Gecko; compatible; Amazonbot/0.1; +https://developer.amazon.com/support/amazonbot) Chrome/119.0.6045.214 Safari/537.36"
66.249.72.1 - - [01/Nov/2025:02:28:06 -0700] "GET /?info=113191664 HTTP/1.1" 200 30805 "-" "Mozilla/5.0 (Linux; Android 6.0.1; Nexus 5X Build/MMB29P) AppleWebKit/537.36 (KHTML, like Gecko) Chrome/141.0.7390.122 Mobile Safari/537.36 (compatible; GoogleOther)"
216.73.216.32 - - [01/Nov/2025:02:28:07 -0700] "GET /?info=383372624 HTTP/2.0" 200 4208 "-" "Mozilla/5.0 AppleWebKit/537.36 (KHTML, like Gecko; compatible; ClaudeBot/1.0; +claudebot@anthropic.com)"
23.23.103.31 - - [01/Nov/2025:02:28:09 -0700] "GET /choreographs/?fileloc=/home/burgaska/conductingmovements.com/wp-includes/default-constants.php&path=/home/burgaska/conductingmovements.com/wp-includes HTTP/1.1" 200 9010 "-" "Mozilla/5.0 AppleWebKit/537.36 (KHTML, like Gecko; compatible; Amazonbot/0.1; +https://developer.amazon.com/support/amazonbot) Chrome/119.0.6045.214 Safari/537.36"
216.73.216.32 - - [01/Nov/2025:02:28:10 -0700] "GET /?info=383204076 HTTP/2.0" 200 4208 "-" "Mozilla/5.0 AppleWebKit/537.36 (KHTML, like Gecko; compatible; ClaudeBot/1.0; +claudebot@anthropic.com)"
