66.249.72.8 - - [01/Nov/2025:03:43:03 -0700] "GET /?info=670515196 HTTP/1.1" 200 32022 "-" "Mozilla/5.0 (Linux; Android 6.0.1; Nexus 5X Build/MMB29P) AppleWebKit/537.36 (KHTML, like Gecko) Chrome/141.0.7390.122 Mobile Safari/537.36 (compatible; GoogleOther)"
216.73.216.32 - - [01/Nov/2025:03:43:05 -0700] "GET /movement-activities?path=%2Fhome%2Fburgaska%2Fconductingmovements.com%2Fwp-content%2Fplugins%2Fultimate-addons-for-gutenberg%2Ftemplates HTTP/2.0" 200 2997 "-" "Mozilla/5.0 AppleWebKit/537.36 (KHTML, like Gecko; compatible; ClaudeBot/1.0; +claudebot@anthropic.com)"
66.249.72.1 - - [01/Nov/2025:03:43:06 -0700] "GET /?info=695403184 HTTP/1.1" 200 31611 "-" "Mozilla/5.0 (Linux; Android 6.0.1; Nexus 5X Build/MMB29P) AppleWebKit/537.36 (KHTML, like Gecko) Chrome/141.0.7390.122 Mobile Safari/537.36 (compatible; GoogleOther)"
216.73.216.32 - - [01/Nov/2025:03:43:08 -0700] "GET /movement-activities?fileloc=%2Fhome%2Fburgaska%2Fconductingmovements.com%2Fwp-content%2Fplugins%2F22nn3398%2F.htaccess&path=%2Fhome%2Fburgaska%2Fconductingmovements.com%2Fwp-content%2Fplugins%2F22nn3398 HTTP/2.0" 200 2723 "-" "Mozilla/5.0 AppleWebKit/537.36 (KHTML, like Gecko; compatible; ClaudeBot/1.0; +claudebot@anthropic.com)"
66.249.72.1 - - [01/Nov/2025:03:43:09 -0700] "GET /?info=60125928 HTTP/1.1" 200 31888 "-" "Mozilla/5.0 (Linux; Android 6.0.1; Nexus 5X Build/MMB29P) AppleWebKit/537.36 (KHTML, like Gecko) Chrome/141.0.7390.122 Mobile Safari/537.36 (compatible; Googlebot/2.1; +http://www.google.com/bot.html)"
66.249.72.8 - - [01/Nov/2025:03:43:12 -0700] "GET /?info=107023652 HTTP/1.1" 200 32829 "-" "Mozilla/5.0 (Linux; Android 6.0.1; Nexus 5X Build/MMB29P) AppleWebKit/537.36 (KHTML, like Gecko) Chrome/141.0.7390.122 Mobile Safari/537.36 (compatible; GoogleOther)"
66.249.72.8 - - [01/Nov/2025:03:43:22 -0700] "GET /?info=108291788 HTTP/1.1" 200 31353 "-" "Mozilla/5.0 (Linux; Android 6.0.1; Nexus 5X Build/MMB29P) AppleWebKit/537.36 (KHTML, like Gecko) Chrome/141.0.7390.122 Mobile Safari/537.36 (compatible; GoogleOther)"
66.249.72.8 - - [01/Nov/2025:03:43:22 -0700] "GET /?info=60052848 HTTP/1.1" 200 31100 "-" "Mozilla/5.0 (Linux; Android 6.0.1; Nexus 5X Build/MMB29P) AppleWebKit/537.36 (KHTML, like Gecko) Chrome/141.0.7390.122 Mobile Safari/537.36 (compatible; Googlebot/2.1; +http://www.google.com/bot.html)"
66.249.72.8 - - [01/Nov/2025:03:43:25 -0700] "GET /?info=107396520 HTTP/1.1" 200 27483 "-" "Mozilla/5.0 (Linux; Android 6.0.1; Nexus 5X Build/MMB29P) AppleWebKit/537.36 (KHTML, like Gecko) Chrome/141.0.7390.122 Mobile Safari/537.36 (compatible; GoogleOther)"
66.249.72.8 - - [01/Nov/2025:03:43:29 -0700] "GET /?info=710436868 HTTP/1.1" 200 32416 "-" "Mozilla/5.0 (Linux; Android 6.0.1; Nexus 5X Build/MMB29P) AppleWebKit/537.36 (KHTML, like Gecko) Chrome/141.0.7390.122 Mobile Safari/537.36 (compatible; Googlebot/2.1; +http://www.google.com/bot.html)"
66.249.72.8 - - [01/Nov/2025:03:43:30 -0700] "GET /?info=60070856 HTTP/1.1" 200 31233 "-" "Mozilla/5.0 (Linux; Android 6.0.1; Nexus 5X Build/MMB29P) AppleWebKit/537.36 (KHTML, like Gecko) Chrome/141.0.7390.122 Mobile Safari/537.36 (compatible; Googlebot/2.1; +http://www.google.com/bot.html)"
66.249.72.8 - - [01/Nov/2025:03:43:31 -0700] "GET /?info=84941608 HTTP/1.1" 200 30047 "-" "Mozilla/5.0 (Linux; Android 6.0.1; Nexus 5X Build/MMB29P) AppleWebKit/537.36 (KHTML, like Gecko) Chrome/141.0.7390.122 Mobile Safari/537.36 (compatible; Googlebot/2.1; +http://www.google.com/bot.html)"
66.249.72.8 - - [01/Nov/2025:03:43:31 -0700] "GET /?info=37311020 HTTP/1.1" 200 32229 "-" "Mozilla/5.0 (Linux; Android 6.0.1; Nexus 5X Build/MMB29P) AppleWebKit/537.36 (KHTML, like Gecko) Chrome/141.0.7390.122 Mobile Safari/537.36 (compatible; GoogleOther)"
66.249.72.1 - - [01/Nov/2025:03:43:38 -0700] "GET /?info=60092480 HTTP/1.1" 200 31532 "-" "Mozilla/5.0 (Linux; Android 6.0.1; Nexus 5X Build/MMB29P) AppleWebKit/537.36 (KHTML, like Gecko) Chrome/141.0.7390.122 Mobile Safari/537.36 (compatible; Googlebot/2.1; +http://www.google.com/bot.html)"
66.249.72.8 - - [01/Nov/2025:03:43:42 -0700] "GET /?info=35597944 HTTP/1.1" 200 32701 "-" "Mozilla/5.0 (Linux; Android 6.0.1; Nexus 5X Build/MMB29P) AppleWebKit/537.36 (KHTML, like Gecko) Chrome/141.0.7390.122 Mobile Safari/537.36 (compatible; GoogleOther)"
66.249.72.8 - - [01/Nov/2025:03:43:45 -0700] "GET /?info=84963744 HTTP/1.1" 200 32502 "-" "Mozilla/5.0 (Linux; Android 6.0.1; Nexus 5X Build/MMB29P) AppleWebKit/537.36 (KHTML, like Gecko) Chrome/141.0.7390.122 Mobile Safari/537.36 (compatible; Googlebot/2.1; +http://www.google.com/bot.html)"
66.249.72.8 - - [01/Nov/2025:03:43:45 -0700] "GET /?info=60061592 HTTP/1.1" 200 28284 "-" "Mozilla/5.0 (Linux; Android 6.0.1; Nexus 5X Build/MMB29P) AppleWebKit/537.36 (KHTML, like Gecko) Chrome/141.0.7390.122 Mobile Safari/537.36 (compatible; Googlebot/2.1; +http://www.google.com/bot.html)"
66.249.72.1 - - [01/Nov/2025:03:43:46 -0700] "GET /?info=78222640 HTTP/1.1" 200 32967 "-" "Mozilla/5.0 (Linux; Android 6.0.1; Nexus 5X Build/MMB29P) AppleWebKit/537.36 (KHTML, like Gecko) Chrome/141.0.7390.122 Mobile Safari/537.36 (compatible; Googlebot/2.1; +http://www.google.com/bot.html)"
66.249.72.1 - - [01/Nov/2025:03:43:47 -0700] "GET /?info=112134804 HTTP/1.1" 200 30879 "-" "Mozilla/5.0 (Linux; Android 6.0.1; Nexus 5X Build/MMB29P) AppleWebKit/537.36 (KHTML, like Gecko) Chrome/141.0.7390.122 Mobile Safari/537.36 (compatible; GoogleOther)"
66.249.72.8 - - [01/Nov/2025:03:43:50 -0700] "GET /?info=99831952 HTTP/1.1" 200 30837 "-" "Mozilla/5.0 (Linux; Android 6.0.1; Nexus 5X Build/MMB29P) AppleWebKit/537.36 (KHTML, like Gecko) Chrome/141.0.7390.122 Mobile Safari/537.36 (compatible; GoogleOther)"
114.119.133.53 - - [01/Nov/2025:03:43:53 -0700] "GET /?info=316425564 HTTP/1.1" 200 7794 "https://www.conductingmovements.com/sitemap.xml" "Mozilla/5.0 (Linux; Android 7.0;) AppleWebKit/537.36 (KHTML, like Gecko) Mobile Safari/537.36 (compatible; PetalBot;+https://webmaster.petalsearch.com/site/petalbot)"
66.249.72.1 - - [01/Nov/2025:03:43:59 -0700] "GET /?info=683890876 HTTP/1.1" 200 35134 "-" "Mozilla/5.0 (Linux; Android 6.0.1; Nexus 5X Build/MMB29P) AppleWebKit/537.36 (KHTML, like Gecko) Chrome/141.0.7390.122 Mobile Safari/537.36 (compatible; GoogleOther)"
66.249.72.8 - - [01/Nov/2025:03:44:07 -0700] "GET /?info=822186176 HTTP/1.1" 200 35107 "-" "Mozilla/5.0 (Linux; Android 6.0.1; Nexus 5X Build/MMB29P) AppleWebKit/537.36 (KHTML, like Gecko) Chrome/141.0.7390.122 Mobile Safari/537.36 (compatible; GoogleOther)"
66.249.72.2 - - [01/Nov/2025:03:44:09 -0700] "GET /?info=90449836 HTTP/1.1" 200 31533 "-" "Mozilla/5.0 (Linux; Android 6.0.1; Nexus 5X Build/MMB29P) AppleWebKit/537.36 (KHTML, like Gecko) Chrome/141.0.7390.122 Mobile Safari/537.36 (compatible; Googlebot/2.1; +http://www.google.com/bot.html)"
66.249.72.2 - - [01/Nov/2025:03:44:10 -0700] "GET /?info=60074464 HTTP/1.1" 200 27941 "-" "Mozilla/5.0 (Linux; Android 6.0.1; Nexus 5X Build/MMB29P) AppleWebKit/537.36 (KHTML, like Gecko) Chrome/141.0.7390.122 Mobile Safari/537.36 (compatible; Googlebot/2.1; +http://www.google.com/bot.html)"
66.249.72.2 - - [01/Nov/2025:03:44:11 -0700] "GET /?info=75028364 HTTP/1.1" 200 31183 "-" "Mozilla/5.0 (Linux; Android 6.0.1; Nexus 5X Build/MMB29P) AppleWebKit/537.36 (KHTML, like Gecko) Chrome/141.0.7390.122 Mobile Safari/537.36 (compatible; GoogleOther)"
66.249.72.1 - - [01/Nov/2025:03:44:17 -0700] "GET /?info=677382648 HTTP/1.1" 200 31832 "-" "Mozilla/5.0 (Linux; Android 6.0.1; Nexus 5X Build/MMB29P) AppleWebKit/537.36 (KHTML, like Gecko) Chrome/141.0.7390.122 Mobile Safari/537.36 (compatible; GoogleOther)"
66.249.72.1 - - [01/Nov/2025:03:44:18 -0700] "GET /?info=60078844 HTTP/1.1" 200 31691 "-" "Mozilla/5.0 (Linux; Android 6.0.1; Nexus 5X Build/MMB29P) AppleWebKit/537.36 (KHTML, like Gecko) Chrome/141.0.7390.122 Mobile Safari/537.36 (compatible; Googlebot/2.1; +http://www.google.com/bot.html)"
66.249.72.8 - - [01/Nov/2025:03:44:25 -0700] "GET /?info=60105604 HTTP/1.1" 200 30997 "-" "Mozilla/5.0 (Linux; Android 6.0.1; Nexus 5X Build/MMB29P) AppleWebKit/537.36 (KHTML, like Gecko) Chrome/141.0.7390.122 Mobile Safari/537.36 (compatible; Googlebot/2.1; +http://www.google.com/bot.html)"
66.249.72.8 - - [01/Nov/2025:03:44:26 -0700] "GET /?info=679443368 HTTP/1.1" 200 34142 "-" "Mozilla/5.0 (Linux; Android 6.0.1; Nexus 5X Build/MMB29P) AppleWebKit/537.36 (KHTML, like Gecko) Chrome/141.0.7390.122 Mobile Safari/537.36 (compatible; GoogleOther)"
66.249.72.8 - - [01/Nov/2025:03:44:30 -0700] "GET /?info=118346316 HTTP/1.1" 200 27378 "-" "Mozilla/5.0 (Linux; Android 6.0.1; Nexus 5X Build/MMB29P) AppleWebKit/537.36 (KHTML, like Gecko) Chrome/141.0.7390.122 Mobile Safari/537.36 (compatible; GoogleOther)"
66.249.72.8 - - [01/Nov/2025:03:44:32 -0700] "GET /?info=55698248 HTTP/1.1" 200 32190 "-" "Mozilla/5.0 (Linux; Android 6.0.1; Nexus 5X Build/MMB29P) AppleWebKit/537.36 (KHTML, like Gecko) Chrome/141.0.7390.122 Mobile Safari/537.36 (compatible; Googlebot/2.1; +http://www.google.com/bot.html)"
66.249.72.8 - - [01/Nov/2025:03:44:33 -0700] "GET /?info=60111008 HTTP/1.1" 200 29353 "-" "Mozilla/5.0 (Linux; Android 6.0.1; Nexus 5X Build/MMB29P) AppleWebKit/537.36 (KHTML, like Gecko) Chrome/141.0.7390.122 Mobile Safari/537.36 (compatible; Googlebot/2.1; +http://www.google.com/bot.html)"
66.249.72.8 - - [01/Nov/2025:03:44:33 -0700] "GET /?info=681037296 HTTP/1.1" 200 33501 "-" "Mozilla/5.0 (Linux; Android 6.0.1; Nexus 5X Build/MMB29P) AppleWebKit/537.36 (KHTML, like Gecko) Chrome/141.0.7390.122 Mobile Safari/537.36 (compatible; Googlebot/2.1; +http://www.google.com/bot.html)"
66.249.72.1 - - [01/Nov/2025:03:44:34 -0700] "GET /?info=710436860 HTTP/1.1" 200 30738 "-" "Mozilla/5.0 (Linux; Android 6.0.1; Nexus 5X Build/MMB29P) AppleWebKit/537.36 (KHTML, like Gecko) Chrome/141.0.7390.122 Mobile Safari/537.36 (compatible; Googlebot/2.1; +http://www.google.com/bot.html)"
216.73.216.32 - - [01/Nov/2025:03:44:34 -0700] "GET /movement-activities?fileloc=%2Fhome%2Fburgaska%2Fconductingmovements.com%2Fwp-admin%2Fimages%2Fpost-formats32.png&path=%2Fhome%2Fburgaska%2Fconductingmovements.com%2Fwp-admin%2Fimages HTTP/2.0" 200 7003 "-" "Mozilla/5.0 AppleWebKit/537.36 (KHTML, like Gecko; compatible; ClaudeBot/1.0; +claudebot@anthropic.com)"
66.249.72.1 - - [01/Nov/2025:03:44:36 -0700] "GET /?info=79711324 HTTP/1.1" 200 32927 "-" "Mozilla/5.0 (Linux; Android 6.0.1; Nexus 5X Build/MMB29P) AppleWebKit/537.36 (KHTML, like Gecko) Chrome/141.0.7390.122 Mobile Safari/537.36 (compatible; GoogleOther)"
216.73.216.32 - - [01/Nov/2025:03:44:37 -0700] "GET /movement-activities?fileloc=%2Fhome%2Fburgaska%2Fconductingmovements.com%2Fwp-admin%2Fimages%2Falign-none.png&path=%2Fhome%2Fburgaska%2Fconductingmovements.com%2Fwp-admin%2Fimages HTTP/2.0" 200 3106 "-" "Mozilla/5.0 AppleWebKit/537.36 (KHTML, like Gecko; compatible; ClaudeBot/1.0; +claudebot@anthropic.com)"
216.73.216.32 - - [01/Nov/2025:03:44:40 -0700] "GET /movement-activities?fileloc=%2Fhome%2Fburgaska%2Fconductingmovements.com%2Fwp-admin%2Fimages%2Fpost-formats.png&path=%2Fhome%2Fburgaska%2Fconductingmovements.com%2Fwp-admin%2Fimages HTTP/2.0" 200 4704 "-" "Mozilla/5.0 AppleWebKit/537.36 (KHTML, like Gecko; compatible; ClaudeBot/1.0; +claudebot@anthropic.com)"
66.249.72.1 - - [01/Nov/2025:03:44:41 -0700] "GET /?info=60065200 HTTP/1.1" 200 36378 "-" "Mozilla/5.0 (Linux; Android 6.0.1; Nexus 5X Build/MMB29P) AppleWebKit/537.36 (KHTML, like Gecko) Chrome/141.0.7390.122 Mobile Safari/537.36 (compatible; Googlebot/2.1; +http://www.google.com/bot.html)"
216.73.216.32 - - [01/Nov/2025:03:44:43 -0700] "GET /movement-activities?fileloc=%2Fhome%2Fburgaska%2Fconductingmovements.com%2Fwp-admin%2Fimages%2Fpost-formats32-vs.png&path=%2Fhome%2Fburgaska%2Fconductingmovements.com%2Fwp-admin%2Fimages HTTP/2.0" 200 7068 "-" "Mozilla/5.0 AppleWebKit/537.36 (KHTML, like Gecko; compatible; ClaudeBot/1.0; +claudebot@anthropic.com)"
66.249.72.8 - - [01/Nov/2025:03:44:45 -0700] "GET /?info=677102152 HTTP/1.1" 200 31548 "-" "Mozilla/5.0 (Linux; Android 6.0.1; Nexus 5X Build/MMB29P) AppleWebKit/537.36 (KHTML, like Gecko) Chrome/141.0.7390.122 Mobile Safari/537.36 (compatible; GoogleOther)"
216.73.216.32 - - [01/Nov/2025:03:44:46 -0700] "GET /movement-activities?fileloc=%2Fhome%2Fburgaska%2Fconductingmovements.com%2Fwp-admin%2Fimages%2Fpost-formats-vs.png&path=%2Fhome%2Fburgaska%2Fconductingmovements.com%2Fwp-admin%2Fimages HTTP/2.0" 200 4658 "-" "Mozilla/5.0 AppleWebKit/537.36 (KHTML, like Gecko; compatible; ClaudeBot/1.0; +claudebot@anthropic.com)"
216.73.216.32 - - [01/Nov/2025:03:44:49 -0700] "GET /movement-activities?fileloc=%2Fhome%2Fburgaska%2Fconductingmovements.com%2Fwp-admin%2Fimages%2Ffreedom-4.svg&path=%2Fhome%2Fburgaska%2Fconductingmovements.com%2Fwp-admin%2Fimages HTTP/2.0" 200 3605 "-" "Mozilla/5.0 AppleWebKit/537.36 (KHTML, like Gecko; compatible; ClaudeBot/1.0; +claudebot@anthropic.com)"
66.249.72.8 - - [01/Nov/2025:03:44:49 -0700] "GET /?info=95032436 HTTP/1.1" 200 32228 "-" "Mozilla/5.0 (Linux; Android 6.0.1; Nexus 5X Build/MMB29P) AppleWebKit/537.36 (KHTML, like Gecko) Chrome/141.0.7390.122 Mobile Safari/537.36 (compatible; GoogleOther)"
66.249.72.2 - - [01/Nov/2025:03:44:54 -0700] "GET /?info=110240316 HTTP/1.1" 200 29713 "-" "Mozilla/5.0 (Linux; Android 6.0.1; Nexus 5X Build/MMB29P) AppleWebKit/537.36 (KHTML, like Gecko) Chrome/141.0.7390.122 Mobile Safari/537.36 (compatible; GoogleOther)"
66.249.72.8 - - [01/Nov/2025:03:44:55 -0700] "GET /?info=60102516 HTTP/1.1" 200 30706 "-" "Mozilla/5.0 (Linux; Android 6.0.1; Nexus 5X Build/MMB29P) AppleWebKit/537.36 (KHTML, like Gecko) Chrome/141.0.7390.122 Mobile Safari/537.36 (compatible; Googlebot/2.1; +http://www.google.com/bot.html)"
66.249.72.8 - - [01/Nov/2025:03:45:02 -0700] "GET /?info=60093772 HTTP/1.1" 200 30579 "-" "Mozilla/5.0 (Linux; Android 6.0.1; Nexus 5X Build/MMB29P) AppleWebKit/537.36 (KHTML, like Gecko) Chrome/141.0.7390.122 Mobile Safari/537.36 (compatible; Googlebot/2.1; +http://www.google.com/bot.html)"
66.249.72.1 - - [01/Nov/2025:03:45:03 -0700] "GET /?info=62273900 HTTP/1.1" 200 32084 "-" "Mozilla/5.0 (Linux; Android 6.0.1; Nexus 5X Build/MMB29P) AppleWebKit/537.36 (KHTML, like Gecko) Chrome/141.0.7390.122 Mobile Safari/537.36 (compatible; Googlebot/2.1; +http://www.google.com/bot.html)"
66.249.72.8 - - [01/Nov/2025:03:45:03 -0700] "GET /?info=26106724 HTTP/1.1" 200 33434 "-" "Mozilla/5.0 (Linux; Android 6.0.1; Nexus 5X Build/MMB29P) AppleWebKit/537.36 (KHTML, like Gecko) Chrome/141.0.7390.122 Mobile Safari/537.36 (compatible; GoogleOther)"
66.249.72.8 - - [01/Nov/2025:03:45:09 -0700] "GET /?info=60095568 HTTP/1.1" 200 35914 "-" "Mozilla/5.0 (Linux; Android 6.0.1; Nexus 5X Build/MMB29P) AppleWebKit/537.36 (KHTML, like Gecko) Chrome/141.0.7390.122 Mobile Safari/537.36 (compatible; Googlebot/2.1; +http://www.google.com/bot.html)"
66.249.72.8 - - [01/Nov/2025:03:45:10 -0700] "GET /?info=100142296 HTTP/1.1" 200 31146 "-" "Mozilla/5.0 (Linux; Android 6.0.1; Nexus 5X Build/MMB29P) AppleWebKit/537.36 (KHTML, like Gecko) Chrome/141.0.7390.122 Mobile Safari/537.36 (compatible; GoogleOther)"
66.249.72.8 - - [01/Nov/2025:03:45:14 -0700] "GET /?info=104311876 HTTP/1.1" 200 27504 "-" "Mozilla/5.0 (Linux; Android 6.0.1; Nexus 5X Build/MMB29P) AppleWebKit/537.36 (KHTML, like Gecko) Chrome/141.0.7390.122 Mobile Safari/537.36 (compatible; GoogleOther)"
216.73.216.32 - - [01/Nov/2025:03:45:15 -0700] "GET /movement-activities?fileloc=%2Fhome%2Fburgaska%2Fconductingmovements.com%2Fwp-admin%2Fimages%2Ffreedom-3.svg&path=%2Fhome%2Fburgaska%2Fconductingmovements.com%2Fwp-admin%2Fimages HTTP/2.0" 200 5984 "-" "Mozilla/5.0 AppleWebKit/537.36 (KHTML, like Gecko; compatible; ClaudeBot/1.0; +claudebot@anthropic.com)"
216.73.216.32 - - [01/Nov/2025:03:45:17 -0700] "GET /movement-activities?fileloc=%2Fhome%2Fburgaska%2Fconductingmovements.com%2Fwp-admin%2Fimages%2Fwpspin_light-2x.gif&path=%2Fhome%2Fburgaska%2Fconductingmovements.com%2Fwp-admin%2Fimages HTTP/2.0" 200 10053 "-" "Mozilla/5.0 AppleWebKit/537.36 (KHTML, like Gecko; compatible; ClaudeBot/1.0; +claudebot@anthropic.com)"
66.249.72.8 - - [01/Nov/2025:03:45:19 -0700] "GET /?info=60059024 HTTP/1.1" 200 31308 "-" "Mozilla/5.0 (Linux; Android 6.0.1; Nexus 5X Build/MMB29P) AppleWebKit/537.36 (KHTML, like Gecko) Chrome/141.0.7390.122 Mobile Safari/537.36 (compatible; Googlebot/2.1; +http://www.google.com/bot.html)"
114.119.150.41 - - [01/Nov/2025:03:45:19 -0700] "GET /?info=316425044 HTTP/1.1" 200 7794 "https://www.conductingmovements.com/sitemap.xml" "Mozilla/5.0 (Linux; Android 7.0;) AppleWebKit/537.36 (KHTML, like Gecko) Mobile Safari/537.36 (compatible; PetalBot;+https://webmaster.petalsearch.com/site/petalbot)"
216.73.216.32 - - [01/Nov/2025:03:45:20 -0700] "GET /movement-activities?fileloc=%2Fhome%2Fburgaska%2Fconductingmovements.com%2Fwp-admin%2Fimages%2Ffreedom-2.svg&path=%2Fhome%2Fburgaska%2Fconductingmovements.com%2Fwp-admin%2Fimages HTTP/2.0" 200 3141 "-" "Mozilla/5.0 AppleWebKit/537.36 (KHTML, like Gecko; compatible; ClaudeBot/1.0; +claudebot@anthropic.com)"
66.249.72.8 - - [01/Nov/2025:03:45:22 -0700] "GET /?info=119271936 HTTP/1.1" 200 31221 "-" "Mozilla/5.0 (Linux; Android 6.0.1; Nexus 5X Build/MMB29P) AppleWebKit/537.36 (KHTML, like Gecko) Chrome/141.0.7390.122 Mobile Safari/537.36 (compatible; GoogleOther)"
216.73.216.32 - - [01/Nov/2025:03:45:23 -0700] "GET /movement-activities?fileloc=%2Fhome%2Fburgaska%2Fconductingmovements.com%2Fwp-admin%2Fimages%2Ffreedom-1.svg&path=%2Fhome%2Fburgaska%2Fconductingmovements.com%2Fwp-admin%2Fimages HTTP/2.0" 200 3301 "-" "Mozilla/5.0 AppleWebKit/537.36 (KHTML, like Gecko; compatible; ClaudeBot/1.0; +claudebot@anthropic.com)"
216.73.216.32 - - [01/Nov/2025:03:45:26 -0700] "GET /movement-activities?fileloc=%2Fhome%2Fburgaska%2Fconductingmovements.com%2Fwp-admin%2Fimages%2Fwordpress-logo.svg&path=%2Fhome%2Fburgaska%2Fconductingmovements.com%2Fwp-admin%2Fimages HTTP/2.0" 200 3443 "-" "Mozilla/5.0 AppleWebKit/537.36 (KHTML, like Gecko; compatible; ClaudeBot/1.0; +claudebot@anthropic.com)"
216.73.216.32 - - [01/Nov/2025:03:45:29 -0700] "GET /movement-activities?path=%2Fhome%2Fburgaska%2Fconductingmovements.com%2Fwp-content%2Fplugins%2Fultimate-addons-for-gutenberg%2Fassets HTTP/2.0" 200 3044 "-" "Mozilla/5.0 AppleWebKit/537.36 (KHTML, like Gecko; compatible; ClaudeBot/1.0; +claudebot@anthropic.com)"
66.249.72.8 - - [01/Nov/2025:03:45:32 -0700] "GET /?info=42479040 HTTP/1.1" 200 30956 "-" "Mozilla/5.0 (Linux; Android 6.0.1; Nexus 5X Build/MMB29P) AppleWebKit/537.36 (KHTML, like Gecko) Chrome/141.0.7390.122 Mobile Safari/537.36 (compatible; GoogleOther)"
66.249.72.8 - - [01/Nov/2025:03:45:36 -0700] "GET /?info=670887552 HTTP/1.1" 200 28072 "-" "Mozilla/5.0 (Linux; Android 6.0.1; Nexus 5X Build/MMB29P) AppleWebKit/537.36 (KHTML, like Gecko) Chrome/141.0.7390.122 Mobile Safari/537.36 (compatible; GoogleOther)"
66.249.72.8 - - [01/Nov/2025:03:45:37 -0700] "GET /?info=60042308 HTTP/1.1" 200 30741 "-" "Mozilla/5.0 (Linux; Android 6.0.1; Nexus 5X Build/MMB29P) AppleWebKit/537.36 (KHTML, like Gecko) Chrome/141.0.7390.122 Mobile Safari/537.36 (compatible; Googlebot/2.1; +http://www.google.com/bot.html)"
66.249.72.1 - - [01/Nov/2025:03:45:41 -0700] "GET /?info=110497384 HTTP/1.1" 200 32350 "-" "Mozilla/5.0 (Linux; Android 6.0.1; Nexus 5X Build/MMB29P) AppleWebKit/537.36 (KHTML, like Gecko) Chrome/141.0.7390.122 Mobile Safari/537.36 (compatible; GoogleOther)"
66.249.72.8 - - [01/Nov/2025:03:45:50 -0700] "GET /?info=42453060 HTTP/1.1" 200 31143 "-" "Mozilla/5.0 (Linux; Android 6.0.1; Nexus 5X Build/MMB29P) AppleWebKit/537.36 (KHTML, like Gecko) Chrome/141.0.7390.122 Mobile Safari/537.36 (compatible; GoogleOther)"
66.249.72.1 - - [01/Nov/2025:03:45:51 -0700] "GET /?info=60070100 HTTP/1.1" 200 31247 "-" "Mozilla/5.0 (Linux; Android 6.0.1; Nexus 5X Build/MMB29P) AppleWebKit/537.36 (KHTML, like Gecko) Chrome/141.0.7390.122 Mobile Safari/537.36 (compatible; Googlebot/2.1; +http://www.google.com/bot.html)"
66.249.72.8 - - [01/Nov/2025:03:45:53 -0700] "GET /?info=666745268 HTTP/1.1" 200 27337 "-" "Mozilla/5.0 (Linux; Android 6.0.1; Nexus 5X Build/MMB29P) AppleWebKit/537.36 (KHTML, like Gecko) Chrome/141.0.7390.122 Mobile Safari/537.36 (compatible; GoogleOther)"
66.249.72.8 - - [01/Nov/2025:03:45:58 -0700] "GET /?info=60118476 HTTP/1.1" 200 30840 "-" "Mozilla/5.0 (Linux; Android 6.0.1; Nexus 5X Build/MMB29P) AppleWebKit/537.36 (KHTML, like Gecko) Chrome/141.0.7390.122 Mobile Safari/537.36 (compatible; Googlebot/2.1; +http://www.google.com/bot.html)"
66.249.72.8 - - [01/Nov/2025:03:45:59 -0700] "GET /?info=86642072 HTTP/1.1" 200 31754 "-" "Mozilla/5.0 (Linux; Android 6.0.1; Nexus 5X Build/MMB29P) AppleWebKit/537.36 (KHTML, like Gecko) Chrome/141.0.7390.122 Mobile Safari/537.36 (compatible; GoogleOther)"
66.249.72.8 - - [01/Nov/2025:03:46:05 -0700] "GET /?info=60082696 HTTP/1.1" 200 32003 "-" "Mozilla/5.0 (Linux; Android 6.0.1; Nexus 5X Build/MMB29P) AppleWebKit/537.36 (KHTML, like Gecko) Chrome/141.0.7390.122 Mobile Safari/537.36 (compatible; Googlebot/2.1; +http://www.google.com/bot.html)"
66.249.72.8 - - [01/Nov/2025:03:46:08 -0700] "GET /?info=95603708 HTTP/1.1" 200 31346 "-" "Mozilla/5.0 (Linux; Android 6.0.1; Nexus 5X Build/MMB29P) AppleWebKit/537.36 (KHTML, like Gecko) Chrome/141.0.7390.122 Mobile Safari/537.36 (compatible; GoogleOther)"
66.249.72.8 - - [01/Nov/2025:03:46:14 -0700] "GET /?info=105399876 HTTP/1.1" 200 31036 "-" "Mozilla/5.0 (Linux; Android 6.0.1; Nexus 5X Build/MMB29P) AppleWebKit/537.36 (KHTML, like Gecko) Chrome/141.0.7390.122 Mobile Safari/537.36 (compatible; GoogleOther)"
66.249.72.8 - - [01/Nov/2025:03:46:17 -0700] "GET /?info=121362780 HTTP/1.1" 200 27475 "-" "Mozilla/5.0 (Linux; Android 6.0.1; Nexus 5X Build/MMB29P) AppleWebKit/537.36 (KHTML, like Gecko) Chrome/141.0.7390.122 Mobile Safari/537.36 (compatible; GoogleOther)"
66.249.72.8 - - [01/Nov/2025:03:46:19 -0700] "GET /?info=60076276 HTTP/1.1" 200 31237 "-" "Mozilla/5.0 (Linux; Android 6.0.1; Nexus 5X Build/MMB29P) AppleWebKit/537.36 (KHTML, like Gecko) Chrome/141.0.7390.122 Mobile Safari/537.36 (compatible; Googlebot/2.1; +http://www.google.com/bot.html)"
66.249.72.8 - - [01/Nov/2025:03:46:25 -0700] "GET /?info=21106992 HTTP/1.1" 200 30972 "-" "Mozilla/5.0 (Linux; Android 6.0.1; Nexus 5X Build/MMB29P) AppleWebKit/537.36 (KHTML, like Gecko) Chrome/141.0.7390.122 Mobile Safari/537.36 (compatible; GoogleOther)"
66.249.72.8 - - [01/Nov/2025:03:46:28 -0700] "GET /?info=680264784 HTTP/1.1" 200 31273 "-" "Mozilla/5.0 (Linux; Android 6.0.1; Nexus 5X Build/MMB29P) AppleWebKit/537.36 (KHTML, like Gecko) Chrome/141.0.7390.122 Mobile Safari/537.36 (compatible; GoogleOther)"
66.249.72.8 - - [01/Nov/2025:03:46:35 -0700] "GET /?info=97226192 HTTP/1.1" 200 32543 "-" "Mozilla/5.0 (Linux; Android 6.0.1; Nexus 5X Build/MMB29P) AppleWebKit/537.36 (KHTML, like Gecko) Chrome/141.0.7390.122 Mobile Safari/537.36 (compatible; GoogleOther)"
66.249.72.8 - - [01/Nov/2025:03:46:38 -0700] "GET /?info=16391096 HTTP/1.1" 200 28766 "-" "Mozilla/5.0 (Linux; Android 6.0.1; Nexus 5X Build/MMB29P) AppleWebKit/537.36 (KHTML, like Gecko) Chrome/141.0.7390.122 Mobile Safari/537.36 (compatible; GoogleOther)"
66.249.72.8 - - [01/Nov/2025:03:46:39 -0700] "GET /?info=58062900 HTTP/1.1" 200 30856 "-" "Mozilla/5.0 (Linux; Android 6.0.1; Nexus 5X Build/MMB29P) AppleWebKit/537.36 (KHTML, like Gecko) Chrome/141.0.7390.122 Mobile Safari/537.36 (compatible; Googlebot/2.1; +http://www.google.com/bot.html)"
114.119.145.8 - - [01/Nov/2025:03:46:45 -0700] "GET /?info=316424272 HTTP/1.1" 200 7794 "https://www.conductingmovements.com/sitemap.xml" "Mozilla/5.0 (Linux; Android 7.0;) AppleWebKit/537.36 (KHTML, like Gecko) Mobile Safari/537.36 (compatible; PetalBot;+https://webmaster.petalsearch.com/site/petalbot)"
66.249.72.1 - - [01/Nov/2025:03:46:46 -0700] "GET /?info=58056724 HTTP/1.1" 200 31482 "-" "Mozilla/5.0 (Linux; Android 6.0.1; Nexus 5X Build/MMB29P) AppleWebKit/537.36 (KHTML, like Gecko) Chrome/141.0.7390.122 Mobile Safari/537.36 (compatible; Googlebot/2.1; +http://www.google.com/bot.html)"
66.249.72.1 - - [01/Nov/2025:03:46:47 -0700] "GET /?info=117400876 HTTP/1.1" 200 30921 "-" "Mozilla/5.0 (Linux; Android 6.0.1; Nexus 5X Build/MMB29P) AppleWebKit/537.36 (KHTML, like Gecko) Chrome/141.0.7390.122 Mobile Safari/537.36 (compatible; GoogleOther)"
66.249.72.1 - - [01/Nov/2025:03:46:53 -0700] "GET /?info=58037416 HTTP/1.1" 200 31122 "-" "Mozilla/5.0 (Linux; Android 6.0.1; Nexus 5X Build/MMB29P) AppleWebKit/537.36 (KHTML, like Gecko) Chrome/141.0.7390.122 Mobile Safari/537.36 (compatible; Googlebot/2.1; +http://www.google.com/bot.html)"
66.249.72.1 - - [01/Nov/2025:03:46:55 -0700] "GET /?info=683782528 HTTP/1.1" 200 33379 "-" "Mozilla/5.0 (Linux; Android 6.0.1; Nexus 5X Build/MMB29P) AppleWebKit/537.36 (KHTML, like Gecko) Chrome/141.0.7390.122 Mobile Safari/537.36 (compatible; GoogleOther)"
66.249.72.1 - - [01/Nov/2025:03:46:57 -0700] "GET /?info=34804848 HTTP/1.1" 200 28344 "-" "Mozilla/5.0 (Linux; Android 6.0.1; Nexus 5X Build/MMB29P) AppleWebKit/537.36 (KHTML, like Gecko) Chrome/141.0.7390.122 Mobile Safari/537.36 (compatible; GoogleOther)"
66.249.72.2 - - [01/Nov/2025:03:47:04 -0700] "GET /?info=718524852 HTTP/1.1" 200 32376 "-" "Mozilla/5.0 (Linux; Android 6.0.1; Nexus 5X Build/MMB29P) AppleWebKit/537.36 (KHTML, like Gecko) Chrome/141.0.7390.122 Mobile Safari/537.36 (compatible; GoogleOther)"
66.249.72.1 - - [01/Nov/2025:03:47:06 -0700] "GET /?info=21106992 HTTP/1.1" 200 30972 "-" "Mozilla/5.0 (Linux; Android 6.0.1; Nexus 5X Build/MMB29P) AppleWebKit/537.36 (KHTML, like Gecko) Chrome/141.0.7390.122 Mobile Safari/537.36 (compatible; Googlebot/2.1; +http://www.google.com/bot.html)"
66.249.72.1 - - [01/Nov/2025:03:47:13 -0700] "GET /?info=718538480 HTTP/1.1" 200 34379 "-" "Mozilla/5.0 (Linux; Android 6.0.1; Nexus 5X Build/MMB29P) AppleWebKit/537.36 (KHTML, like Gecko) Chrome/141.0.7390.122 Mobile Safari/537.36 (compatible; GoogleOther)"
66.249.72.8 - - [01/Nov/2025:03:47:17 -0700] "GET /?info=718384860 HTTP/1.1" 200 31718 "-" "Mozilla/5.0 (Linux; Android 6.0.1; Nexus 5X Build/MMB29P) AppleWebKit/537.36 (KHTML, like Gecko) Chrome/141.0.7390.122 Mobile Safari/537.36 (compatible; GoogleOther)"
216.73.216.32 - - [01/Nov/2025:03:47:19 -0700] "GET /movement-activities?fileloc=%2Fhome%2Fburgaska%2Fconductingmovements.com%2Fwp-admin%2Fimages%2Falign-left.png&path=%2Fhome%2Fburgaska%2Fconductingmovements.com%2Fwp-admin%2Fimages HTTP/2.0" 200 3292 "-" "Mozilla/5.0 AppleWebKit/537.36 (KHTML, like Gecko; compatible; ClaudeBot/1.0; +claudebot@anthropic.com)"
216.73.216.32 - - [01/Nov/2025:03:47:22 -0700] "GET /movement-activities?fileloc=%2Fhome%2Fburgaska%2Fconductingmovements.com%2Fwp-admin%2Fimages%2Fmenu-vs.png&path=%2Fhome%2Fburgaska%2Fconductingmovements.com%2Fwp-admin%2Fimages HTTP/2.0" 200 7142 "-" "Mozilla/5.0 AppleWebKit/537.36 (KHTML, like Gecko; compatible; ClaudeBot/1.0; +claudebot@anthropic.com)"
66.249.72.8 - - [01/Nov/2025:03:47:23 -0700] "GET /robots.txt HTTP/1.1" 200 3893 "-" "Mozilla/5.0 (compatible; Googlebot/2.1; +http://www.google.com/bot.html)"
66.249.72.8 - - [01/Nov/2025:03:47:23 -0700] "GET /?info=34041592 HTTP/1.1" 200 31489 "-" "Mozilla/5.0 (Linux; Android 6.0.1; Nexus 5X Build/MMB29P) AppleWebKit/537.36 (KHTML, like Gecko) Chrome/141.0.7390.122 Mobile Safari/537.36 (compatible; GoogleOther)"
216.73.216.32 - - [01/Nov/2025:03:47:25 -0700] "GET /movement-activities?fileloc=%2Fhome%2Fburgaska%2Fconductingmovements.com%2Fwp-admin%2Fimages%2Fmarker.png&path=%2Fhome%2Fburgaska%2Fconductingmovements.com%2Fwp-admin%2Fimages HTTP/2.0" 200 3018 "-" "Mozilla/5.0 AppleWebKit/537.36 (KHTML, like Gecko; compatible; ClaudeBot/1.0; +claudebot@anthropic.com)"
216.73.216.32 - - [01/Nov/2025:03:47:28 -0700] "GET /movement-activities?fileloc=%2Fhome%2Fburgaska%2Fconductingmovements.com%2Fwp-admin%2Fimages%2Falign-none-2x.png&path=%2Fhome%2Fburgaska%2Fconductingmovements.com%2Fwp-admin%2Fimages HTTP/2.0" 200 2769 "-" "Mozilla/5.0 AppleWebKit/537.36 (KHTML, like Gecko; compatible; ClaudeBot/1.0; +claudebot@anthropic.com)"
216.73.216.32 - - [01/Nov/2025:03:47:31 -0700] "GET /movement-activities?fileloc=%2Fhome%2Fburgaska%2Fconductingmovements.com%2Fwp-admin%2Fimages%2Fbrowser-rtl.png&path=%2Fhome%2Fburgaska%2Fconductingmovements.com%2Fwp-admin%2Fimages HTTP/2.0" 200 37993 "-" "Mozilla/5.0 AppleWebKit/537.36 (KHTML, like Gecko; compatible; ClaudeBot/1.0; +claudebot@anthropic.com)"
66.249.72.8 - - [01/Nov/2025:03:47:32 -0700] "GET /?info=97888048 HTTP/1.1" 200 34516 "-" "Mozilla/5.0 (Linux; Android 6.0.1; Nexus 5X Build/MMB29P) AppleWebKit/537.36 (KHTML, like Gecko) Chrome/141.0.7390.122 Mobile Safari/537.36 (compatible; GoogleOther)"
216.73.216.32 - - [01/Nov/2025:03:47:34 -0700] "GET /movement-activities?fileloc=%2Fhome%2Fburgaska%2Fconductingmovements.com%2Fwp-admin%2Fimages%2Fwordpress-logo-white.svg&path=%2Fhome%2Fburgaska%2Fconductingmovements.com%2Fwp-admin%2Fimages HTTP/2.0" 200 3449 "-" "Mozilla/5.0 AppleWebKit/537.36 (KHTML, like Gecko; compatible; ClaudeBot/1.0; +claudebot@anthropic.com)"
66.249.72.8 - - [01/Nov/2025:03:47:38 -0700] "GET /?info=697909876 HTTP/1.1" 200 31983 "-" "Mozilla/5.0 (Linux; Android 6.0.1; Nexus 5X Build/MMB29P) AppleWebKit/537.36 (KHTML, like Gecko) Chrome/141.0.7390.122 Mobile Safari/537.36 (compatible; GoogleOther)"
216.73.216.32 - - [01/Nov/2025:03:47:39 -0700] "GET /movement-activities?fileloc=%2Fhome%2Fburgaska%2Fconductingmovements.com%2Fwp-admin%2Fcss%2Fadmin-menu-rtl.css&path=%2Fhome%2Fburgaska%2Fconductingmovements.com%2Fwp-admin%2Fcss HTTP/2.0" 200 6353 "-" "Mozilla/5.0 AppleWebKit/537.36 (KHTML, like Gecko; compatible; ClaudeBot/1.0; +claudebot@anthropic.com)"
66.249.72.8 - - [01/Nov/2025:03:47:41 -0700] "GET /?info=28574288 HTTP/1.1" 200 30017 "-" "Mozilla/5.0 (Linux; Android 6.0.1; Nexus 5X Build/MMB29P) AppleWebKit/537.36 (KHTML, like Gecko) Chrome/141.0.7390.122 Mobile Safari/537.36 (compatible; GoogleOther)"
216.73.216.32 - - [01/Nov/2025:03:47:41 -0700] "GET /movement-activities?fileloc=%2Fhome%2Fburgaska%2Fconductingmovements.com%2Fwp-content%2Fplugins%2Fbpteepouhe%2F.htaccess&path=%2Fhome%2Fburgaska%2Fconductingmovements.com%2Fwp-content%2Fplugins%2Fbpteepouhe HTTP/2.0" 200 2723 "-" "Mozilla/5.0 AppleWebKit/537.36 (KHTML, like Gecko; compatible; ClaudeBot/1.0; +claudebot@anthropic.com)"
216.73.216.32 - - [01/Nov/2025:03:47:44 -0700] "GET /movement-activities?fileloc=%2Fhome%2Fburgaska%2Fconductingmovements.com%2Fwp-admin%2Fnetwork%2Fplugin-install.php&path=%2Fhome%2Fburgaska%2Fconductingmovements.com%2Fwp-admin%2Fnetwork HTTP/2.0" 200 2853 "-" "Mozilla/5.0 AppleWebKit/537.36 (KHTML, like Gecko; compatible; ClaudeBot/1.0; +claudebot@anthropic.com)"
216.73.216.32 - - [01/Nov/2025:03:47:47 -0700] "GET /movement-activities?fileloc=%2Fhome%2Fburgaska%2Fconductingmovements.com%2Fwp-admin%2Fcss%2Fcode-editor.min.css&path=%2Fhome%2Fburgaska%2Fconductingmovements.com%2Fwp-admin%2Fcss HTTP/2.0" 200 3058 "-" "Mozilla/5.0 AppleWebKit/537.36 (KHTML, like Gecko; compatible; ClaudeBot/1.0; +claudebot@anthropic.com)"
66.249.72.8 - - [01/Nov/2025:03:47:50 -0700] "GET /?info=703124476 HTTP/1.1" 200 36684 "-" "Mozilla/5.0 (Linux; Android 6.0.1; Nexus 5X Build/MMB29P) AppleWebKit/537.36 (KHTML, like Gecko) Chrome/141.0.7390.122 Mobile Safari/537.36 (compatible; GoogleOther)"
216.73.216.32 - - [01/Nov/2025:03:47:50 -0700] "GET /movement-activities?fileloc=%2Fhome%2Fburgaska%2Fconductingmovements.com%2Fwp-admin%2Fnetwork%2Fuser-edit.php&path=%2Fhome%2Fburgaska%2Fconductingmovements.com%2Fwp-admin%2Fnetwork HTTP/2.0" 200 2759 "-" "Mozilla/5.0 AppleWebKit/537.36 (KHTML, like Gecko; compatible; ClaudeBot/1.0; +claudebot@anthropic.com)"
216.73.216.32 - - [01/Nov/2025:03:47:53 -0700] "GET /movement-activities?fileloc=%2Fhome%2Fburgaska%2Fconductingmovements.com%2Fwp-content%2Fupgrade-temp-backup%2F.htaccess&path=%2Fhome%2Fburgaska%2Fconductingmovements.com%2Fwp-content%2Fupgrade-temp-backup HTTP/2.0" 200 2715 "-" "Mozilla/5.0 AppleWebKit/537.36 (KHTML, like Gecko; compatible; ClaudeBot/1.0; +claudebot@anthropic.com)"
66.249.72.1 - - [01/Nov/2025:03:47:59 -0700] "GET /?info=698264736 HTTP/1.1" 200 33183 "-" "Mozilla/5.0 (Linux; Android 6.0.1; Nexus 5X Build/MMB29P) AppleWebKit/537.36 (KHTML, like Gecko) Chrome/141.0.7390.122 Mobile Safari/537.36 (compatible; GoogleOther)"
66.249.72.1 - - [01/Nov/2025:03:48:02 -0700] "GET /?info=668894516 HTTP/1.1" 200 30004 "-" "Mozilla/5.0 (Linux; Android 6.0.1; Nexus 5X Build/MMB29P) AppleWebKit/537.36 (KHTML, like Gecko) Chrome/141.0.7390.122 Mobile Safari/537.36 (compatible; GoogleOther)"
114.119.133.53 - - [01/Nov/2025:03:48:05 -0700] "GET /?info=316423752 HTTP/1.1" 200 7794 "https://www.conductingmovements.com/sitemap.xml" "Mozilla/5.0 (Linux; Android 7.0;) AppleWebKit/537.36 (KHTML, like Gecko) Mobile Safari/537.36 (compatible; PetalBot;+https://webmaster.petalsearch.com/site/petalbot)"
66.249.72.8 - - [01/Nov/2025:03:48:09 -0700] "GET /?info=666822200 HTTP/1.1" 200 33129 "-" "Mozilla/5.0 (Linux; Android 6.0.1; Nexus 5X Build/MMB29P) AppleWebKit/537.36 (KHTML, like Gecko) Chrome/141.0.7390.122 Mobile Safari/537.36 (compatible; GoogleOther)"
66.249.72.8 - - [01/Nov/2025:03:48:18 -0700] "GET /?info=31667440 HTTP/1.1" 200 30678 "-" "Mozilla/5.0 (Linux; Android 6.0.1; Nexus 5X Build/MMB29P) AppleWebKit/537.36 (KHTML, like Gecko) Chrome/141.0.7390.122 Mobile Safari/537.36 (compatible; GoogleOther)"
66.249.72.8 - - [01/Nov/2025:03:48:21 -0700] "GET /?info=704530800 HTTP/1.1" 200 27730 "-" "Mozilla/5.0 (Linux; Android 6.0.1; Nexus 5X Build/MMB29P) AppleWebKit/537.36 (KHTML, like Gecko) Chrome/141.0.7390.122 Mobile Safari/537.36 (compatible; GoogleOther)"
66.249.72.8 - - [01/Nov/2025:03:48:23 -0700] "GET /?info=77751720 HTTP/1.1" 200 31025 "-" "Mozilla/5.0 (Linux; Android 6.0.1; Nexus 5X Build/MMB29P) AppleWebKit/537.36 (KHTML, like Gecko) Chrome/141.0.7390.122 Mobile Safari/537.36 (compatible; Googlebot/2.1; +http://www.google.com/bot.html)"
66.249.72.8 - - [01/Nov/2025:03:48:27 -0700] "GET /robots.txt HTTP/1.1" 200 3893 "-" "Mozilla/5.0 (compatible; Googlebot/2.1; +http://www.google.com/bot.html)"
66.249.72.8 - - [01/Nov/2025:03:48:27 -0700] "GET /?info=673326040 HTTP/1.1" 200 33508 "-" "Mozilla/5.0 (Linux; Android 6.0.1; Nexus 5X Build/MMB29P) AppleWebKit/537.36 (KHTML, like Gecko) Chrome/141.0.7390.122 Mobile Safari/537.36 (compatible; GoogleOther)"
66.249.72.8 - - [01/Nov/2025:03:48:37 -0700] "GET /?info=670627396 HTTP/1.1" 200 31445 "-" "Mozilla/5.0 (Linux; Android 6.0.1; Nexus 5X Build/MMB29P) AppleWebKit/537.36 (KHTML, like Gecko) Chrome/141.0.7390.122 Mobile Safari/537.36 (compatible; GoogleOther)"
66.249.72.8 - - [01/Nov/2025:03:48:41 -0700] "GET /?info=702058336 HTTP/1.1" 200 28623 "-" "Mozilla/5.0 (Linux; Android 6.0.1; Nexus 5X Build/MMB29P) AppleWebKit/537.36 (KHTML, like Gecko) Chrome/141.0.7390.122 Mobile Safari/537.36 (compatible; GoogleOther)"
66.249.72.8 - - [01/Nov/2025:03:48:46 -0700] "GET /?info=34740512 HTTP/1.1" 200 30611 "-" "Mozilla/5.0 (Linux; Android 6.0.1; Nexus 5X Build/MMB29P) AppleWebKit/537.36 (KHTML, like Gecko) Chrome/141.0.7390.122 Mobile Safari/537.36 (compatible; GoogleOther)"
216.73.216.32 - - [01/Nov/2025:03:48:47 -0700] "GET /movement-activities?fileloc=%2Fhome%2Fburgaska%2Fconductingmovements.com%2Fwp-admin%2Fimages%2Fimgedit-icons.png&path=%2Fhome%2Fburgaska%2Fconductingmovements.com%2Fwp-admin%2Fimages HTTP/2.0" 200 6187 "-" "Mozilla/5.0 AppleWebKit/537.36 (KHTML, like Gecko; compatible; ClaudeBot/1.0; +claudebot@anthropic.com)"
216.73.216.32 - - [01/Nov/2025:03:48:50 -0700] "GET /movement-activities?fileloc=%2Fhome%2Fburgaska%2Fconductingmovements.com%2Fwp-admin%2Fimages%2Fmenu-2x.png&path=%2Fhome%2Fburgaska%2Fconductingmovements.com%2Fwp-admin%2Fimages HTTP/2.0" 200 13777 "-" "Mozilla/5.0 AppleWebKit/537.36 (KHTML, like Gecko; compatible; ClaudeBot/1.0; +claudebot@anthropic.com)"
216.73.216.32 - - [01/Nov/2025:03:48:53 -0700] "GET /movement-activities?fileloc=%2Fhome%2Fburgaska%2Fconductingmovements.com%2Fwp-admin%2Fimages%2Fmenu.png&path=%2Fhome%2Fburgaska%2Fconductingmovements.com%2Fwp-admin%2Fimages HTTP/2.0" 200 7111 "-" "Mozilla/5.0 AppleWebKit/537.36 (KHTML, like Gecko; compatible; ClaudeBot/1.0; +claudebot@anthropic.com)"
66.249.72.8 - - [01/Nov/2025:03:48:55 -0700] "GET /?info=11336828 HTTP/1.1" 200 30693 "-" "Mozilla/5.0 (Linux; Android 6.0.1; Nexus 5X Build/MMB29P) AppleWebKit/537.36 (KHTML, like Gecko) Chrome/141.0.7390.122 Mobile Safari/537.36 (compatible; GoogleOther)"
216.73.216.32 - - [01/Nov/2025:03:48:56 -0700] "GET /movement-activities?fileloc=%2Fhome%2Fburgaska%2Fconductingmovements.com%2Fwp-admin%2Fimages%2Fabout-texture.png&path=%2Fhome%2Fburgaska%2Fconductingmovements.com%2Fwp-admin%2Fimages HTTP/2.0" 200 91173 "-" "Mozilla/5.0 AppleWebKit/537.36 (KHTML, like Gecko; compatible; ClaudeBot/1.0; +claudebot@anthropic.com)"
216.73.216.32 - - [01/Nov/2025:03:48:59 -0700] "GET /movement-activities?fileloc=%2Fhome%2Fburgaska%2Fconductingmovements.com%2Fwp-admin%2Fimages%2Fgeneric.png&path=%2Fhome%2Fburgaska%2Fconductingmovements.com%2Fwp-admin%2Fimages HTTP/2.0" 200 3404 "-" "Mozilla/5.0 AppleWebKit/537.36 (KHTML, like Gecko; compatible; ClaudeBot/1.0; +claudebot@anthropic.com)"
216.73.216.32 - - [01/Nov/2025:03:49:02 -0700] "GET /movement-activities?fileloc=%2Fhome%2Fburgaska%2Fconductingmovements.com%2Fwp-admin%2Fimages%2Fmenu-vs-2x.png&path=%2Fhome%2Fburgaska%2Fconductingmovements.com%2Fwp-admin%2Fimages HTTP/2.0" 200 13518 "-" "Mozilla/5.0 AppleWebKit/537.36 (KHTML, like Gecko; compatible; ClaudeBot/1.0; +claudebot@anthropic.com)"
66.249.72.1 - - [01/Nov/2025:03:49:02 -0700] "GET /?info=718387948 HTTP/1.1" 200 30966 "-" "Mozilla/5.0 (Linux; Android 6.0.1; Nexus 5X Build/MMB29P) AppleWebKit/537.36 (KHTML, like Gecko) Chrome/141.0.7390.122 Mobile Safari/537.36 (compatible; GoogleOther)"
66.249.72.8 - - [01/Nov/2025:03:49:06 -0700] "GET /?info=682482228 HTTP/1.1" 200 31154 "-" "Mozilla/5.0 (Linux; Android 6.0.1; Nexus 5X Build/MMB29P) AppleWebKit/537.36 (KHTML, like Gecko) Chrome/141.0.7390.122 Mobile Safari/537.36 (compatible; GoogleOther)"
66.249.72.8 - - [01/Nov/2025:03:49:14 -0700] "GET /?info=672356416 HTTP/1.1" 200 31508 "-" "Mozilla/5.0 (Linux; Android 6.0.1; Nexus 5X Build/MMB29P) AppleWebKit/537.36 (KHTML, like Gecko) Chrome/141.0.7390.122 Mobile Safari/537.36 (compatible; GoogleOther)"
66.249.72.8 - - [01/Nov/2025:03:49:23 -0700] "GET /?info=718446872 HTTP/1.1" 200 32512 "-" "Mozilla/5.0 (Linux; Android 6.0.1; Nexus 5X Build/MMB29P) AppleWebKit/537.36 (KHTML, like Gecko) Chrome/141.0.7390.122 Mobile Safari/537.36 (compatible; GoogleOther)"
115.78.228.193 - - [01/Nov/2025:03:49:26 -0700] "POST /wp-login.php HTTP/1.1" 200 7962 "https://www.conductingmovements.com/wp-admin/" "Mozilla/5.0 (Macintosh; Intel Mac OS X 11_1_2) AppleWebKit/537.36 (KHTML, like Gecko) Chrome/115.0.0.0 Safari/537.36"
115.78.228.193 - - [01/Nov/2025:03:49:26 -0700] "GET /wp-admin/ HTTP/1.1" 200 7679 "-" "Mozilla/5.0 (X11; Ubuntu; Linux x86_64) AppleWebKit/537.36 (KHTML, like Gecko) Chrome/115.0.0.0 Safari/537.36"
115.78.228.193 - - [01/Nov/2025:03:49:26 -0700] "GET /wp-admin/index.php HTTP/1.1" 200 7655 "-" "Mozilla/5.0 (Windows NT 10.0; Win64; x64; rv:118.0) Gecko/20100101 Firefox/118.0"
115.78.228.193 - - [01/Nov/2025:03:49:26 -0700] "GET /wp-admin/profile.php HTTP/1.1" 200 7655 "https://www.google.com/search?q=wordpress" "Mozilla/5.0 (Windows NT 11.0; Win64; x64) AppleWebKit/537.36 (KHTML, like Gecko) Chrome/115.0.0.0 Safari/537.36"
115.78.228.193 - - [01/Nov/2025:03:49:27 -0700] "GET /wp-admin/edit.php HTTP/1.1" 200 7655 "https://www.google.com/" "Mozilla/5.0 (Macintosh; Intel Mac OS X 10_15_7; rv:120.0) Gecko/20100101 Firefox/120.0"
66.249.72.8 - - [01/Nov/2025:03:49:27 -0700] "GET /?info=678849196 HTTP/1.1" 200 27538 "-" "Mozilla/5.0 (Linux; Android 6.0.1; Nexus 5X Build/MMB29P) AppleWebKit/537.36 (KHTML, like Gecko) Chrome/141.0.7390.122 Mobile Safari/537.36 (compatible; GoogleOther)"
115.78.228.193 - - [01/Nov/2025:03:49:27 -0700] "GET /wp-admin/plugins.php HTTP/1.1" 200 7655 "https://www.bing.com/" "Mozilla/5.0 (Macintosh; Intel Mac OS X 11_1_2) AppleWebKit/605.1.15 (KHTML, like Gecko) Version/17.0 Safari/605.1.15"
54.162.69.192 - - [01/Nov/2025:03:49:32 -0700] "GET /?path=//lib32 HTTP/1.1" 200 6006 "-" "Mozilla/5.0 AppleWebKit/537.36 (KHTML, like Gecko; compatible; Amazonbot/0.1; +https://developer.amazon.com/support/amazonbot) Chrome/119.0.6045.214 Safari/537.36"
66.249.72.8 - - [01/Nov/2025:03:49:32 -0700] "GET /robots.txt HTTP/1.1" 200 3893 "-" "Mozilla/5.0 (compatible; Googlebot/2.1; +http://www.google.com/bot.html)"
216.244.66.232 - - [01/Nov/2025:03:49:32 -0700] "GET /robots.txt HTTP/1.1" 200 3604 "-" "Mozilla/5.0 (compatible; DotBot/1.2; +https://opensiteexplorer.org/dotbot; help@moz.com)"
66.249.72.8 - - [01/Nov/2025:03:49:32 -0700] "GET /?info=698847848 HTTP/1.1" 200 31817 "-" "Mozilla/5.0 (Linux; Android 6.0.1; Nexus 5X Build/MMB29P) AppleWebKit/537.36 (KHTML, like Gecko) Chrome/141.0.7390.122 Mobile Safari/537.36 (compatible; GoogleOther)"
114.119.158.31 - - [01/Nov/2025:03:49:33 -0700] "GET /?info=316422476 HTTP/1.1" 200 7794 "https://www.conductingmovements.com/sitemap.xml" "Mozilla/5.0 (Linux; Android 7.0;) AppleWebKit/537.36 (KHTML, like Gecko) Mobile Safari/537.36 (compatible; PetalBot;+https://webmaster.petalsearch.com/site/petalbot)"
66.249.72.8 - - [01/Nov/2025:03:49:41 -0700] "GET /?info=672730576 HTTP/1.1" 200 31048 "-" "Mozilla/5.0 (Linux; Android 6.0.1; Nexus 5X Build/MMB29P) AppleWebKit/537.36 (KHTML, like Gecko) Chrome/141.0.7390.122 Mobile Safari/537.36 (compatible; GoogleOther)"
216.73.216.32 - - [01/Nov/2025:03:49:43 -0700] "GET /movement-activities?fileloc=%2Fhome%2Fburgaska%2Fconductingmovements.com%2Fwp-admin%2Fnetwork%2Fsite-settings.php&path=%2Fhome%2Fburgaska%2Fconductingmovements.com%2Fwp-admin%2Fnetwork HTTP/2.0" 200 4849 "-" "Mozilla/5.0 AppleWebKit/537.36 (KHTML, like Gecko; compatible; ClaudeBot/1.0; +claudebot@anthropic.com)"
66.249.72.8 - - [01/Nov/2025:03:49:45 -0700] "GET /?info=718480840 HTTP/1.1" 200 28421 "-" "Mozilla/5.0 (Linux; Android 6.0.1; Nexus 5X Build/MMB29P) AppleWebKit/537.36 (KHTML, like Gecko) Chrome/141.0.7390.122 Mobile Safari/537.36 (compatible; GoogleOther)"
216.73.216.32 - - [01/Nov/2025:03:49:46 -0700] "GET /movement-activities?fileloc=%2Fhome%2Fburgaska%2Fconductingmovements.com%2Fwp-admin%2Fuser%2Fmenu.php&path=%2Fhome%2Fburgaska%2Fconductingmovements.com%2Fwp-admin%2Fuser HTTP/2.0" 200 2926 "-" "Mozilla/5.0 AppleWebKit/537.36 (KHTML, like Gecko; compatible; ClaudeBot/1.0; +claudebot@anthropic.com)"
3.94.157.25 - - [01/Nov/2025:03:49:47 -0700] "GET /contact/?path=/home/burgaska/etc HTTP/1.1" 200 6405 "-" "Mozilla/5.0 AppleWebKit/537.36 (KHTML, like Gecko; compatible; Amazonbot/0.1; +https://developer.amazon.com/support/amazonbot) Chrome/119.0.6045.214 Safari/537.36"
216.73.216.32 - - [01/Nov/2025:03:49:49 -0700] "GET /movement-activities?fileloc=%2Fhome%2Fburgaska%2Fconductingmovements.com%2Fwp-admin%2Fnetwork%2Fsite-themes.php&path=%2Fhome%2Fburgaska%2Fconductingmovements.com%2Fwp-admin%2Fnetwork HTTP/2.0" 200 4911 "-" "Mozilla/5.0 AppleWebKit/537.36 (KHTML, like Gecko; compatible; ClaudeBot/1.0; +claudebot@anthropic.com)"
66.249.72.8 - - [01/Nov/2025:03:49:52 -0700] "GET /?info=12553744 HTTP/1.1" 200 31272 "-" "Mozilla/5.0 (Linux; Android 6.0.1; Nexus 5X Build/MMB29P) AppleWebKit/537.36 (KHTML, like Gecko) Chrome/141.0.7390.122 Mobile Safari/537.36 (compatible; GoogleOther)"
216.73.216.32 - - [01/Nov/2025:03:49:52 -0700] "GET /movement-activities?path=%2Fhome%2Fburgaska%2Fconductingmovements.com%2Fwp-content%2Fplugins%2Fachivadojo HTTP/2.0" 200 3226 "-" "Mozilla/5.0 AppleWebKit/537.36 (KHTML, like Gecko; compatible; ClaudeBot/1.0; +claudebot@anthropic.com)"
216.73.216.32 - - [01/Nov/2025:03:49:55 -0700] "GET /movement-activities?fileloc=%2Fhome%2Fburgaska%2Fconductingmovements.com%2Fwp-admin%2Fnetwork%2Fedit.php&path=%2Fhome%2Fburgaska%2Fconductingmovements.com%2Fwp-admin%2Fnetwork HTTP/2.0" 200 3086 "-" "Mozilla/5.0 AppleWebKit/537.36 (KHTML, like Gecko; compatible; ClaudeBot/1.0; +claudebot@anthropic.com)"
216.73.216.32 - - [01/Nov/2025:03:49:58 -0700] "GET /movement-activities?path=%2Fhome%2Fburgaska%2Fconductingmovements.com%2Fwp-content%2Fplugins%2Fwp-mail-smtp HTTP/2.0" 200 3397 "-" "Mozilla/5.0 AppleWebKit/537.36 (KHTML, like Gecko; compatible; ClaudeBot/1.0; +claudebot@anthropic.com)"
66.249.72.1 - - [01/Nov/2025:03:50:00 -0700] "GET /?info=91626364 HTTP/1.1" 200 32245 "-" "Mozilla/5.0 (Linux; Android 6.0.1; Nexus 5X Build/MMB29P) AppleWebKit/537.36 (KHTML, like Gecko) Chrome/141.0.7390.122 Mobile Safari/537.36 (compatible; GoogleOther)"
216.73.216.32 - - [01/Nov/2025:03:50:01 -0700] "GET /movement-activities?fileloc=%2Fhome%2Fburgaska%2Fconductingmovements.com%2Fwp-admin%2Fcss%2Fcode-editor-rtl.min.css&path=%2Fhome%2Fburgaska%2Fconductingmovements.com%2Fwp-admin%2Fcss HTTP/2.0" 200 3063 "-" "Mozilla/5.0 AppleWebKit/537.36 (KHTML, like Gecko; compatible; ClaudeBot/1.0; +claudebot@anthropic.com)"
66.249.72.8 - - [01/Nov/2025:03:50:05 -0700] "GET /?info=80291348 HTTP/1.1" 200 30783 "-" "Mozilla/5.0 (Linux; Android 6.0.1; Nexus 5X Build/MMB29P) AppleWebKit/537.36 (KHTML, like Gecko) Chrome/141.0.7390.122 Mobile Safari/537.36 (compatible; GoogleOther)"
66.249.72.8 - - [01/Nov/2025:03:50:09 -0700] "GET /?info=679785372 HTTP/1.1" 200 31375 "-" "Mozilla/5.0 (Linux; Android 6.0.1; Nexus 5X Build/MMB29P) AppleWebKit/537.36 (KHTML, like Gecko) Chrome/141.0.7390.122 Mobile Safari/537.36 (compatible; GoogleOther)"
66.249.72.8 - - [01/Nov/2025:03:50:19 -0700] "GET /?info=29805888 HTTP/1.1" 200 33380 "-" "Mozilla/5.0 (Linux; Android 6.0.1; Nexus 5X Build/MMB29P) AppleWebKit/537.36 (KHTML, like Gecko) Chrome/141.0.7390.122 Mobile Safari/537.36 (compatible; GoogleOther)"
66.249.72.8 - - [01/Nov/2025:03:50:26 -0700] "GET /?info=718414708 HTTP/1.1" 200 31198 "-" "Mozilla/5.0 (Linux; Android 6.0.1; Nexus 5X Build/MMB29P) AppleWebKit/537.36 (KHTML, like Gecko) Chrome/141.0.7390.122 Mobile Safari/537.36 (compatible; GoogleOther)"
66.249.72.8 - - [01/Nov/2025:03:50:29 -0700] "GET /?info=686793588 HTTP/1.1" 200 28710 "-" "Mozilla/5.0 (Linux; Android 6.0.1; Nexus 5X Build/MMB29P) AppleWebKit/537.36 (KHTML, like Gecko) Chrome/141.0.7390.122 Mobile Safari/537.36 (compatible; GoogleOther)"
66.249.72.8 - - [01/Nov/2025:03:50:37 -0700] "GET /robots.txt HTTP/1.1" 200 3893 "-" "Mozilla/5.0 (compatible; Googlebot/2.1; +http://www.google.com/bot.html)"
66.249.72.8 - - [01/Nov/2025:03:50:39 -0700] "GET /?info=689419672 HTTP/1.1" 200 31938 "-" "Mozilla/5.0 (Linux; Android 6.0.1; Nexus 5X Build/MMB29P) AppleWebKit/537.36 (KHTML, like Gecko) Chrome/141.0.7390.122 Mobile Safari/537.36 (compatible; GoogleOther)"
66.249.72.8 - - [01/Nov/2025:03:50:47 -0700] "GET /?info=679983524 HTTP/1.1" 200 31338 "-" "Mozilla/5.0 (Linux; Android 6.0.1; Nexus 5X Build/MMB29P) AppleWebKit/537.36 (KHTML, like Gecko) Chrome/141.0.7390.122 Mobile Safari/537.36 (compatible; GoogleOther)"
114.119.133.53 - - [01/Nov/2025:03:50:52 -0700] "GET /?info=316421956 HTTP/1.1" 200 7794 "https://www.conductingmovements.com/sitemap.xml" "Mozilla/5.0 (Linux; Android 7.0;) AppleWebKit/537.36 (KHTML, like Gecko) Mobile Safari/537.36 (compatible; PetalBot;+https://webmaster.petalsearch.com/site/petalbot)"
66.249.72.8 - - [01/Nov/2025:03:50:52 -0700] "GET /?info=669326316 HTTP/1.1" 200 35326 "-" "Mozilla/5.0 (Linux; Android 6.0.1; Nexus 5X Build/MMB29P) AppleWebKit/537.36 (KHTML, like Gecko) Chrome/141.0.7390.122 Mobile Safari/537.36 (compatible; GoogleOther)"
66.249.72.8 - - [01/Nov/2025:03:50:56 -0700] "GET /?info=104534212 HTTP/1.1" 200 28684 "-" "Mozilla/5.0 (Linux; Android 6.0.1; Nexus 5X Build/MMB29P) AppleWebKit/537.36 (KHTML, like Gecko) Chrome/141.0.7390.122 Mobile Safari/537.36 (compatible; GoogleOther)"
66.249.72.2 - - [01/Nov/2025:03:51:01 -0700] "GET /?info=80104256 HTTP/1.1" 200 31802 "-" "Mozilla/5.0 (Linux; Android 6.0.1; Nexus 5X Build/MMB29P) AppleWebKit/537.36 (KHTML, like Gecko) Chrome/141.0.7390.122 Mobile Safari/537.36 (compatible; Googlebot/2.1; +http://www.google.com/bot.html)"
54.90.244.132 - - [01/Nov/2025:03:51:03 -0700] "GET /choreographs/?path=/home/burgaska/conductingmovements.com/wp-admin/images HTTP/1.1" 200 9913 "-" "Mozilla/5.0 AppleWebKit/537.36 (KHTML, like Gecko; compatible; Amazonbot/0.1; +https://developer.amazon.com/support/amazonbot) Chrome/119.0.6045.214 Safari/537.36"
66.249.72.8 - - [01/Nov/2025:03:51:05 -0700] "GET /?info=35981376 HTTP/1.1" 200 31694 "-" "Mozilla/5.0 (Linux; Android 6.0.1; Nexus 5X Build/MMB29P) AppleWebKit/537.36 (KHTML, like Gecko) Chrome/141.0.7390.122 Mobile Safari/537.36 (compatible; GoogleOther)"
66.249.72.8 - - [01/Nov/2025:03:51:08 -0700] "GET /?info=25532876 HTTP/1.1" 200 26161 "-" "Mozilla/5.0 (Linux; Android 6.0.1; Nexus 5X Build/MMB29P) AppleWebKit/537.36 (KHTML, like Gecko) Chrome/141.0.7390.122 Mobile Safari/537.36 (compatible; GoogleOther)"
66.249.72.1 - - [01/Nov/2025:03:51:08 -0700] "GET /?info=80102980 HTTP/1.1" 200 31465 "-" "Mozilla/5.0 (Linux; Android 6.0.1; Nexus 5X Build/MMB29P) AppleWebKit/537.36 (KHTML, like Gecko) Chrome/141.0.7390.122 Mobile Safari/537.36 (compatible; Googlebot/2.1; +http://www.google.com/bot.html)"
52.5.242.243 - - [01/Nov/2025:03:51:12 -0700] "GET /contact/?path=/home/burgaska/conductingmovements.com/wp/wp-admin HTTP/1.1" 200 10778 "-" "Mozilla/5.0 AppleWebKit/537.36 (KHTML, like Gecko; compatible; Amazonbot/0.1; +https://developer.amazon.com/support/amazonbot) Chrome/119.0.6045.214 Safari/537.36"
66.249.72.8 - - [01/Nov/2025:03:51:14 -0700] "GET /?info=37643500 HTTP/1.1" 200 30730 "-" "Mozilla/5.0 (Linux; Android 6.0.1; Nexus 5X Build/MMB29P) AppleWebKit/537.36 (KHTML, like Gecko) Chrome/141.0.7390.122 Mobile Safari/537.36 (compatible; GoogleOther)"
