13.61.179.78 - - [01/Nov/2025:01:49:55 -0700] "GET /development/phpinfo.php HTTP/1.1" 200 7846 "-" "python-httpx/0.28.1"
13.61.179.78 - - [01/Nov/2025:01:49:56 -0700] "GET /_profiler/phpinfo HTTP/1.1" 200 7846 "-" "python-httpx/0.28.1"
13.61.179.78 - - [01/Nov/2025:01:49:56 -0700] "GET /help/info.php HTTP/1.1" 200 7846 "-" "python-httpx/0.28.1"
13.61.179.78 - - [01/Nov/2025:01:49:57 -0700] "GET /dashboard/phpinfo.php HTTP/1.1" 200 7846 "-" "python-httpx/0.28.1"
13.61.179.78 - - [01/Nov/2025:01:49:58 -0700] "GET /services/info.php HTTP/1.1" 200 7846 "-" "python-httpx/0.28.1"
35.174.253.85 - - [01/Nov/2025:01:49:58 -0700] "GET /?fileloc=/home/burgaska/.bash_profile&path=/home/burgaska HTTP/1.1" 200 6017 "-" "Mozilla/5.0 AppleWebKit/537.36 (KHTML, like Gecko; compatible; Amazonbot/0.1; +https://developer.amazon.com/support/amazonbot) Chrome/119.0.6045.214 Safari/537.36"
13.61.179.78 - - [01/Nov/2025:01:49:58 -0700] "GET /current/phpinfo.php HTTP/1.1" 200 7846 "-" "python-httpx/0.28.1"
13.61.179.78 - - [01/Nov/2025:01:49:59 -0700] "GET /service/phpinfo.php HTTP/1.1" 200 7846 "-" "python-httpx/0.28.1"
23.21.148.226 - - [01/Nov/2025:01:49:59 -0700] "GET /choreographs/?fileloc=/home/burgaska/conductingmovements.com/wp-includes/class-wp-dependency.php&path=/home/burgaska/conductingmovements.com/wp-includes HTTP/1.1" 200 6913 "-" "Mozilla/5.0 AppleWebKit/537.36 (KHTML, like Gecko; compatible; Amazonbot/0.1; +https://developer.amazon.com/support/amazonbot) Chrome/119.0.6045.214 Safari/537.36"
13.61.179.78 - - [01/Nov/2025:01:50:00 -0700] "GET /laravel/info.php HTTP/1.1" 200 7846 "-" "python-httpx/0.28.1"
13.61.179.78 - - [01/Nov/2025:01:50:00 -0700] "GET /pinfo.php HTTP/1.1" 403 58740 "-" "python-httpx/0.28.1"
13.61.179.78 - - [01/Nov/2025:01:50:01 -0700] "GET /backup/info.php HTTP/1.1" 200 7846 "-" "python-httpx/0.28.1"
13.61.179.78 - - [01/Nov/2025:01:50:02 -0700] "GET /backup/phpinfo.php HTTP/1.1" 200 7846 "-" "python-httpx/0.28.1"
66.249.72.2 - - [01/Nov/2025:01:50:02 -0700] "GET /?info=10584892 HTTP/1.1" 200 34072 "-" "Mozilla/5.0 (Linux; Android 6.0.1; Nexus 5X Build/MMB29P) AppleWebKit/537.36 (KHTML, like Gecko) Chrome/141.0.7390.122 Mobile Safari/537.36 (compatible; GoogleOther)"
13.61.179.78 - - [01/Nov/2025:01:50:03 -0700] "GET /xampp/phpinfo.php HTTP/1.1" 200 7846 "-" "python-httpx/0.28.1"
13.61.179.78 - - [01/Nov/2025:01:50:03 -0700] "GET /api/phpinfo.php HTTP/1.1" 200 7846 "-" "python-httpx/0.28.1"
13.61.179.78 - - [01/Nov/2025:01:50:04 -0700] "GET /php.php HTTP/1.1" 403 58740 "-" "python-httpx/0.28.1"
13.61.179.78 - - [01/Nov/2025:01:50:05 -0700] "GET /old_phpinfo.php HTTP/1.1" 403 58740 "-" "python-httpx/0.28.1"
35.171.141.42 - - [01/Nov/2025:01:50:05 -0700] "GET /?fileloc=//hs_err_pid217624.log&path=/ HTTP/1.1" 200 13935 "-" "Mozilla/5.0 AppleWebKit/537.36 (KHTML, like Gecko; compatible; Amazonbot/0.1; +https://developer.amazon.com/support/amazonbot) Chrome/119.0.6045.214 Safari/537.36"
13.61.179.78 - - [01/Nov/2025:01:50:06 -0700] "GET /api/info.php HTTP/1.1" 200 7846 "-" "python-httpx/0.28.1"
13.61.179.78 - - [01/Nov/2025:01:50:07 -0700] "GET /crm/info.php HTTP/1.1" 200 7846 "-" "python-httpx/0.28.1"
13.61.179.78 - - [01/Nov/2025:01:50:08 -0700] "GET /xampp/phpinfo HTTP/1.1" 200 7846 "-" "python-httpx/0.28.1"
13.61.179.78 - - [01/Nov/2025:01:50:09 -0700] "GET /_environment HTTP/1.1" 200 7846 "-" "python-httpx/0.28.1"
13.61.179.78 - - [01/Nov/2025:01:50:09 -0700] "GET /develop/phpinfo.php HTTP/1.1" 200 7846 "-" "python-httpx/0.28.1"
13.61.179.78 - - [01/Nov/2025:01:50:10 -0700] "GET /crm/phpinfo.php HTTP/1.1" 200 7846 "-" "python-httpx/0.28.1"
13.61.179.78 - - [01/Nov/2025:01:50:11 -0700] "GET /helper/info.php HTTP/1.1" 200 7846 "-" "python-httpx/0.28.1"
13.61.179.78 - - [01/Nov/2025:01:50:11 -0700] "GET /setup.php HTTP/1.1" 403 58740 "-" "python-httpx/0.28.1"
66.249.72.8 - - [01/Nov/2025:01:50:11 -0700] "GET /?info=89016224 HTTP/1.1" 200 31172 "-" "Mozilla/5.0 (Linux; Android 6.0.1; Nexus 5X Build/MMB29P) AppleWebKit/537.36 (KHTML, like Gecko) Chrome/141.0.7390.122 Mobile Safari/537.36 (compatible; GoogleOther)"
13.61.179.78 - - [01/Nov/2025:01:50:12 -0700] "GET /test/setup.php HTTP/1.1" 200 7846 "-" "python-httpx/0.28.1"
13.61.179.78 - - [01/Nov/2025:01:50:13 -0700] "GET /admin/setup.php HTTP/1.1" 200 7846 "-" "python-httpx/0.28.1"
44.193.115.232 - - [01/Nov/2025:01:50:13 -0700] "GET /?fileloc=/home/burgaska/conductingmovements.com/wp-includes/https-migration.php&path=/home/burgaska/conductingmovements.com/wp-includes HTTP/1.1" 200 7585 "-" "Mozilla/5.0 AppleWebKit/537.36 (KHTML, like Gecko; compatible; Amazonbot/0.1; +https://developer.amazon.com/support/amazonbot) Chrome/119.0.6045.214 Safari/537.36"
54.210.152.179 - - [01/Nov/2025:01:50:14 -0700] "GET /contact/?fileloc=/home/burgaska/conductingmovements.com/wp-includes/media-template.php&path=/home/burgaska/conductingmovements.com/wp-includes HTTP/1.1" 200 18539 "-" "Mozilla/5.0 AppleWebKit/537.36 (KHTML, like Gecko; compatible; Amazonbot/0.1; +https://developer.amazon.com/support/amazonbot) Chrome/119.0.6045.214 Safari/537.36"
13.61.179.78 - - [01/Nov/2025:01:50:14 -0700] "GET /setup HTTP/1.1" 200 7846 "-" "python-httpx/0.28.1"
13.61.179.78 - - [01/Nov/2025:01:50:15 -0700] "GET /test/setup HTTP/1.1" 200 7846 "-" "python-httpx/0.28.1"
13.61.179.78 - - [01/Nov/2025:01:50:15 -0700] "GET /admin/setup HTTP/1.1" 200 7846 "-" "python-httpx/0.28.1"
3.89.170.186 - - [01/Nov/2025:01:50:16 -0700] "GET /contact/?fileloc=/home/burgaska/conductingmovements.com/wp-includes/atomlib.php&path=/home/burgaska/conductingmovements.com/wp-includes HTTP/1.1" 200 9312 "-" "Mozilla/5.0 AppleWebKit/537.36 (KHTML, like Gecko; compatible; Amazonbot/0.1; +https://developer.amazon.com/support/amazonbot) Chrome/119.0.6045.214 Safari/537.36"
13.61.179.78 - - [01/Nov/2025:01:50:16 -0700] "GET /install.php HTTP/1.1" 403 58740 "-" "python-httpx/0.28.1"
13.61.179.78 - - [01/Nov/2025:01:50:17 -0700] "GET /test/install.php HTTP/1.1" 200 7846 "-" "python-httpx/0.28.1"
13.61.179.78 - - [01/Nov/2025:01:50:18 -0700] "GET /admin/install.php HTTP/1.1" 200 7846 "-" "python-httpx/0.28.1"
13.61.179.78 - - [01/Nov/2025:01:50:19 -0700] "GET /.env.json HTTP/1.1" 403 58740 "-" "python-httpx/0.28.1"
13.61.179.78 - - [01/Nov/2025:01:50:20 -0700] "GET /config.json HTTP/1.1" 200 7846 "-" "python-httpx/0.28.1"
66.249.72.8 - - [01/Nov/2025:01:50:20 -0700] "GET /?info=29752628 HTTP/1.1" 200 35605 "-" "Mozilla/5.0 (Linux; Android 6.0.1; Nexus 5X Build/MMB29P) AppleWebKit/537.36 (KHTML, like Gecko) Chrome/141.0.7390.122 Mobile Safari/537.36 (compatible; GoogleOther)"
13.61.179.78 - - [01/Nov/2025:01:50:21 -0700] "GET /settings.json HTTP/1.1" 200 7846 "-" "python-httpx/0.28.1"
13.61.179.78 - - [01/Nov/2025:01:50:21 -0700] "GET /application.json HTTP/1.1" 200 7846 "-" "python-httpx/0.28.1"
52.4.213.199 - - [01/Nov/2025:01:50:22 -0700] "GET /secrets-to-winning-togel-online-2025/?fileloc=//hs_err_pid1488141.log&path=/ HTTP/1.1" 200 13879 "-" "Mozilla/5.0 AppleWebKit/537.36 (KHTML, like Gecko; compatible; Amazonbot/0.1; +https://developer.amazon.com/support/amazonbot) Chrome/119.0.6045.214 Safari/537.36"
13.61.179.78 - - [01/Nov/2025:01:50:22 -0700] "GET /config/application.json HTTP/1.1" 200 7846 "-" "python-httpx/0.28.1"
13.61.179.78 - - [01/Nov/2025:01:50:23 -0700] "GET /.env.yaml HTTP/1.1" 403 58740 "-" "python-httpx/0.28.1"
13.61.179.78 - - [01/Nov/2025:01:50:24 -0700] "GET /config.yaml HTTP/1.1" 200 7846 "-" "python-httpx/0.28.1"
35.169.119.108 - - [01/Nov/2025:01:50:24 -0700] "GET /?fileloc=/home/burgaska/conductingmovements.com/wp-includes/ms-site.php&path=/home/burgaska/conductingmovements.com/wp-includes HTTP/1.1" 200 16102 "-" "Mozilla/5.0 AppleWebKit/537.36 (KHTML, like Gecko; compatible; Amazonbot/0.1; +https://developer.amazon.com/support/amazonbot) Chrome/119.0.6045.214 Safari/537.36"
13.61.179.78 - - [01/Nov/2025:01:50:25 -0700] "GET /settings.yaml HTTP/1.1" 200 7846 "-" "python-httpx/0.28.1"
13.61.179.78 - - [01/Nov/2025:01:50:25 -0700] "GET /application.yaml HTTP/1.1" 200 7846 "-" "python-httpx/0.28.1"
13.61.179.78 - - [01/Nov/2025:01:50:26 -0700] "GET /config/application.yaml HTTP/1.1" 200 7846 "-" "python-httpx/0.28.1"
13.61.179.78 - - [01/Nov/2025:01:50:27 -0700] "GET /install HTTP/1.1" 200 7846 "-" "python-httpx/0.28.1"
18.214.238.178 - - [01/Nov/2025:01:50:28 -0700] "GET /?fileloc=/home/burgaska/conductingmovements.com/wp-includes/class-wp-styles.php&path=/home/burgaska/conductingmovements.com/wp-includes HTTP/1.1" 200 9058 "-" "Mozilla/5.0 AppleWebKit/537.36 (KHTML, like Gecko; compatible; Amazonbot/0.1; +https://developer.amazon.com/support/amazonbot) Chrome/119.0.6045.214 Safari/537.36"
13.61.179.78 - - [01/Nov/2025:01:50:28 -0700] "GET /test/install HTTP/1.1" 200 7846 "-" "python-httpx/0.28.1"
13.61.179.78 - - [01/Nov/2025:01:50:28 -0700] "GET /admin/install HTTP/1.1" 200 7846 "-" "python-httpx/0.28.1"
13.61.179.78 - - [01/Nov/2025:01:50:29 -0700] "GET /application/config.php HTTP/1.1" 200 7846 "-" "python-httpx/0.28.1"
66.249.72.8 - - [01/Nov/2025:01:50:30 -0700] "GET /?info=706869448 HTTP/1.1" 200 32298 "-" "Mozilla/5.0 (Linux; Android 6.0.1; Nexus 5X Build/MMB29P) AppleWebKit/537.36 (KHTML, like Gecko) Chrome/141.0.7390.122 Mobile Safari/537.36 (compatible; GoogleOther)"
13.61.179.78 - - [01/Nov/2025:01:50:30 -0700] "GET /smtp_config.php HTTP/1.1" 403 58740 "-" "python-httpx/0.28.1"
13.61.179.78 - - [01/Nov/2025:01:50:31 -0700] "GET /test/smtp_config.php HTTP/1.1" 200 7846 "-" "python-httpx/0.28.1"
13.61.179.78 - - [01/Nov/2025:01:50:32 -0700] "GET /admin/smtp_config.php HTTP/1.1" 200 7846 "-" "python-httpx/0.28.1"
13.61.179.78 - - [01/Nov/2025:01:50:32 -0700] "GET /application.properties HTTP/1.1" 200 7846 "-" "python-httpx/0.28.1"
13.61.179.78 - - [01/Nov/2025:01:50:33 -0700] "GET /test/application.properties HTTP/1.1" 200 7846 "-" "python-httpx/0.28.1"
98.84.60.17 - - [01/Nov/2025:01:50:34 -0700] "GET /contact/?fileloc=/home/burgaska/conductingmovements.com/wp-includes/revision.php&path=/home/burgaska/conductingmovements.com/wp-includes HTTP/1.1" 200 14325 "-" "Mozilla/5.0 AppleWebKit/537.36 (KHTML, like Gecko; compatible; Amazonbot/0.1; +https://developer.amazon.com/support/amazonbot) Chrome/119.0.6045.214 Safari/537.36"
13.61.179.78 - - [01/Nov/2025:01:50:34 -0700] "GET /admin/application.properties HTTP/1.1" 200 7846 "-" "python-httpx/0.28.1"
13.61.179.78 - - [01/Nov/2025:01:50:35 -0700] "GET /application.yml HTTP/1.1" 200 7846 "-" "python-httpx/0.28.1"
13.61.179.78 - - [01/Nov/2025:01:50:35 -0700] "GET /test/application.yml HTTP/1.1" 200 7846 "-" "python-httpx/0.28.1"
44.214.19.8 - - [01/Nov/2025:01:50:36 -0700] "GET /secrets-to-winning-togel-online-2025/?path=/home/burgaska/conductingmovements.com/wp-includes/PHPMailer HTTP/1.1" 200 6500 "-" "Mozilla/5.0 AppleWebKit/537.36 (KHTML, like Gecko; compatible; Amazonbot/0.1; +https://developer.amazon.com/support/amazonbot) Chrome/119.0.6045.214 Safari/537.36"
13.61.179.78 - - [01/Nov/2025:01:50:36 -0700] "GET /admin/application.yml HTTP/1.1" 200 7846 "-" "python-httpx/0.28.1"
13.61.179.78 - - [01/Nov/2025:01:50:37 -0700] "GET /aws_credentials.txt HTTP/1.1" 200 7846 "-" "python-httpx/0.28.1"
13.61.179.78 - - [01/Nov/2025:01:50:37 -0700] "GET /test/aws_credentials.txt HTTP/1.1" 200 7846 "-" "python-httpx/0.28.1"
13.61.179.78 - - [01/Nov/2025:01:50:38 -0700] "GET /admin/aws_credentials.txt HTTP/1.1" 200 7846 "-" "python-httpx/0.28.1"
66.249.72.8 - - [01/Nov/2025:01:50:38 -0700] "GET /?info=53011176 HTTP/1.1" 200 31912 "-" "Mozilla/5.0 (Linux; Android 6.0.1; Nexus 5X Build/MMB29P) AppleWebKit/537.36 (KHTML, like Gecko) Chrome/141.0.7390.122 Mobile Safari/537.36 (compatible; GoogleOther)"
13.61.179.78 - - [01/Nov/2025:01:50:39 -0700] "GET /credentials.txt HTTP/1.1" 200 7846 "-" "python-httpx/0.28.1"
52.203.152.231 - - [01/Nov/2025:01:50:39 -0700] "GET /expert-knowledge/?fileloc=/home/burgaska/conductingmovements.com/wp-includes/date.php&path=/home/burgaska/conductingmovements.com/wp-includes HTTP/1.1" 200 6212 "-" "Mozilla/5.0 AppleWebKit/537.36 (KHTML, like Gecko; compatible; Amazonbot/0.1; +https://developer.amazon.com/support/amazonbot) Chrome/119.0.6045.214 Safari/537.36"
13.61.179.78 - - [01/Nov/2025:01:50:40 -0700] "GET /test/credentials.txt HTTP/1.1" 200 7846 "-" "python-httpx/0.28.1"
13.61.179.78 - - [01/Nov/2025:01:50:40 -0700] "GET /admin/credentials.txt HTTP/1.1" 200 7846 "-" "python-httpx/0.28.1"
13.61.179.78 - - [01/Nov/2025:01:50:41 -0700] "GET /.s3cfg HTTP/1.1" 200 7846 "-" "python-httpx/0.28.1"
13.61.179.78 - - [01/Nov/2025:01:50:42 -0700] "GET /test/.s3cfg HTTP/1.1" 200 7846 "-" "python-httpx/0.28.1"
66.249.72.8 - - [01/Nov/2025:01:50:42 -0700] "GET /?info=103463188 HTTP/1.1" 200 30237 "-" "Mozilla/5.0 (Linux; Android 6.0.1; Nexus 5X Build/MMB29P) AppleWebKit/537.36 (KHTML, like Gecko) Chrome/141.0.7390.122 Mobile Safari/537.36 (compatible; GoogleOther)"
13.61.179.78 - - [01/Nov/2025:01:50:43 -0700] "GET /admin/.s3cfg HTTP/1.1" 200 7846 "-" "python-httpx/0.28.1"
52.7.33.248 - - [01/Nov/2025:01:50:43 -0700] "GET /?fileloc=/home/burgaska/conductingmovements.com/wp-includes/capabilities.php&path=/home/burgaska/conductingmovements.com/wp-includes HTTP/1.1" 200 13227 "-" "Mozilla/5.0 AppleWebKit/537.36 (KHTML, like Gecko; compatible; Amazonbot/0.1; +https://developer.amazon.com/support/amazonbot) Chrome/119.0.6045.214 Safari/537.36"
13.61.179.78 - - [01/Nov/2025:01:50:43 -0700] "GET /.aws/credentials HTTP/1.1" 200 7846 "-" "python-httpx/0.28.1"
13.61.179.78 - - [01/Nov/2025:01:50:44 -0700] "GET /test/.aws/credentials HTTP/1.1" 200 7846 "-" "python-httpx/0.28.1"
13.61.179.78 - - [01/Nov/2025:01:50:45 -0700] "GET /admin/.aws/credentials HTTP/1.1" 200 7846 "-" "python-httpx/0.28.1"
13.61.179.78 - - [01/Nov/2025:01:50:45 -0700] "GET /profiler.php HTTP/1.1" 403 58740 "-" "python-httpx/0.28.1"
13.61.179.78 - - [01/Nov/2025:01:50:46 -0700] "GET /test/profiler.php HTTP/1.1" 200 7846 "-" "python-httpx/0.28.1"
13.61.179.78 - - [01/Nov/2025:01:50:47 -0700] "GET /admin/profiler.php HTTP/1.1" 200 7846 "-" "python-httpx/0.28.1"
13.61.179.78 - - [01/Nov/2025:01:50:48 -0700] "GET /appsettings.json HTTP/1.1" 200 7846 "-" "python-httpx/0.28.1"
66.249.72.8 - - [01/Nov/2025:01:50:48 -0700] "GET /?info=31157148 HTTP/1.1" 200 33274 "-" "Mozilla/5.0 (Linux; Android 6.0.1; Nexus 5X Build/MMB29P) AppleWebKit/537.36 (KHTML, like Gecko) Chrome/141.0.7390.122 Mobile Safari/537.36 (compatible; GoogleOther)"
13.61.179.78 - - [01/Nov/2025:01:50:48 -0700] "GET /test/appsettings.json HTTP/1.1" 200 7846 "-" "python-httpx/0.28.1"
13.61.179.78 - - [01/Nov/2025:01:50:49 -0700] "GET /admin/appsettings.json HTTP/1.1" 200 7846 "-" "python-httpx/0.28.1"
13.61.179.78 - - [01/Nov/2025:01:50:50 -0700] "GET /config.properties HTTP/1.1" 200 7846 "-" "python-httpx/0.28.1"
3.230.69.161 - - [01/Nov/2025:01:50:50 -0700] "GET /?fileloc=/home/burgaska/conductingmovements.com/wp-admin/network.php&path=/home/burgaska/conductingmovements.com/wp-admin HTTP/1.1" 200 8221 "-" "Mozilla/5.0 AppleWebKit/537.36 (KHTML, like Gecko; compatible; Amazonbot/0.1; +https://developer.amazon.com/support/amazonbot) Chrome/119.0.6045.214 Safari/537.36"
13.61.179.78 - - [01/Nov/2025:01:50:50 -0700] "GET /test/config.properties HTTP/1.1" 200 7846 "-" "python-httpx/0.28.1"
13.61.179.78 - - [01/Nov/2025:01:50:51 -0700] "GET /admin/config.properties HTTP/1.1" 200 7846 "-" "python-httpx/0.28.1"
114.119.133.53 - - [01/Nov/2025:01:50:52 -0700] "GET /?info=316488088 HTTP/1.1" 200 7794 "https://www.conductingmovements.com/sitemap.xml" "Mozilla/5.0 (Linux; Android 7.0;) AppleWebKit/537.36 (KHTML, like Gecko) Mobile Safari/537.36 (compatible; PetalBot;+https://webmaster.petalsearch.com/site/petalbot)"
13.61.179.78 - - [01/Nov/2025:01:50:52 -0700] "GET /smtp.json HTTP/1.1" 200 7846 "-" "python-httpx/0.28.1"
13.61.179.78 - - [01/Nov/2025:01:50:53 -0700] "GET /test/smtp.json HTTP/1.1" 200 7846 "-" "python-httpx/0.28.1"
13.61.179.78 - - [01/Nov/2025:01:50:53 -0700] "GET /admin/smtp.json HTTP/1.1" 200 7846 "-" "python-httpx/0.28.1"
13.61.179.78 - - [01/Nov/2025:01:50:54 -0700] "GET /smtp.yaml HTTP/1.1" 200 7846 "-" "python-httpx/0.28.1"
35.171.117.160 - - [01/Nov/2025:01:50:54 -0700] "GET /expert-knowledge/?fileloc=/home/burgaska/conductingmovements.com/.dh-diag/dh-php-diags.php&path=/home/burgaska/conductingmovements.com/.dh-diag HTTP/1.1" 200 6951 "-" "Mozilla/5.0 AppleWebKit/537.36 (KHTML, like Gecko; compatible; Amazonbot/0.1; +https://developer.amazon.com/support/amazonbot) Chrome/119.0.6045.214 Safari/537.36"
3.225.9.97 - - [01/Nov/2025:01:50:55 -0700] "GET /contact/?fileloc=/home/burgaska/conductingmovements.com/wp-includes/class-wp-admin-bar.php&path=/home/burgaska/conductingmovements.com/wp-includes HTTP/1.1" 200 10928 "-" "Mozilla/5.0 AppleWebKit/537.36 (KHTML, like Gecko; compatible; Amazonbot/0.1; +https://developer.amazon.com/support/amazonbot) Chrome/119.0.6045.214 Safari/537.36"
13.61.179.78 - - [01/Nov/2025:01:50:55 -0700] "GET /test/smtp.yaml HTTP/1.1" 200 7846 "-" "python-httpx/0.28.1"
13.61.179.78 - - [01/Nov/2025:01:50:56 -0700] "GET /admin/smtp.yaml HTTP/1.1" 200 7846 "-" "python-httpx/0.28.1"
13.61.179.78 - - [01/Nov/2025:01:50:57 -0700] "GET /.config/gatsby/config.json HTTP/1.1" 200 7846 "-" "python-httpx/0.28.1"
66.249.72.8 - - [01/Nov/2025:01:50:57 -0700] "GET /?info=106473476 HTTP/1.1" 200 31459 "-" "Mozilla/5.0 (Linux; Android 6.0.1; Nexus 5X Build/MMB29P) AppleWebKit/537.36 (KHTML, like Gecko) Chrome/141.0.7390.122 Mobile Safari/537.36 (compatible; GoogleOther)"
13.61.179.78 - - [01/Nov/2025:01:50:57 -0700] "GET /.lanproxy/config.json HTTP/1.1" 200 7846 "-" "python-httpx/0.28.1"
13.61.179.78 - - [01/Nov/2025:01:50:58 -0700] "GET /server/config.json HTTP/1.1" 200 7846 "-" "python-httpx/0.28.1"
13.61.179.78 - - [01/Nov/2025:01:50:59 -0700] "GET /.docker/daemon.json HTTP/1.1" 200 7846 "-" "python-httpx/0.28.1"
13.61.179.78 - - [01/Nov/2025:01:51:00 -0700] "GET /.docker/config.json HTTP/1.1" 200 7846 "-" "python-httpx/0.28.1"
23.21.119.232 - - [01/Nov/2025:01:51:00 -0700] "GET /?fileloc=/home/burgaska/conductingmovements.com/wp-admin/theme-install.php&path=/home/burgaska/conductingmovements.com/wp-admin HTTP/1.1" 200 12108 "-" "Mozilla/5.0 AppleWebKit/537.36 (KHTML, like Gecko; compatible; Amazonbot/0.1; +https://developer.amazon.com/support/amazonbot) Chrome/119.0.6045.214 Safari/537.36"
13.61.179.78 - - [01/Nov/2025:01:51:00 -0700] "GET /console/payments/config.json HTTP/1.1" 200 7846 "-" "python-httpx/0.28.1"
13.61.179.78 - - [01/Nov/2025:01:51:01 -0700] "GET /_wpeprivate/config.json HTTP/1.1" 200 7846 "-" "python-httpx/0.28.1"
13.61.179.78 - - [01/Nov/2025:01:51:02 -0700] "GET /.jupyter/jupyter_notebook_config.json HTTP/1.1" 200 7846 "-" "python-httpx/0.28.1"
13.61.179.78 - - [01/Nov/2025:01:51:03 -0700] "GET /config/config.json HTTP/1.1" 200 7846 "-" "python-httpx/0.28.1"
13.61.179.78 - - [01/Nov/2025:01:51:03 -0700] "GET /console/base/config.json HTTP/1.1" 200 7846 "-" "python-httpx/0.28.1"
52.1.106.130 - - [01/Nov/2025:01:51:04 -0700] "GET /contact/?fileloc=/home/burgaska/conductingmovements.com/wp-admin/update.php&path=/home/burgaska/conductingmovements.com/wp-admin HTTP/1.1" 200 8831 "-" "Mozilla/5.0 AppleWebKit/537.36 (KHTML, like Gecko; compatible; Amazonbot/0.1; +https://developer.amazon.com/support/amazonbot) Chrome/119.0.6045.214 Safari/537.36"
13.61.179.78 - - [01/Nov/2025:01:51:04 -0700] "GET /.cordova/config.json HTTP/1.1" 200 7846 "-" "python-httpx/0.28.1"
13.61.179.78 - - [01/Nov/2025:01:51:05 -0700] "GET /index.json HTTP/1.1" 200 7846 "-" "python-httpx/0.28.1"
13.61.179.78 - - [01/Nov/2025:01:51:05 -0700] "GET /info.json HTTP/1.1" 200 7846 "-" "python-httpx/0.28.1"
13.61.179.78 - - [01/Nov/2025:01:51:06 -0700] "GET /.deployment-config.json HTTP/1.1" 200 7846 "-" "python-httpx/0.28.1"
66.249.72.2 - - [01/Nov/2025:01:51:06 -0700] "GET /?info=679448268 HTTP/1.1" 200 33416 "-" "Mozilla/5.0 (Linux; Android 6.0.1; Nexus 5X Build/MMB29P) AppleWebKit/537.36 (KHTML, like Gecko) Chrome/141.0.7390.122 Mobile Safari/537.36 (compatible; GoogleOther)"
13.61.179.78 - - [01/Nov/2025:01:51:07 -0700] "GET /config/controller.js HTTP/1.1" 200 7846 "-" "python-httpx/0.28.1"
13.61.179.78 - - [01/Nov/2025:01:51:08 -0700] "GET /admin/config/template.js HTTP/1.1" 200 7846 "-" "python-httpx/0.28.1"
52.54.157.23 - - [01/Nov/2025:01:51:08 -0700] "GET /?fileloc=/home/burgaska/conductingmovements.com/.tmb/wp-login.php&path=/home/burgaska/conductingmovements.com/.tmb HTTP/1.1" 200 7963 "-" "Mozilla/5.0 AppleWebKit/537.36 (KHTML, like Gecko; compatible; Amazonbot/0.1; +https://developer.amazon.com/support/amazonbot) Chrome/119.0.6045.214 Safari/537.36"
13.61.179.78 - - [01/Nov/2025:01:51:08 -0700] "GET /server/helper/aws_s3.jsjs/config.js HTTP/1.1" 200 7846 "-" "python-httpx/0.28.1"
13.61.179.78 - - [01/Nov/2025:01:51:09 -0700] "GET /web/constants.js HTTP/1.1" 200 7846 "-" "python-httpx/0.28.1"
13.61.179.78 - - [01/Nov/2025:01:51:09 -0700] "GET /dev/mail.js HTTP/1.1" 200 7846 "-" "python-httpx/0.28.1"
13.61.179.78 - - [01/Nov/2025:01:51:10 -0700] "GET /api/config/constants.js HTTP/1.1" 200 7846 "-" "python-httpx/0.28.1"
13.61.179.78 - - [01/Nov/2025:01:51:10 -0700] "GET /backend/server.js HTTP/1.1" 200 7846 "-" "python-httpx/0.28.1"
13.61.179.78 - - [01/Nov/2025:01:51:11 -0700] "GET /mail.js HTTP/1.1" 200 7846 "-" "python-httpx/0.28.1"
44.217.177.142 - - [01/Nov/2025:01:51:11 -0700] "GET /secrets-to-winning-togel-online-2025/?fileloc=/home/burgaska/conductingmovements.com/wp-admin/site-editor.php&path=/home/burgaska/conductingmovements.com/wp-admin HTTP/1.1" 200 8344 "-" "Mozilla/5.0 AppleWebKit/537.36 (KHTML, like Gecko; compatible; Amazonbot/0.1; +https://developer.amazon.com/support/amazonbot) Chrome/119.0.6045.214 Safari/537.36"
13.61.179.78 - - [01/Nov/2025:01:51:12 -0700] "GET /config/helper.js HTTP/1.1" 200 7846 "-" "python-httpx/0.28.1"
13.61.179.78 - - [01/Nov/2025:01:51:13 -0700] "GET /server/controller.js HTTP/1.1" 200 7846 "-" "python-httpx/0.28.1"
13.61.179.78 - - [01/Nov/2025:01:51:13 -0700] "GET /admin/utils.js HTTP/1.1" 200 7846 "-" "python-httpx/0.28.1"
13.61.179.78 - - [01/Nov/2025:01:51:14 -0700] "GET /src/helper.js HTTP/1.1" 200 7846 "-" "python-httpx/0.28.1"
13.61.179.78 - - [01/Nov/2025:01:51:14 -0700] "GET /web/constant.js HTTP/1.1" 200 7846 "-" "python-httpx/0.28.1"
13.61.179.78 - - [01/Nov/2025:01:51:15 -0700] "GET /config/mailserver.js HTTP/1.1" 200 7846 "-" "python-httpx/0.28.1"
13.61.179.78 - - [01/Nov/2025:01:51:15 -0700] "GET /config/index.js HTTP/1.1" 200 7846 "-" "python-httpx/0.28.1"
66.249.72.1 - - [01/Nov/2025:01:51:15 -0700] "GET /?info=702478304 HTTP/1.1" 200 33031 "-" "Mozilla/5.0 (Linux; Android 6.0.1; Nexus 5X Build/MMB29P) AppleWebKit/537.36 (KHTML, like Gecko) Chrome/141.0.7390.122 Mobile Safari/537.36 (compatible; GoogleOther)"
13.61.179.78 - - [01/Nov/2025:01:51:16 -0700] "GET /server/constants.js HTTP/1.1" 200 7846 "-" "python-httpx/0.28.1"
50.16.216.166 - - [01/Nov/2025:01:51:16 -0700] "GET /choreographs/?fileloc=/home/burgaska/conductingmovements.com/wp-includes/global-styles-and-settings.php&path=/home/burgaska/conductingmovements.com/wp-includes HTTP/1.1" 200 11076 "-" "Mozilla/5.0 AppleWebKit/537.36 (KHTML, like Gecko; compatible; Amazonbot/0.1; +https://developer.amazon.com/support/amazonbot) Chrome/119.0.6045.214 Safari/537.36"
13.61.179.78 - - [01/Nov/2025:01:51:17 -0700] "GET /js/envConfig.js HTTP/1.1" 200 7846 "-" "python-httpx/0.28.1"
13.61.179.78 - - [01/Nov/2025:01:51:17 -0700] "GET /config/app.js HTTP/1.1" 200 7846 "-" "python-httpx/0.28.1"
13.61.179.78 - - [01/Nov/2025:01:51:18 -0700] "GET /src/controller.js HTTP/1.1" 200 7846 "-" "python-httpx/0.28.1"
13.61.179.78 - - [01/Nov/2025:01:51:18 -0700] "GET /api/mailer.js HTTP/1.1" 200 7846 "-" "python-httpx/0.28.1"
13.61.179.78 - - [01/Nov/2025:01:51:19 -0700] "GET /backend/mail.js HTTP/1.1" 200 7846 "-" "python-httpx/0.28.1"
13.61.179.78 - - [01/Nov/2025:01:51:20 -0700] "GET /src/utils.js HTTP/1.1" 200 7846 "-" "python-httpx/0.28.1"
13.61.179.78 - - [01/Nov/2025:01:51:21 -0700] "GET /src/config/database.js HTTP/1.1" 200 7846 "-" "python-httpx/0.28.1"
100.24.149.244 - - [01/Nov/2025:01:51:21 -0700] "GET /expert-knowledge/?fileloc=/home/burgaska/conductingmovements.com/wp/postnews.php&path=/home/burgaska/conductingmovements.com/wp HTTP/1.1" 200 8429 "-" "Mozilla/5.0 AppleWebKit/537.36 (KHTML, like Gecko; compatible; Amazonbot/0.1; +https://developer.amazon.com/support/amazonbot) Chrome/119.0.6045.214 Safari/537.36"
13.61.179.78 - - [01/Nov/2025:01:51:21 -0700] "GET /app.js HTTP/1.1" 200 7846 "-" "python-httpx/0.28.1"
13.61.179.78 - - [01/Nov/2025:01:51:22 -0700] "GET /src/app.js HTTP/1.1" 200 7846 "-" "python-httpx/0.28.1"
13.61.179.78 - - [01/Nov/2025:01:51:22 -0700] "GET /env.js HTTP/1.1" 200 7846 "-" "python-httpx/0.28.1"
13.61.179.78 - - [01/Nov/2025:01:51:23 -0700] "GET /config/database.js HTTP/1.1" 200 7846 "-" "python-httpx/0.28.1"
13.61.179.78 - - [01/Nov/2025:01:51:23 -0700] "GET /server/app.js HTTP/1.1" 200 7846 "-" "python-httpx/0.28.1"
107.20.25.33 - - [01/Nov/2025:01:51:24 -0700] "GET /expert-knowledge/?fileloc=/home/burgaska/conductingmovements.com/wp-includes/class-wp-http-cookie.php&path=/home/burgaska/conductingmovements.com/wp-includes HTTP/1.1" 200 8533 "-" "Mozilla/5.0 AppleWebKit/537.36 (KHTML, like Gecko; compatible; Amazonbot/0.1; +https://developer.amazon.com/support/amazonbot) Chrome/119.0.6045.214 Safari/537.36"
13.61.179.78 - - [01/Nov/2025:01:51:24 -0700] "GET /server/mail.js HTTP/1.1" 200 7846 "-" "python-httpx/0.28.1"
13.61.179.78 - - [01/Nov/2025:01:51:24 -0700] "GET /web/utils.js HTTP/1.1" 200 7846 "-" "python-httpx/0.28.1"
66.249.72.8 - - [01/Nov/2025:01:51:24 -0700] "GET /?info=109434860 HTTP/1.1" 200 31534 "-" "Mozilla/5.0 (Linux; Android 6.0.1; Nexus 5X Build/MMB29P) AppleWebKit/537.36 (KHTML, like Gecko) Chrome/141.0.7390.122 Mobile Safari/537.36 (compatible; GoogleOther)"
13.61.179.78 - - [01/Nov/2025:01:51:25 -0700] "GET /dev/utils.js HTTP/1.1" 200 7846 "-" "python-httpx/0.28.1"
13.61.179.78 - - [01/Nov/2025:01:51:26 -0700] "GET /dev/server.js HTTP/1.1" 200 7846 "-" "python-httpx/0.28.1"
13.61.179.78 - - [01/Nov/2025:01:51:26 -0700] "GET /web/mailserver.js HTTP/1.1" 200 7846 "-" "python-httpx/0.28.1"
13.61.179.78 - - [01/Nov/2025:01:51:27 -0700] "GET /dev/index.js HTTP/1.1" 200 7846 "-" "python-httpx/0.28.1"
35.173.18.61 - - [01/Nov/2025:01:51:27 -0700] "GET /?fileloc=/home/burgaska/conductingmovements.com/wp/readme.html&path=/home/burgaska/conductingmovements.com/wp HTTP/1.1" 200 9058 "-" "Mozilla/5.0 AppleWebKit/537.36 (KHTML, like Gecko; compatible; Amazonbot/0.1; +https://developer.amazon.com/support/amazonbot) Chrome/119.0.6045.214 Safari/537.36"
13.61.179.78 - - [01/Nov/2025:01:51:28 -0700] "GET /web/app.js HTTP/1.1" 200 7846 "-" "python-httpx/0.28.1"
66.249.72.8 - - [01/Nov/2025:01:51:28 -0700] "GET /-20_ZA192 HTTP/1.1" 200 28938 "-" "Googlebot-Image/1.0"
13.61.179.78 - - [01/Nov/2025:01:51:28 -0700] "GET /config/mailer.js HTTP/1.1" 200 7846 "-" "python-httpx/0.28.1"
13.61.179.78 - - [01/Nov/2025:01:51:29 -0700] "GET /helper.js HTTP/1.1" 200 7846 "-" "python-httpx/0.28.1"
13.61.179.78 - - [01/Nov/2025:01:51:29 -0700] "GET /admin/server.js HTTP/1.1" 200 7846 "-" "python-httpx/0.28.1"
13.61.179.78 - - [01/Nov/2025:01:51:30 -0700] "GET /dev/controller.js HTTP/1.1" 200 7846 "-" "python-httpx/0.28.1"
13.61.179.78 - - [01/Nov/2025:01:51:30 -0700] "GET /api/app.js HTTP/1.1" 200 7846 "-" "python-httpx/0.28.1"
13.61.179.78 - - [01/Nov/2025:01:51:31 -0700] "GET /dev/app.js HTTP/1.1" 200 7846 "-" "python-httpx/0.28.1"
13.61.179.78 - - [01/Nov/2025:01:51:32 -0700] "GET /backend/mailserver.js HTTP/1.1" 200 7846 "-" "python-httpx/0.28.1"
13.61.179.78 - - [01/Nov/2025:01:51:32 -0700] "GET /server.js HTTP/1.1" 200 7846 "-" "python-httpx/0.28.1"
13.61.179.78 - - [01/Nov/2025:01:51:33 -0700] "GET /backend/config/database.js HTTP/1.1" 200 7846 "-" "python-httpx/0.28.1"
66.249.72.8 - - [01/Nov/2025:01:51:33 -0700] "GET /?info=51276500 HTTP/1.1" 200 32166 "-" "Mozilla/5.0 (Linux; Android 6.0.1; Nexus 5X Build/MMB29P) AppleWebKit/537.36 (KHTML, like Gecko) Chrome/141.0.7390.122 Mobile Safari/537.36 (compatible; GoogleOther)"
13.61.179.78 - - [01/Nov/2025:01:51:34 -0700] "GET /web/config/database.js HTTP/1.1" 200 7846 "-" "python-httpx/0.28.1"
13.61.179.78 - - [01/Nov/2025:01:51:34 -0700] "GET /config/template.js HTTP/1.1" 200 7846 "-" "python-httpx/0.28.1"
13.61.179.78 - - [01/Nov/2025:01:51:35 -0700] "GET /config/server.js HTTP/1.1" 200 7846 "-" "python-httpx/0.28.1"
98.80.130.239 - - [01/Nov/2025:01:51:35 -0700] "GET /contact/?fileloc=/home/burgaska/conductingmovements.com/wp-includes/class-wp-term-query.php&path=/home/burgaska/conductingmovements.com/wp-includes HTTP/1.1" 200 15654 "-" "Mozilla/5.0 AppleWebKit/537.36 (KHTML, like Gecko; compatible; Amazonbot/0.1; +https://developer.amazon.com/support/amazonbot) Chrome/119.0.6045.214 Safari/537.36"
13.61.179.78 - - [01/Nov/2025:01:51:35 -0700] "GET /mailserver.js HTTP/1.1" 200 7846 "-" "python-httpx/0.28.1"
13.61.179.78 - - [01/Nov/2025:01:51:36 -0700] "GET /admin/config/common.js HTTP/1.1" 200 7846 "-" "python-httpx/0.28.1"
34.231.77.232 - - [01/Nov/2025:01:51:36 -0700] "GET /secrets-to-winning-togel-online-2025/?fileloc=/home/burgaska/conductingmovements.com/wp-includes/class-phpmailer.php&path=/home/burgaska/conductingmovements.com/wp-includes HTTP/1.1" 200 6253 "-" "Mozilla/5.0 AppleWebKit/537.36 (KHTML, like Gecko; compatible; Amazonbot/0.1; +https://developer.amazon.com/support/amazonbot) Chrome/119.0.6045.214 Safari/537.36"
66.249.72.8 - - [01/Nov/2025:01:51:36 -0700] "GET /?info=26044704 HTTP/1.1" 200 28785 "-" "Mozilla/5.0 (Linux; Android 6.0.1; Nexus 5X Build/MMB29P) AppleWebKit/537.36 (KHTML, like Gecko) Chrome/141.0.7390.122 Mobile Safari/537.36 (compatible; GoogleOther)"
13.61.179.78 - - [01/Nov/2025:01:51:37 -0700] "GET /web/mail.js HTTP/1.1" 200 7846 "-" "python-httpx/0.28.1"
13.61.179.78 - - [01/Nov/2025:01:51:37 -0700] "GET /src/mailserver.js HTTP/1.1" 200 7846 "-" "python-httpx/0.28.1"
13.61.179.78 - - [01/Nov/2025:01:51:38 -0700] "GET /admin/constant.js HTTP/1.1" 200 7846 "-" "python-httpx/0.28.1"
13.61.179.78 - - [01/Nov/2025:01:51:38 -0700] "GET /admin/controller.js HTTP/1.1" 200 7846 "-" "python-httpx/0.28.1"
13.61.179.78 - - [01/Nov/2025:01:51:39 -0700] "GET /dev/constant.js HTTP/1.1" 200 7846 "-" "python-httpx/0.28.1"
34.194.226.74 - - [01/Nov/2025:01:51:39 -0700] "GET /?fileloc=/home/burgaska/conductingmovements.com/wp-includes/query.php&path=/home/burgaska/conductingmovements.com/wp-includes HTTP/1.1" 200 11235 "-" "Mozilla/5.0 AppleWebKit/537.36 (KHTML, like Gecko; compatible; Amazonbot/0.1; +https://developer.amazon.com/support/amazonbot) Chrome/119.0.6045.214 Safari/537.36"
13.61.179.78 - - [01/Nov/2025:01:51:40 -0700] "GET /admin/mail.js HTTP/1.1" 200 7846 "-" "python-httpx/0.28.1"
13.61.179.78 - - [01/Nov/2025:01:51:40 -0700] "GET /admin/mailserver.js HTTP/1.1" 200 7846 "-" "python-httpx/0.28.1"
13.61.179.78 - - [01/Nov/2025:01:51:41 -0700] "GET /dev/constants.js HTTP/1.1" 200 7846 "-" "python-httpx/0.28.1"
13.61.179.78 - - [01/Nov/2025:01:51:41 -0700] "GET /api/index.js HTTP/1.1" 200 7846 "-" "python-httpx/0.28.1"
13.61.179.78 - - [01/Nov/2025:01:51:42 -0700] "GET /web/server.js HTTP/1.1" 200 7846 "-" "python-httpx/0.28.1"
13.61.179.78 - - [01/Nov/2025:01:51:42 -0700] "GET /api/mail.js HTTP/1.1" 200 7846 "-" "python-httpx/0.28.1"
13.61.179.78 - - [01/Nov/2025:01:51:43 -0700] "GET /dev/mailserver.js HTTP/1.1" 200 7846 "-" "python-httpx/0.28.1"
66.249.72.8 - - [01/Nov/2025:01:51:43 -0700] "GET /?info=17414004 HTTP/1.1" 200 31982 "-" "Mozilla/5.0 (Linux; Android 6.0.1; Nexus 5X Build/MMB29P) AppleWebKit/537.36 (KHTML, like Gecko) Chrome/141.0.7390.122 Mobile Safari/537.36 (compatible; GoogleOther)"
13.61.179.78 - - [01/Nov/2025:01:51:44 -0700] "GET /server/config/database.js HTTP/1.1" 200 7846 "-" "python-httpx/0.28.1"
13.61.179.78 - - [01/Nov/2025:01:51:44 -0700] "GET /src/config/constants.js HTTP/1.1" 200 7846 "-" "python-httpx/0.28.1"
13.61.179.78 - - [01/Nov/2025:01:51:45 -0700] "GET /admin/index.js HTTP/1.1" 200 7846 "-" "python-httpx/0.28.1"
13.61.179.78 - - [01/Nov/2025:01:51:45 -0700] "GET /server/utils.js HTTP/1.1" 200 7846 "-" "python-httpx/0.28.1"
13.61.179.78 - - [01/Nov/2025:01:51:46 -0700] "GET /config/constants.js HTTP/1.1" 200 7846 "-" "python-httpx/0.28.1"
13.61.179.78 - - [01/Nov/2025:01:51:46 -0700] "GET /dev/config.js HTTP/1.1" 200 7846 "-" "python-httpx/0.28.1"
98.84.60.17 - - [01/Nov/2025:01:51:46 -0700] "GET /secrets-to-winning-togel-online-2025/?fileloc=/home/burgaska/conductingmovements.com/wp-content/advanced-cache.php&path=/home/burgaska/conductingmovements.com/wp-content HTTP/1.1" 200 6572 "-" "Mozilla/5.0 AppleWebKit/537.36 (KHTML, like Gecko; compatible; Amazonbot/0.1; +https://developer.amazon.com/support/amazonbot) Chrome/119.0.6045.214 Safari/537.36"
13.61.179.78 - - [01/Nov/2025:01:51:47 -0700] "GET /API/config/common.js HTTP/1.1" 200 7846 "-" "python-httpx/0.28.1"
13.61.179.78 - - [01/Nov/2025:01:51:48 -0700] "GET /server/config/constants.js HTTP/1.1" 200 7846 "-" "python-httpx/0.28.1"
13.61.179.78 - - [01/Nov/2025:01:51:48 -0700] "GET /api/controller.js HTTP/1.1" 200 7846 "-" "python-httpx/0.28.1"
13.61.179.78 - - [01/Nov/2025:01:51:49 -0700] "GET /web/config/constants.js HTTP/1.1" 200 7846 "-" "python-httpx/0.28.1"
13.61.179.78 - - [01/Nov/2025:01:51:50 -0700] "GET /dev/config/common.js HTTP/1.1" 200 7846 "-" "python-httpx/0.28.1"
54.235.191.179 - - [01/Nov/2025:01:51:50 -0700] "GET /choreographs/?fileloc=/home/burgaska/conductingmovements.com/wp-includes/canonical.php&path=/home/burgaska/conductingmovements.com/wp-includes HTTP/1.1" 200 15186 "-" "Mozilla/5.0 AppleWebKit/537.36 (KHTML, like Gecko; compatible; Amazonbot/0.1; +https://developer.amazon.com/support/amazonbot) Chrome/119.0.6045.214 Safari/537.36"
13.61.179.78 - - [01/Nov/2025:01:51:50 -0700] "GET /api/server.js HTTP/1.1" 200 7846 "-" "python-httpx/0.28.1"
13.61.179.78 - - [01/Nov/2025:01:51:51 -0700] "GET /env.config.js HTTP/1.1" 200 7846 "-" "python-httpx/0.28.1"
13.61.179.78 - - [01/Nov/2025:01:51:51 -0700] "GET /server/config/template.js HTTP/1.1" 200 7846 "-" "python-httpx/0.28.1"
44.195.145.102 - - [01/Nov/2025:01:51:52 -0700] "GET /choreographs/?fileloc=/home/burgaska/conductingmovements.com/wp-admin/edit-link-form.php&path=/home/burgaska/conductingmovements.com/wp-admin HTTP/1.1" 200 8230 "-" "Mozilla/5.0 AppleWebKit/537.36 (KHTML, like Gecko; compatible; Amazonbot/0.1; +https://developer.amazon.com/support/amazonbot) Chrome/119.0.6045.214 Safari/537.36"
13.61.179.78 - - [01/Nov/2025:01:51:52 -0700] "GET /backend/constant.js HTTP/1.1" 200 7846 "-" "python-httpx/0.28.1"
66.249.72.8 - - [01/Nov/2025:01:51:52 -0700] "GET /?info=32090756 HTTP/1.1" 200 33260 "-" "Mozilla/5.0 (Linux; Android 6.0.1; Nexus 5X Build/MMB29P) AppleWebKit/537.36 (KHTML, like Gecko) Chrome/141.0.7390.122 Mobile Safari/537.36 (compatible; GoogleOther)"
13.61.179.78 - - [01/Nov/2025:01:51:52 -0700] "GET /src/src.js HTTP/1.1" 200 7846 "-" "python-httpx/0.28.1"
13.61.179.78 - - [01/Nov/2025:01:51:53 -0700] "GET /mailer.js HTTP/1.1" 200 7846 "-" "python-httpx/0.28.1"
13.61.179.78 - - [01/Nov/2025:01:51:54 -0700] "GET /config/utils.js HTTP/1.1" 200 7846 "-" "python-httpx/0.28.1"
13.61.179.78 - - [01/Nov/2025:01:51:54 -0700] "GET /backend/config/common.js HTTP/1.1" 200 7846 "-" "python-httpx/0.28.1"
13.61.179.78 - - [01/Nov/2025:01:51:55 -0700] "GET /backend/config/template.js HTTP/1.1" 200 7846 "-" "python-httpx/0.28.1"
13.61.179.78 - - [01/Nov/2025:01:51:56 -0700] "GET /backend/controller.js HTTP/1.1" 200 7846 "-" "python-httpx/0.28.1"
13.61.179.78 - - [01/Nov/2025:01:51:56 -0700] "GET /dev/config/database.js HTTP/1.1" 200 7846 "-" "python-httpx/0.28.1"
13.61.179.78 - - [01/Nov/2025:01:51:57 -0700] "GET /web/index.js HTTP/1.1" 200 7846 "-" "python-httpx/0.28.1"
13.61.179.78 - - [01/Nov/2025:01:51:57 -0700] "GET /config.js HTTP/1.1" 200 7846 "-" "python-httpx/0.28.1"
13.61.179.78 - - [01/Nov/2025:01:51:58 -0700] "GET /server/constant.js HTTP/1.1" 200 7846 "-" "python-httpx/0.28.1"
13.61.179.78 - - [01/Nov/2025:01:51:58 -0700] "GET /api/constant.js HTTP/1.1" 200 7846 "-" "python-httpx/0.28.1"
13.61.179.78 - - [01/Nov/2025:01:51:59 -0700] "GET /api/utils.js HTTP/1.1" 200 7846 "-" "python-httpx/0.28.1"
54.84.169.196 - - [01/Nov/2025:01:51:59 -0700] "GET /expert-knowledge/?fileloc=/home/burgaska/conductingmovements.com/wp-includes/feed-rdf.php&path=/home/burgaska/conductingmovements.com/wp-includes HTTP/1.1" 200 7047 "-" "Mozilla/5.0 AppleWebKit/537.36 (KHTML, like Gecko; compatible; Amazonbot/0.1; +https://developer.amazon.com/support/amazonbot) Chrome/119.0.6045.214 Safari/537.36"
18.213.240.226 - - [01/Nov/2025:01:51:59 -0700] "GET /secrets-to-winning-togel-online-2025/?fileloc=/home/burgaska/conductingmovements.com/wp-includes/class-IXR.php&path=/home/burgaska/conductingmovements.com/wp-includes HTTP/1.1" 200 7100 "-" "Mozilla/5.0 AppleWebKit/537.36 (KHTML, like Gecko; compatible; Amazonbot/0.1; +https://developer.amazon.com/support/amazonbot) Chrome/119.0.6045.214 Safari/537.36"
13.61.179.78 - - [01/Nov/2025:01:51:59 -0700] "GET /src/config/common.js HTTP/1.1" 200 7846 "-" "python-httpx/0.28.1"
13.61.179.78 - - [01/Nov/2025:01:52:00 -0700] "GET /index.js HTTP/1.1" 200 7846 "-" "python-httpx/0.28.1"
13.61.179.78 - - [01/Nov/2025:01:52:01 -0700] "GET /backend/utils.js HTTP/1.1" 200 7846 "-" "python-httpx/0.28.1"
66.249.72.8 - - [01/Nov/2025:01:52:01 -0700] "GET /?info=31572224 HTTP/1.1" 200 32187 "-" "Mozilla/5.0 (Linux; Android 6.0.1; Nexus 5X Build/MMB29P) AppleWebKit/537.36 (KHTML, like Gecko) Chrome/141.0.7390.122 Mobile Safari/537.36 (compatible; GoogleOther)"
13.61.179.78 - - [01/Nov/2025:01:52:02 -0700] "GET /src/mail.js HTTP/1.1" 200 7846 "-" "python-httpx/0.28.1"
13.61.179.78 - - [01/Nov/2025:01:52:02 -0700] "GET /web/config/template.js HTTP/1.1" 200 7846 "-" "python-httpx/0.28.1"
13.61.179.78 - - [01/Nov/2025:01:52:03 -0700] "GET /api/config/template.js HTTP/1.1" 200 7846 "-" "python-httpx/0.28.1"
98.83.10.183 - - [01/Nov/2025:01:52:03 -0700] "GET /?fileloc=/home/burgaska/conductingmovements.com/wp-includes/class-wp-embed.php&path=/home/burgaska/conductingmovements.com/wp-includes HTTP/1.1" 200 10848 "-" "Mozilla/5.0 AppleWebKit/537.36 (KHTML, like Gecko; compatible; Amazonbot/0.1; +https://developer.amazon.com/support/amazonbot) Chrome/119.0.6045.214 Safari/537.36"
13.61.179.78 - - [01/Nov/2025:01:52:03 -0700] "GET /web/helper.js HTTP/1.1" 200 7846 "-" "python-httpx/0.28.1"
13.61.179.78 - - [01/Nov/2025:01:52:04 -0700] "GET /backend/config/constants.js HTTP/1.1" 200 7846 "-" "python-httpx/0.28.1"
13.61.179.78 - - [01/Nov/2025:01:52:04 -0700] "GET /config/mail.js HTTP/1.1" 200 7846 "-" "python-httpx/0.28.1"
13.61.179.78 - - [01/Nov/2025:01:52:05 -0700] "GET /dev/helper.js HTTP/1.1" 200 7846 "-" "python-httpx/0.28.1"
13.61.179.78 - - [01/Nov/2025:01:52:05 -0700] "GET /web/mailer.js HTTP/1.1" 200 7846 "-" "python-httpx/0.28.1"
13.61.179.78 - - [01/Nov/2025:01:52:06 -0700] "GET /api/helper.js HTTP/1.1" 200 7846 "-" "python-httpx/0.28.1"
13.61.179.78 - - [01/Nov/2025:01:52:07 -0700] "GET /admin/config/database.js HTTP/1.1" 200 7846 "-" "python-httpx/0.28.1"
13.61.179.78 - - [01/Nov/2025:01:52:07 -0700] "GET /web/controller.js HTTP/1.1" 200 7846 "-" "python-httpx/0.28.1"
13.61.179.78 - - [01/Nov/2025:01:52:08 -0700] "GET /backend/index.js HTTP/1.1" 200 7846 "-" "python-httpx/0.28.1"
44.212.106.171 - - [01/Nov/2025:01:52:08 -0700] "GET /secrets-to-winning-togel-online-2025/?fileloc=/home/burgaska/conductingmovements.com/wp-includes/class-wp-network-query.php&path=/home/burgaska/conductingmovements.com/wp-includes HTTP/1.1" 200 10870 "-" "Mozilla/5.0 AppleWebKit/537.36 (KHTML, like Gecko; compatible; Amazonbot/0.1; +https://developer.amazon.com/support/amazonbot) Chrome/119.0.6045.214 Safari/537.36"
13.61.179.78 - - [01/Nov/2025:01:52:09 -0700] "GET /constant.js HTTP/1.1" 200 7846 "-" "python-httpx/0.28.1"
13.61.179.78 - - [01/Nov/2025:01:52:09 -0700] "GET /admin/app.js HTTP/1.1" 200 7846 "-" "python-httpx/0.28.1"
13.61.179.78 - - [01/Nov/2025:01:52:10 -0700] "GET /dev/config/constants.js HTTP/1.1" 200 7846 "-" "python-httpx/0.28.1"
3.209.174.110 - - [01/Nov/2025:01:52:10 -0700] "GET /secrets-to-winning-togel-online-2025/?fileloc=/home/burgaska/conductingmovements.com/wp-admin/privacy-policy-guide.php&path=/home/burgaska/conductingmovements.com/wp-admin HTTP/1.1" 200 7506 "-" "Mozilla/5.0 AppleWebKit/537.36 (KHTML, like Gecko; compatible; Amazonbot/0.1; +https://developer.amazon.com/support/amazonbot) Chrome/119.0.6045.214 Safari/537.36"
13.61.179.78 - - [01/Nov/2025:01:52:10 -0700] "GET /server/helper.js HTTP/1.1" 200 7846 "-" "python-httpx/0.28.1"
66.249.72.1 - - [01/Nov/2025:01:52:10 -0700] "GET /?info=689524412 HTTP/1.1" 200 31866 "-" "Mozilla/5.0 (Linux; Android 6.0.1; Nexus 5X Build/MMB29P) AppleWebKit/537.36 (KHTML, like Gecko) Chrome/141.0.7390.122 Mobile Safari/537.36 (compatible; GoogleOther)"
13.61.179.78 - - [01/Nov/2025:01:52:11 -0700] "GET /dev/config/template.js HTTP/1.1" 200 7846 "-" "python-httpx/0.28.1"
13.61.179.78 - - [01/Nov/2025:01:52:11 -0700] "GET /api/constants.js HTTP/1.1" 200 7846 "-" "python-httpx/0.28.1"
13.61.179.78 - - [01/Nov/2025:01:52:12 -0700] "GET /api/mailserver.js HTTP/1.1" 200 7846 "-" "python-httpx/0.28.1"
13.61.179.78 - - [01/Nov/2025:01:52:13 -0700] "GET /server/mailer.js HTTP/1.1" 200 7846 "-" "python-httpx/0.28.1"
13.61.179.78 - - [01/Nov/2025:01:52:13 -0700] "GET /server/index.js HTTP/1.1" 200 7846 "-" "python-httpx/0.28.1"
13.61.179.78 - - [01/Nov/2025:01:52:14 -0700] "GET /config/constant.js HTTP/1.1" 200 7846 "-" "python-httpx/0.28.1"
114.119.145.8 - - [01/Nov/2025:01:52:14 -0700] "GET /?info=316487568 HTTP/1.1" 200 7794 "https://www.conductingmovements.com/sitemap.xml" "Mozilla/5.0 (Linux; Android 7.0;) AppleWebKit/537.36 (KHTML, like Gecko) Mobile Safari/537.36 (compatible; PetalBot;+https://webmaster.petalsearch.com/site/petalbot)"
13.61.179.78 - - [01/Nov/2025:01:52:14 -0700] "GET /config/common.js HTTP/1.1" 200 7846 "-" "python-httpx/0.28.1"
13.61.179.78 - - [01/Nov/2025:01:52:15 -0700] "GET /constants.js HTTP/1.1" 200 7846 "-" "python-httpx/0.28.1"
13.61.179.78 - - [01/Nov/2025:01:52:16 -0700] "GET /api/config.js HTTP/1.1" 200 7846 "-" "python-httpx/0.28.1"
3.93.253.174 - - [01/Nov/2025:01:52:16 -0700] "GET /contact/?fileloc=/home/burgaska/conductingmovements.com/wp-includes/canonical.php&path=/home/burgaska/conductingmovements.com/wp-includes HTTP/1.1" 200 15186 "-" "Mozilla/5.0 AppleWebKit/537.36 (KHTML, like Gecko; compatible; Amazonbot/0.1; +https://developer.amazon.com/support/amazonbot) Chrome/119.0.6045.214 Safari/537.36"
13.61.179.78 - - [01/Nov/2025:01:52:16 -0700] "GET /src/server.js HTTP/1.1" 200 7846 "-" "python-httpx/0.28.1"
13.61.179.78 - - [01/Nov/2025:01:52:17 -0700] "GET /api/config/database.js HTTP/1.1" 200 7846 "-" "python-httpx/0.28.1"
13.61.179.78 - - [01/Nov/2025:01:52:17 -0700] "GET /backend/config.js HTTP/1.1" 200 7846 "-" "python-httpx/0.28.1"
13.61.179.78 - - [01/Nov/2025:01:52:18 -0700] "GET /server/config/common.js HTTP/1.1" 200 7846 "-" "python-httpx/0.28.1"
13.61.179.78 - - [01/Nov/2025:01:52:19 -0700] "GET /backend/app.js HTTP/1.1" 200 7846 "-" "python-httpx/0.28.1"
13.61.179.78 - - [01/Nov/2025:01:52:19 -0700] "GET /admin/config/constants.js HTTP/1.1" 200 7846 "-" "python-httpx/0.28.1"
13.61.179.78 - - [01/Nov/2025:01:52:20 -0700] "GET /src/mailer.js HTTP/1.1" 200 7846 "-" "python-httpx/0.28.1"
66.249.72.8 - - [01/Nov/2025:01:52:19 -0700] "GET /?info=36624460 HTTP/1.1" 200 30212 "-" "Mozilla/5.0 (Linux; Android 6.0.1; Nexus 5X Build/MMB29P) AppleWebKit/537.36 (KHTML, like Gecko) Chrome/141.0.7390.122 Mobile Safari/537.36 (compatible; GoogleOther)"
13.61.179.78 - - [01/Nov/2025:01:52:20 -0700] "GET /admin/helper.js HTTP/1.1" 200 7846 "-" "python-httpx/0.28.1"
13.61.179.78 - - [01/Nov/2025:01:52:21 -0700] "GET /api/config/common.js HTTP/1.1" 200 7846 "-" "python-httpx/0.28.1"
13.61.179.78 - - [01/Nov/2025:01:52:21 -0700] "GET /controller.js HTTP/1.1" 200 7846 "-" "python-httpx/0.28.1"
107.22.208.39 - - [01/Nov/2025:01:52:21 -0700] "GET /secrets-to-winning-togel-online-2025/?fileloc=/home/burgaska/conductingmovements.com/wp-includes/class-wp-simplepie-sanitize-kses.php&path=/home/burgaska/conductingmovements.com/wp-includes HTTP/1.1" 200 6869 "-" "Mozilla/5.0 AppleWebKit/537.36 (KHTML, like Gecko; compatible; Amazonbot/0.1; +https://developer.amazon.com/support/amazonbot) Chrome/119.0.6045.214 Safari/537.36"
13.61.179.78 - - [01/Nov/2025:01:52:22 -0700] "GET /backend/constants.js HTTP/1.1" 200 7846 "-" "python-httpx/0.28.1"
13.61.179.78 - - [01/Nov/2025:01:52:23 -0700] "GET /api/common.js HTTP/1.1" 200 7846 "-" "python-httpx/0.28.1"
13.61.179.78 - - [01/Nov/2025:01:52:23 -0700] "GET /admin/mailer.js HTTP/1.1" 200 7846 "-" "python-httpx/0.28.1"
13.61.179.78 - - [01/Nov/2025:01:52:24 -0700] "GET /server/mailserver.js HTTP/1.1" 200 7846 "-" "python-httpx/0.28.1"
13.61.179.78 - - [01/Nov/2025:01:52:25 -0700] "GET /dev/mailer.js HTTP/1.1" 200 7846 "-" "python-httpx/0.28.1"
52.54.15.103 - - [01/Nov/2025:01:52:25 -0700] "GET /secrets-to-winning-togel-online-2025/?fileloc=/home/burgaska/conductingmovements.com/wp-includes/feed-rss2-comments.php&path=/home/burgaska/conductingmovements.com/wp-includes HTTP/1.1" 200 7472 "-" "Mozilla/5.0 AppleWebKit/537.36 (KHTML, like Gecko; compatible; Amazonbot/0.1; +https://developer.amazon.com/support/amazonbot) Chrome/119.0.6045.214 Safari/537.36"
13.61.179.78 - - [01/Nov/2025:01:52:25 -0700] "GET /src/constants.js HTTP/1.1" 200 7846 "-" "python-httpx/0.28.1"
13.61.179.78 - - [01/Nov/2025:01:52:26 -0700] "GET /src/config/template.js HTTP/1.1" 200 7846 "-" "python-httpx/0.28.1"
13.61.179.78 - - [01/Nov/2025:01:52:27 -0700] "GET /src/constant.js HTTP/1.1" 200 7846 "-" "python-httpx/0.28.1"
13.61.179.78 - - [01/Nov/2025:01:52:27 -0700] "GET /server/server.js HTTP/1.1" 200 7846 "-" "python-httpx/0.28.1"
13.61.179.78 - - [01/Nov/2025:01:52:28 -0700] "GET /admin/constants.js HTTP/1.1" 200 7846 "-" "python-httpx/0.28.1"
66.249.72.8 - - [01/Nov/2025:01:52:27 -0700] "GET /?info=683931784 HTTP/1.1" 200 31467 "-" "Mozilla/5.0 (Linux; Android 6.0.1; Nexus 5X Build/MMB29P) AppleWebKit/537.36 (KHTML, like Gecko) Chrome/141.0.7390.122 Mobile Safari/537.36 (compatible; GoogleOther)"
13.61.179.78 - - [01/Nov/2025:01:52:28 -0700] "GET /utils.js HTTP/1.1" 200 7846 "-" "python-httpx/0.28.1"
13.61.179.78 - - [01/Nov/2025:01:52:29 -0700] "GET /backend/helper.js HTTP/1.1" 200 7846 "-" "python-httpx/0.28.1"
13.61.179.78 - - [01/Nov/2025:01:52:29 -0700] "GET /web/web.js HTTP/1.1" 200 7846 "-" "python-httpx/0.28.1"
44.213.36.21 - - [01/Nov/2025:01:52:30 -0700] "GET /secrets-to-winning-togel-online-2025/?fileloc=/home/burgaska/bad-directory-permissions-list-1695850256.txt&path=/home/burgaska HTTP/1.1" 200 6233 "-" "Mozilla/5.0 AppleWebKit/537.36 (KHTML, like Gecko; compatible; Amazonbot/0.1; +https://developer.amazon.com/support/amazonbot) Chrome/119.0.6045.214 Safari/537.36"
13.61.179.78 - - [01/Nov/2025:01:52:30 -0700] "GET /backend/mailer.js HTTP/1.1" 200 7846 "-" "python-httpx/0.28.1"
13.61.179.78 - - [01/Nov/2025:01:52:31 -0700] "GET /config/config.js HTTP/1.1" 200 7846 "-" "python-httpx/0.28.1"
66.249.72.8 - - [01/Nov/2025:01:52:31 -0700] "GET /?info=86704612 HTTP/1.1" 200 30230 "-" "Mozilla/5.0 (Linux; Android 6.0.1; Nexus 5X Build/MMB29P) AppleWebKit/537.36 (KHTML, like Gecko) Chrome/141.0.7390.122 Mobile Safari/537.36 (compatible; GoogleOther)"
13.61.179.78 - - [01/Nov/2025:01:52:31 -0700] "GET /API/common.js HTTP/1.1" 200 7846 "-" "python-httpx/0.28.1"
13.61.179.78 - - [01/Nov/2025:01:52:32 -0700] "GET /src/index.js HTTP/1.1" 200 7846 "-" "python-httpx/0.28.1"
13.61.179.78 - - [01/Nov/2025:01:52:32 -0700] "GET /web/config/common.js HTTP/1.1" 200 7846 "-" "python-httpx/0.28.1"
66.249.72.8 - - [01/Nov/2025:01:52:37 -0700] "GET /?info=40834168 HTTP/1.1" 200 32199 "-" "Mozilla/5.0 (Linux; Android 6.0.1; Nexus 5X Build/MMB29P) AppleWebKit/537.36 (KHTML, like Gecko) Chrome/141.0.7390.122 Mobile Safari/537.36 (compatible; GoogleOther)"
66.249.72.8 - - [01/Nov/2025:01:52:47 -0700] "GET /?info=106669808 HTTP/1.1" 200 31083 "-" "Mozilla/5.0 (Linux; Android 6.0.1; Nexus 5X Build/MMB29P) AppleWebKit/537.36 (KHTML, like Gecko) Chrome/141.0.7390.122 Mobile Safari/537.36 (compatible; GoogleOther)"
66.249.72.8 - - [01/Nov/2025:01:52:56 -0700] "GET /?info=19454660 HTTP/1.1" 200 31195 "-" "Mozilla/5.0 (Linux; Android 6.0.1; Nexus 5X Build/MMB29P) AppleWebKit/537.36 (KHTML, like Gecko) Chrome/141.0.7390.122 Mobile Safari/537.36 (compatible; GoogleOther)"
66.249.72.2 - - [01/Nov/2025:01:53:05 -0700] "GET /?info=19161552 HTTP/1.1" 200 31414 "-" "Mozilla/5.0 (Linux; Android 6.0.1; Nexus 5X Build/MMB29P) AppleWebKit/537.36 (KHTML, like Gecko) Chrome/141.0.7390.122 Mobile Safari/537.36 (compatible; GoogleOther)"
66.249.72.8 - - [01/Nov/2025:01:53:14 -0700] "GET /?info=666781812 HTTP/1.1" 200 31312 "-" "Mozilla/5.0 (Linux; Android 6.0.1; Nexus 5X Build/MMB29P) AppleWebKit/537.36 (KHTML, like Gecko) Chrome/141.0.7390.122 Mobile Safari/537.36 (compatible; GoogleOther)"
66.249.72.8 - - [01/Nov/2025:01:53:22 -0700] "GET /?info=701725612 HTTP/1.1" 200 32368 "-" "Mozilla/5.0 (Linux; Android 6.0.1; Nexus 5X Build/MMB29P) AppleWebKit/537.36 (KHTML, like Gecko) Chrome/141.0.7390.122 Mobile Safari/537.36 (compatible; GoogleOther)"
66.249.72.8 - - [01/Nov/2025:01:53:25 -0700] "GET /?info=670976852 HTTP/1.1" 200 28547 "-" "Mozilla/5.0 (Linux; Android 6.0.1; Nexus 5X Build/MMB29P) AppleWebKit/537.36 (KHTML, like Gecko) Chrome/141.0.7390.122 Mobile Safari/537.36 (compatible; GoogleOther)"
